--
-- Host: localhost    Database: ais
-- ------------------------------------------------------


--
-- Table structure for table `adates`
--

CREATE TABLE `adates` (
  `id` bigint(20) unsigned NOT NULL AUTO_INCREMENT,
  `office_id` bigint(20) unsigned DEFAULT NULL,
  `city_id` bigint(20) unsigned DEFAULT NULL,
  `country_id` bigint(20) unsigned DEFAULT NULL,
  `visa_type_id` bigint(20) unsigned DEFAULT NULL,
  `first_available` date DEFAULT NULL,
  `fd_last_parsing` int(11) DEFAULT NULL,
  `fd_last_updated` int(11) DEFAULT NULL,
  `available_dates` text DEFAULT NULL,
  `all_last_parsing` int(11) DEFAULT NULL,
  `all_last_updated` int(11) DEFAULT NULL,
  `all_last_new` int(11) DEFAULT NULL,
  PRIMARY KEY (`id`),
  UNIQUE KEY `adates_office_id_visa_type_id_unique` (`office_id`,`visa_type_id`),
  KEY `adates_city_id_foreign` (`city_id`),
  KEY `adates_country_id_foreign` (`country_id`),
  KEY `adates_visa_type_id_foreign` (`visa_type_id`),
  CONSTRAINT `adates_city_id_foreign` FOREIGN KEY (`city_id`) REFERENCES `cities` (`id`) ON DELETE CASCADE,
  CONSTRAINT `adates_country_id_foreign` FOREIGN KEY (`country_id`) REFERENCES `countries` (`id`) ON DELETE CASCADE,
  CONSTRAINT `adates_office_id_foreign` FOREIGN KEY (`office_id`) REFERENCES `offices` (`id`) ON DELETE CASCADE,
  CONSTRAINT `adates_visa_type_id_foreign` FOREIGN KEY (`visa_type_id`) REFERENCES `visa_types` (`id`) ON DELETE CASCADE
) ENGINE=InnoDB AUTO_INCREMENT=80 DEFAULT CHARSET=utf8mb4 COLLATE=utf8mb4_unicode_ci;

--
-- Dumping data for table `adates`
--

INSERT INTO `adates` VALUES (1,3,3,34,1,NULL,1690679657,1687862620,'[]',1685287857,1687862620,1687862486),(2,4,4,27,1,NULL,1690679658,1687882728,'[]',1684520699,1687882728,1687882242),(3,5,5,27,1,NULL,1690679658,1687811550,'[]',1685144998,1687811550,1687811474),(4,6,6,27,1,NULL,1690679658,1687898811,'[]',1684950474,1687898811,1687898453),(5,7,7,27,1,NULL,1690679658,1687839484,'[]',1684895801,1687839484,1687839067),(6,17,16,1,1,'2024-03-07',1683773069,1683763840,'[\"2024-03-07\",\"2024-04-09\",\"2024-04-12\"]',NULL,1683763840,1683761735),(7,26,24,38,1,'2024-09-17',1690679616,1687925784,'[\"2024-09-17\",\"2024-10-02\",\"2024-10-08\"]',1685288632,1687925784,1687925784),(8,27,25,38,1,'2024-09-17',1690679616,1687926397,'[\"2024-09-17\",\"2024-10-01\",\"2024-10-08\"]',1685288633,1687926397,1687926397),(9,73,58,37,1,'2024-02-20',1690679656,1687902625,'[\"2024-02-20\",\"2024-03-06\"]',1685288858,1687902625,1687902625),(10,74,59,37,1,NULL,1690679656,1681596042,'null',1684149246,1684149246,1681595652),(11,96,80,19,1,'2024-04-19',1690679659,1687925413,'[\"2024-04-19\",\"2024-05-17\"]',1685288981,1687925413,1687925413),(12,97,81,33,1,'2023-11-28',1690679655,1687901973,'[\"2023-11-28\"]',1685288039,1687901973,1687901973),(13,9,9,36,1,NULL,1690679652,1687907820,'[]',NULL,1687907820,1687907753),(14,10,10,36,1,'2023-11-07',1690679652,1687926219,'[\"2023-11-07\",\"2023-11-09\",\"2023-11-13\",\"2023-11-14\"]',1685288442,1687926219,1687926071),(15,91,76,24,1,NULL,1690679637,1687386331,'[]',NULL,1687386331,1687380342),(16,98,82,35,1,'2024-02-08',1690679658,1687903450,'[\"2024-02-08\",\"2024-02-15\"]',NULL,1687903450,1687894520),(17,99,83,35,1,'2024-12-04',1690679658,1687920149,'[\"2024-12-04\",\"2024-12-05\"]',1685280988,1687920149,1687917633),(18,101,85,20,1,'2023-07-24',1690679635,1687869925,'[\"2023-07-24\",\"2023-07-31\",\"2023-12-21\"]',NULL,1687869925,1687869925),(19,2,2,32,1,NULL,1690679637,1687878668,'[]',NULL,1687878668,1687877771),(20,8,8,28,1,'2023-06-30',1690679637,1687925858,'[\"2023-06-30\",\"2023-07-14\",\"2023-07-18\",\"2023-07-19\",\"2023-09-19\"]',NULL,1687925858,1687925858),(21,14,14,9,1,'2025-06-13',1683773086,1683772373,'[\"2025-06-13\",\"2025-06-17\",\"2025-06-27\"]',NULL,1683772373,1683765063),(22,19,17,21,1,NULL,1690679645,1687903791,'[]',1685227178,1687903791,1687899631),(23,20,18,31,1,NULL,1690679639,1686909235,'[]',NULL,1686909235,1686909167),(24,21,19,25,1,NULL,1690679658,1687886995,'[]',NULL,1687886995,1687886166),(25,42,35,13,1,'2024-12-16',1683773125,1683770449,'[\"2024-12-16\"]',NULL,1683770449,1683769558),(26,43,36,13,1,'2025-04-02',1683773126,1683772254,'[\"2025-04-02\",\"2025-04-28\",\"2025-05-12\"]',NULL,1683772254,1683772254),(27,44,37,13,1,'2024-11-19',1683773126,1683772823,'[\"2024-11-19\",\"2024-11-20\",\"2024-11-25\",\"2024-12-02\",\"2024-12-03\"]',NULL,1683772823,1683772823),(28,45,38,13,1,'2024-10-07',1683773126,1683772621,'[\"2024-10-07\",\"2024-10-09\",\"2024-11-06\",\"2024-11-07\"]',NULL,1683772621,1683772621),(29,46,39,13,1,'2025-01-21',1683773126,1683772440,'[\"2025-01-21\"]',NULL,1683772440,1683765333),(30,47,40,13,1,NULL,1683773126,1683772875,'[]',NULL,1683772875,1683772824),(31,48,41,13,1,NULL,1683773101,NULL,NULL,NULL,NULL,NULL),(32,49,42,13,1,'2025-03-03',1683773126,1683767426,'[\"2025-03-03\",\"2025-03-11\"]',NULL,1683767426,1683767163),(33,50,38,13,1,'2024-10-07',1683773126,1683772623,'[\"2024-10-07\",\"2024-10-09\",\"2024-11-06\",\"2024-11-07\"]',NULL,1683772623,1683772623),(34,51,43,13,1,'2024-11-12',1683773126,1683772824,'[\"2024-11-12\",\"2024-11-21\"]',NULL,1683772824,1683772824),(35,94,78,23,1,'2023-07-13',1690679649,1687873263,'[\"2023-07-13\",\"2023-09-05\"]',NULL,1687873263,1687814143),(36,95,79,22,1,'2023-05-15',1683824819,1683720081,'[\"2023-05-15\"]',NULL,1683720081,1683435970),(37,28,26,3,1,'2023-05-12',1683773034,1683631917,'[\"2023-05-12\",\"2023-06-23\",\"2023-07-19\",\"2023-07-20\"]',NULL,1683631917,1683631917),(38,31,29,5,1,'2023-12-20',1685949409,1685949409,'[\"2023-12-20\",\"2024-07-11\",\"2024-07-15\",\"2024-07-18\",\"2024-07-29\",\"2024-07-30\",\"2024-08-01\",\"2024-08-02\",\"2024-08-05\",\"2024-08-06\",\"2024-08-09\",\"2024-08-12\",\"2024-08-13\",\"2024-08-15\",\"2024-08-16\",\"2024-08-19\",\"2024-08-20\",\"2024-08-22\",\"2024-08-23\",\"2024-08-26\",\"2024-08-27\",\"2024-08-29\",\"2024-08-30\",\"2024-09-09\",\"2024-09-10\",\"2024-09-12\",\"2024-09-13\",\"2024-09-16\",\"2024-09-17\",\"2024-09-19\",\"2024-09-20\",\"2024-09-23\",\"2024-09-24\",\"2024-09-26\",\"2024-09-27\",\"2024-09-30\"]',1685285304,1685949409,1685949409),(39,32,30,5,1,'2024-06-13',1685949409,1685949409,'[\"2024-06-13\",\"2024-08-22\",\"2024-08-29\",\"2024-09-17\",\"2024-09-19\",\"2024-09-24\",\"2024-09-26\",\"2024-10-01\",\"2024-10-03\",\"2024-10-08\",\"2024-10-10\",\"2024-10-22\",\"2024-10-29\",\"2024-11-07\",\"2024-11-14\",\"2024-11-19\",\"2024-11-21\",\"2024-12-03\",\"2024-12-05\",\"2024-12-10\",\"2024-12-12\",\"2024-12-17\"]',1685285304,1685949409,1685949409),(40,33,31,5,1,'2024-09-09',1685949410,1685949410,'[\"2024-09-09\",\"2025-01-30\",\"2025-01-31\",\"2025-02-03\",\"2025-02-04\",\"2025-02-06\",\"2025-02-07\",\"2025-02-10\",\"2025-02-11\",\"2025-02-13\",\"2025-02-14\",\"2025-02-18\",\"2025-02-19\",\"2025-02-20\",\"2025-02-21\",\"2025-02-24\",\"2025-02-25\",\"2025-02-27\",\"2025-02-28\"]',1685285304,1685949410,1685949410),(41,34,32,5,1,'2024-05-24',1685949410,1685949410,'[\"2024-05-24\",\"2024-07-25\",\"2024-07-30\",\"2024-08-08\",\"2024-08-12\",\"2024-08-13\",\"2024-08-15\",\"2024-08-16\",\"2024-08-19\",\"2024-08-20\",\"2024-08-22\",\"2024-08-23\",\"2024-08-26\",\"2024-08-27\",\"2024-08-29\",\"2024-08-30\",\"2024-09-03\",\"2024-09-05\",\"2024-09-06\",\"2024-09-09\",\"2024-09-10\",\"2024-09-12\",\"2024-09-13\",\"2024-09-16\",\"2024-09-17\",\"2024-09-19\",\"2024-09-20\",\"2024-09-23\",\"2024-09-24\",\"2024-09-26\",\"2024-09-27\",\"2024-09-30\"]',1685285304,1685949410,1685949410),(42,66,51,7,1,'2025-06-11',1690679635,1685277068,'[\"2025-06-12\",\"2025-06-16\",\"2025-06-23\"]',1685282449,1685282449,1685277068),(43,67,52,7,1,NULL,1690679635,NULL,NULL,NULL,NULL,NULL),(44,68,53,7,1,NULL,1690679635,NULL,NULL,NULL,NULL,NULL),(45,69,54,7,1,'2025-04-22',1690679635,1685223129,'[\"2025-04-22\"]',1685266248,1685266248,1685223129),(46,70,55,7,1,'2023-07-27',1690679635,1685158229,'[\"2023-07-27\"]',1685158229,1685158229,1685158229),(47,71,56,7,1,'2025-02-25',1690679635,1685287857,'[\"2025-02-25\",\"2025-05-02\",\"2025-05-05\",\"2025-05-06\",\"2025-05-08\",\"2025-05-09\",\"2025-05-12\",\"2025-05-13\",\"2025-05-14\",\"2025-05-15\",\"2025-05-16\",\"2025-05-20\",\"2025-05-22\",\"2025-05-23\",\"2025-05-27\",\"2025-05-28\",\"2025-05-29\",\"2025-05-30\",\"2025-06-02\",\"2025-06-03\",\"2025-06-05\",\"2025-06-06\",\"2025-06-09\",\"2025-06-10\",\"2025-06-11\",\"2025-06-12\",\"2025-06-13\",\"2025-06-16\",\"2025-06-17\",\"2025-06-20\",\"2025-06-23\",\"2025-06-24\",\"2025-06-25\",\"2025-06-26\",\"2025-06-27\",\"2025-06-30\"]',1685287857,1685287857,1685287857),(48,72,57,7,1,'2024-10-24',1690679635,1685282449,'[\"2025-01-17\",\"2025-01-21\",\"2025-01-22\",\"2025-01-23\",\"2025-01-24\",\"2025-01-27\",\"2025-01-28\",\"2025-01-29\",\"2025-01-30\",\"2025-01-31\",\"2025-02-03\",\"2025-02-04\",\"2025-02-06\",\"2025-02-07\",\"2025-02-10\",\"2025-02-11\",\"2025-02-12\",\"2025-02-13\",\"2025-02-14\",\"2025-02-18\",\"2025-02-20\",\"2025-02-21\",\"2025-02-24\",\"2025-02-25\",\"2025-02-26\",\"2025-02-27\",\"2025-02-28\",\"2025-03-03\",\"2025-03-04\",\"2025-03-06\",\"2025-03-07\",\"2025-03-10\",\"2025-03-11\",\"2025-03-12\",\"2025-03-13\",\"2025-03-14\",\"2025-03-17\",\"2025-03-18\",\"2025-03-20\",\"2025-03-21\",\"2025-03-24\",\"2025-03-25\",\"2025-03-26\",\"2025-03-27\",\"2025-03-28\"]',1685287857,1685287857,1685282449),(49,85,70,10,1,NULL,1683773051,NULL,NULL,NULL,NULL,NULL),(50,86,71,10,1,NULL,1683773051,NULL,NULL,NULL,NULL,NULL),(51,87,72,14,1,NULL,1683773110,1682737229,'[]',NULL,1682737229,1682736349),(52,89,74,17,1,'2024-09-04',1683773090,1683772891,'[\"2024-09-04\",\"2024-09-18\"]',NULL,1683772891,1683772891),(53,102,33,5,1,'2024-07-11',1685949410,1685949410,'[\"2024-07-11\",\"2024-08-29\",\"2024-10-03\",\"2024-10-07\",\"2024-10-08\",\"2024-10-10\",\"2024-10-11\",\"2024-10-15\",\"2024-10-17\",\"2024-10-18\",\"2024-10-21\",\"2024-10-22\",\"2024-10-24\",\"2024-10-25\",\"2024-10-28\",\"2024-10-29\",\"2024-10-31\",\"2024-11-01\",\"2024-11-04\",\"2024-11-05\",\"2024-11-07\",\"2024-11-08\",\"2024-11-12\",\"2024-11-14\",\"2024-11-18\",\"2024-11-19\",\"2024-11-21\",\"2024-11-22\",\"2024-11-25\",\"2024-11-26\",\"2024-11-29\"]',1685285304,1685949410,1685949410),(54,13,13,30,1,'2023-05-15',1683824845,1683820901,'[\"2023-05-15\",\"2023-06-08\",\"2023-06-23\"]',NULL,1683820901,1683820901),(55,84,69,6,1,NULL,1683773065,1683768833,'[]',NULL,1683768833,1683765964),(56,93,77,26,1,'2024-01-01',1690679625,1686984617,'[\"2024-01-01\"]',NULL,1686984617,1686984617),(57,100,84,18,1,'2023-08-18',1683824886,1683633049,'[\"2023-08-18\"]',NULL,1683633049,1682787319),(58,104,87,29,1,'2023-09-07',1683824818,1683800519,'[\"2023-09-07\"]',NULL,1683800519,1683795330),(59,29,27,2,1,'2023-08-17',1683773010,1683743835,'[\"2023-08-17\"]',NULL,1683743835,1683741353),(60,30,28,12,1,NULL,1683773095,NULL,NULL,NULL,NULL,NULL),(61,75,60,4,1,'2023-05-03',1682752148,1682546748,'[\"2023-05-03\"]',NULL,1682546748,1682422585),(62,76,61,11,1,'2023-08-09',1683773064,1683767944,'[\"2023-08-09\"]',NULL,1683767944,1683766620),(63,77,62,16,1,'2023-08-29',1683773020,1683768785,'[\"2023-08-29\"]',NULL,1683768785,1683767780),(64,88,73,8,1,'2024-10-24',1683773064,1683754469,'[\"2024-10-24\"]',NULL,1683754469,1683721856),(65,90,75,15,1,NULL,1683773057,NULL,NULL,NULL,NULL,NULL),(66,12,12,40,1,'2023-06-26',1683441158,1683435608,'[\"2023-06-26\"]',NULL,1683435608,1683396641),(67,22,20,41,1,'2023-06-26',1683441167,1683330521,'[\"2023-06-26\"]',NULL,1683330521,1683330521),(68,25,23,47,1,NULL,1683441207,NULL,NULL,NULL,NULL,NULL),(69,78,63,49,1,'2023-07-31',1683441226,1683391501,'[\"2023-07-31\",\"2023-08-07\",\"2023-08-21\"]',NULL,1683391501,1683391501),(70,79,64,49,1,'2023-08-28',1683441226,1683368766,'[\"2023-08-28\",\"2023-08-30\"]',NULL,1683368766,1683368766),(71,80,65,49,1,'2023-09-11',1683441226,1683367263,'[\"2023-09-11\",\"2023-09-12\"]',NULL,1683367263,1683355282),(72,82,67,48,1,NULL,1683441210,1682412218,'[]',NULL,1682412218,1682330606),(73,1,1,42,1,'2023-09-21',1683441112,1683414639,'[\"2023-09-21\",\"2023-09-26\",\"2023-09-28\"]',NULL,1683414639,1683404489),(74,11,11,44,1,'2023-09-05',1683440974,1683403185,'[\"2023-09-05\",\"2024-05-20\"]',NULL,1683403185,1683402437),(75,23,21,46,1,NULL,1683440982,NULL,NULL,NULL,NULL,NULL),(76,24,22,43,1,'2024-06-24',1682752156,1682749663,'[\"2024-06-24\",\"2024-07-01\",\"2024-07-15\"]',NULL,1682749663,1682748959),(77,81,66,45,1,'2024-03-11',1683441033,1683441033,'[\"2024-03-11\"]',NULL,1683441033,1683440525),(78,83,68,50,1,'2024-04-09',1683441090,1683440364,'[\"2024-04-09\",\"2024-04-23\",\"2024-06-04\",\"2024-06-25\"]',NULL,1683440364,1683440364),(79,103,86,51,1,'2023-06-21',1683441253,1683440767,'[\"2023-06-21\"]',NULL,1683440767,1683434119);

--
-- Table structure for table `adates_r`
--

CREATE TABLE `adates_r` (
  `id` bigint(20) unsigned NOT NULL AUTO_INCREMENT,
  `office_id` bigint(20) unsigned DEFAULT NULL,
  `city_id` bigint(20) unsigned DEFAULT NULL,
  `country_id` bigint(20) unsigned DEFAULT NULL,
  `visa_type_id` bigint(20) unsigned DEFAULT NULL,
  `first_available` date DEFAULT NULL,
  `fd_last_parsing` int(11) DEFAULT NULL,
  `fd_last_updated` int(11) DEFAULT NULL,
  `available_dates` text DEFAULT NULL,
  `all_last_parsing` int(11) DEFAULT NULL,
  `all_last_updated` int(11) DEFAULT NULL,
  `all_last_new` int(11) DEFAULT NULL,
  PRIMARY KEY (`id`),
  UNIQUE KEY `adates_r_office_id_visa_type_id_unique` (`office_id`,`visa_type_id`),
  KEY `adates_r_city_id_foreign` (`city_id`),
  KEY `adates_r_country_id_foreign` (`country_id`),
  KEY `adates_r_visa_type_id_foreign` (`visa_type_id`),
  CONSTRAINT `adates_r_city_id_foreign` FOREIGN KEY (`city_id`) REFERENCES `cities` (`id`) ON DELETE CASCADE,
  CONSTRAINT `adates_r_country_id_foreign` FOREIGN KEY (`country_id`) REFERENCES `countries` (`id`) ON DELETE CASCADE,
  CONSTRAINT `adates_r_office_id_foreign` FOREIGN KEY (`office_id`) REFERENCES `offices` (`id`) ON DELETE CASCADE,
  CONSTRAINT `adates_r_visa_type_id_foreign` FOREIGN KEY (`visa_type_id`) REFERENCES `visa_types` (`id`) ON DELETE CASCADE
) ENGINE=InnoDB AUTO_INCREMENT=80 DEFAULT CHARSET=utf8mb4 COLLATE=utf8mb4_unicode_ci;

--
-- Dumping data for table `adates_r`
--

INSERT INTO `adates_r` VALUES (1,1,1,42,1,NULL,0,NULL,NULL,NULL,NULL,NULL),(2,2,2,32,1,NULL,0,NULL,NULL,NULL,NULL,NULL),(3,3,3,34,1,NULL,1690679613,NULL,NULL,NULL,NULL,NULL),(4,4,4,27,1,NULL,0,NULL,NULL,NULL,NULL,NULL),(5,5,5,27,1,NULL,0,NULL,NULL,NULL,NULL,NULL),(6,6,6,27,1,NULL,0,NULL,NULL,NULL,NULL,NULL),(7,7,7,27,1,NULL,0,NULL,NULL,NULL,NULL,NULL),(8,8,8,28,1,NULL,0,NULL,NULL,NULL,NULL,NULL),(9,9,9,36,1,NULL,0,NULL,NULL,NULL,NULL,NULL),(10,10,10,36,1,NULL,0,NULL,NULL,NULL,NULL,NULL),(11,11,11,44,1,NULL,0,NULL,NULL,NULL,NULL,NULL),(12,12,12,40,1,NULL,0,NULL,NULL,NULL,NULL,NULL),(13,13,13,30,1,NULL,0,NULL,NULL,NULL,NULL,NULL),(14,14,14,9,1,NULL,0,NULL,NULL,NULL,NULL,NULL),(15,17,16,1,1,NULL,0,NULL,NULL,NULL,NULL,NULL),(16,19,17,21,1,NULL,0,NULL,NULL,NULL,NULL,NULL),(17,20,18,31,1,NULL,0,NULL,NULL,NULL,NULL,NULL),(18,21,19,25,1,NULL,0,NULL,NULL,NULL,NULL,NULL),(19,22,20,41,1,NULL,0,NULL,NULL,NULL,NULL,NULL),(20,23,21,46,1,NULL,0,NULL,NULL,NULL,NULL,NULL),(21,24,22,43,1,NULL,0,NULL,NULL,NULL,NULL,NULL),(22,25,23,47,1,NULL,0,NULL,NULL,NULL,NULL,NULL),(23,26,24,38,1,NULL,0,NULL,NULL,NULL,NULL,NULL),(24,27,25,38,1,NULL,0,NULL,NULL,NULL,NULL,NULL),(25,28,26,3,1,NULL,0,NULL,NULL,NULL,NULL,NULL),(26,29,27,2,1,NULL,0,NULL,NULL,NULL,NULL,NULL),(27,30,28,12,1,NULL,0,NULL,NULL,NULL,NULL,NULL),(28,31,29,5,1,NULL,0,NULL,NULL,NULL,NULL,NULL),(29,32,30,5,1,NULL,0,NULL,NULL,NULL,NULL,NULL),(30,33,31,5,1,NULL,0,NULL,NULL,NULL,NULL,NULL),(31,34,32,5,1,NULL,0,NULL,NULL,NULL,NULL,NULL),(32,42,35,13,1,NULL,0,NULL,NULL,NULL,NULL,NULL),(33,43,36,13,1,NULL,0,NULL,NULL,NULL,NULL,NULL),(34,44,37,13,1,NULL,0,NULL,NULL,NULL,NULL,NULL),(35,45,38,13,1,NULL,0,NULL,NULL,NULL,NULL,NULL),(36,46,39,13,1,NULL,0,NULL,NULL,NULL,NULL,NULL),(37,47,40,13,1,NULL,0,NULL,NULL,NULL,NULL,NULL),(38,48,41,NULL,1,NULL,0,NULL,NULL,NULL,NULL,NULL),(39,49,42,13,1,NULL,0,NULL,NULL,NULL,NULL,NULL),(40,50,38,13,1,NULL,0,NULL,NULL,NULL,NULL,NULL),(41,51,43,13,1,NULL,0,NULL,NULL,NULL,NULL,NULL),(42,66,51,7,1,NULL,1690679659,NULL,NULL,NULL,NULL,NULL),(43,67,52,7,1,NULL,1690679659,NULL,NULL,NULL,NULL,NULL),(44,68,53,7,1,NULL,1690679659,NULL,NULL,NULL,NULL,NULL),(45,69,54,7,1,NULL,1690679659,NULL,NULL,NULL,NULL,NULL),(46,70,55,7,1,NULL,1690679659,NULL,NULL,NULL,NULL,NULL),(47,71,56,7,1,NULL,1690679659,NULL,NULL,NULL,NULL,NULL),(48,72,57,7,1,NULL,1690679659,NULL,NULL,NULL,NULL,NULL),(49,73,58,37,1,NULL,0,NULL,NULL,NULL,NULL,NULL),(50,74,59,37,1,NULL,0,NULL,NULL,NULL,NULL,NULL),(51,75,60,4,1,NULL,0,NULL,NULL,NULL,NULL,NULL),(52,76,61,11,1,NULL,0,NULL,NULL,NULL,NULL,NULL),(53,77,62,16,1,NULL,0,NULL,NULL,NULL,NULL,NULL),(54,78,63,49,1,NULL,0,NULL,NULL,NULL,NULL,NULL),(55,79,64,49,1,NULL,0,NULL,NULL,NULL,NULL,NULL),(56,80,65,49,1,NULL,0,NULL,NULL,NULL,NULL,NULL),(57,81,66,45,1,NULL,0,NULL,NULL,NULL,NULL,NULL),(58,82,67,48,1,NULL,0,NULL,NULL,NULL,NULL,NULL),(59,83,68,50,1,NULL,0,NULL,NULL,NULL,NULL,NULL),(60,84,69,6,1,NULL,0,NULL,NULL,NULL,NULL,NULL),(61,85,70,10,1,NULL,0,NULL,NULL,NULL,NULL,NULL),(62,86,71,10,1,NULL,0,NULL,NULL,NULL,NULL,NULL),(63,87,72,14,1,NULL,0,NULL,NULL,NULL,NULL,NULL),(64,88,73,8,1,NULL,0,NULL,NULL,NULL,NULL,NULL),(65,89,74,17,1,NULL,0,NULL,NULL,NULL,NULL,NULL),(66,90,75,15,1,NULL,0,NULL,NULL,NULL,NULL,NULL),(67,91,76,24,1,NULL,0,NULL,NULL,NULL,NULL,NULL),(68,93,77,26,1,NULL,0,NULL,NULL,NULL,NULL,NULL),(69,94,78,23,1,NULL,0,NULL,NULL,NULL,NULL,NULL),(70,95,79,22,1,NULL,0,NULL,NULL,NULL,NULL,NULL),(71,96,80,19,1,NULL,1690679646,NULL,NULL,NULL,NULL,NULL),(72,97,81,33,1,NULL,0,NULL,NULL,NULL,NULL,NULL),(73,98,82,35,1,NULL,1690679652,NULL,NULL,NULL,NULL,NULL),(74,99,83,35,1,NULL,1690679652,NULL,NULL,NULL,NULL,NULL),(75,100,84,18,1,NULL,0,NULL,NULL,NULL,NULL,NULL),(76,101,85,20,1,NULL,0,NULL,NULL,NULL,NULL,NULL),(77,102,33,5,1,NULL,0,NULL,NULL,NULL,NULL,NULL),(78,103,86,51,1,NULL,0,NULL,NULL,NULL,NULL,NULL),(79,104,87,29,1,NULL,0,NULL,NULL,NULL,NULL,NULL);

--
-- Table structure for table `agents`
--

CREATE TABLE `agents` (
  `id` bigint(20) unsigned NOT NULL AUTO_INCREMENT,
  `user_id` bigint(20) unsigned DEFAULT NULL,
  `name` varchar(191) DEFAULT NULL,
  `website` varchar(191) DEFAULT NULL,
  `comments` text DEFAULT NULL,
  `price_per_client` int(11) NOT NULL DEFAULT 5000,
  `created_at` timestamp NULL DEFAULT NULL,
  `updated_at` timestamp NULL DEFAULT NULL,
  PRIMARY KEY (`id`),
  KEY `agents_user_id_foreign` (`user_id`),
  CONSTRAINT `agents_user_id_foreign` FOREIGN KEY (`user_id`) REFERENCES `users` (`id`) ON DELETE SET NULL
) ENGINE=InnoDB AUTO_INCREMENT=10 DEFAULT CHARSET=utf8mb4 COLLATE=utf8mb4_unicode_ci;

--
-- Dumping data for table `agents`
--

INSERT INTO `agents` VALUES (1,NULL,'Визовик','https://vizaweek.ru/viza-v-ameriku/viza-sha.html','Телеграм - @vizaweekk (Анна)\r\nИнтересовалась шенгеном.\r\n\r\nОбщались 04.05',5000,'2023-05-04 12:45:11','2023-05-04 12:52:16'),(2,NULL,'Евразия Плюс','https://visa-evroplus.ru/viza-v-ssha','Whatsapp - +79834161350 (Вера)\r\n\r\nЦена 5000-7000 пока без точного утверждения.\r\nИнтересовалась шенгеном на Францию.\r\n\r\nОбщались 04.05',5000,'2023-05-04 12:49:13','2023-05-04 13:56:03'),(3,NULL,'EasyVisaINC','https://easyvisainc.ru','Руководитель по клиентам напишет в WhatsUp',5000,'2023-05-06 10:35:07','2023-05-06 10:37:29'),(4,NULL,'Юлия Частник','https://vk.com/destroythisworld','Мало клиентов на США, интересовалась шенгеном во Францию',5000,'2023-05-06 10:37:09','2023-05-06 10:37:09'),(5,NULL,'Без агенства',NULL,'Самостоятельные клиенты которые записываются через нас\r\nТестовые клиенты',13000,'2023-05-06 12:49:12','2023-05-06 12:49:12'),(6,NULL,'Uway','https://visatravel.ru','Телеграм:\r\nобщались 05 и 06 мая\r\n@shipkovdenis1 - СЕО\r\nГоряинова Анастасия, без юзернейма - руководитель отдела сопровождения клиентов компания Uway\r\nТак же с Юджином должен связаться менеджер направления.\r\n\r\nЦена: 5000 - 1ый человек в группе, каждый последующий в той же группе +3000\r\n\r\nОбещают - в среднем 50-70 человек США\r\nПросили визу Д(США) - как начнем работать - сразу нужно будет уточнить, это сможем за несколько дней при необходимости сделать\r\nи Китай, объем 200-300 человек.',5000,'2023-05-06 14:10:52','2023-05-12 10:40:29'),(7,NULL,'Все визы','https://всевизы.москва/america/','Телеграм: \r\n@vsevisy - основной аккаунт\r\n@igor_bot_usa - сотрудник по записи ботом в США\r\n@vsevizy_usa - канал\r\n\r\nобщались 28.05 и 07.05',7000,'2023-05-07 06:28:36','2023-05-07 16:25:18'),(8,NULL,'Ирина','???','Общаемся в WhatsUp, интересовалась Казахстаном',6000,'2023-05-11 09:00:02','2023-05-11 09:00:13'),(9,NULL,'ЛондонВиза','https://londonvisa.ru/','Интересуются CGI и Шенгенами',5000,'2023-05-16 14:05:22','2023-05-16 14:05:22');

--
-- Table structure for table `bookings`
--

CREATE TABLE `bookings` (
  `id` bigint(20) unsigned NOT NULL AUTO_INCREMENT,
  `account_id` bigint(20) unsigned DEFAULT NULL,
  `user_id` bigint(20) unsigned DEFAULT NULL,
  `client_id` bigint(20) unsigned DEFAULT NULL,
  `agent_id` bigint(20) unsigned DEFAULT NULL,
  `visa_type_id` bigint(20) unsigned DEFAULT NULL,
  `country_id` bigint(20) unsigned DEFAULT NULL,
  `city_id` bigint(20) unsigned DEFAULT NULL,
  `ais_name` varchar(191) DEFAULT NULL,
  `is_priority` tinyint(1) NOT NULL DEFAULT 0,
  `group_size` int(11) DEFAULT NULL,
  `total_price` int(11) NOT NULL DEFAULT 5000,
  `reservation_date` datetime DEFAULT NULL,
  `account_name` varchar(191) DEFAULT NULL,
  `user_name` varchar(191) DEFAULT NULL,
  `agent_name` varchar(191) DEFAULT NULL,
  `is_paid` tinyint(1) NOT NULL DEFAULT 0,
  `created_at` timestamp NULL DEFAULT NULL,
  `updated_at` timestamp NULL DEFAULT NULL,
  PRIMARY KEY (`id`),
  KEY `bookings_account_id_foreign` (`account_id`),
  KEY `bookings_user_id_foreign` (`user_id`),
  KEY `bookings_client_id_foreign` (`client_id`),
  KEY `bookings_agent_id_foreign` (`agent_id`),
  KEY `bookings_visa_type_id_foreign` (`visa_type_id`),
  KEY `bookings_country_id_foreign` (`country_id`),
  KEY `bookings_city_id_foreign` (`city_id`),
  CONSTRAINT `bookings_account_id_foreign` FOREIGN KEY (`account_id`) REFERENCES `accounts` (`id`) ON DELETE SET NULL,
  CONSTRAINT `bookings_agent_id_foreign` FOREIGN KEY (`agent_id`) REFERENCES `agents` (`id`) ON DELETE SET NULL,
  CONSTRAINT `bookings_city_id_foreign` FOREIGN KEY (`city_id`) REFERENCES `cities` (`id`) ON DELETE SET NULL,
  CONSTRAINT `bookings_client_id_foreign` FOREIGN KEY (`client_id`) REFERENCES `clients` (`id`) ON DELETE SET NULL,
  CONSTRAINT `bookings_country_id_foreign` FOREIGN KEY (`country_id`) REFERENCES `countries` (`id`) ON DELETE SET NULL,
  CONSTRAINT `bookings_user_id_foreign` FOREIGN KEY (`user_id`) REFERENCES `users` (`id`) ON DELETE SET NULL,
  CONSTRAINT `bookings_visa_type_id_foreign` FOREIGN KEY (`visa_type_id`) REFERENCES `visa_types` (`id`) ON DELETE SET NULL
) ENGINE=InnoDB AUTO_INCREMENT=6 DEFAULT CHARSET=utf8mb4 COLLATE=utf8mb4_unicode_ci;

--
-- Dumping data for table `bookings`
--

INSERT INTO `bookings` VALUES (1,2,NULL,3,3,1,27,7,'Svetlana Vladyshevskaya',0,1,5000,'2023-05-17 08:30:00','Svetlana Vladyshevskaya','Kirill','EasyVisaINC',1,'2023-05-10 13:15:51','2023-05-11 07:05:26'),(2,4,NULL,5,6,1,37,58,'MARINA ZUEVA',0,2,8000,'2023-06-20 09:00:00','MARINA ZUEVA','Kirill','Uway',1,'2023-05-19 02:56:07','2023-05-20 14:08:15'),(3,3,NULL,4,3,1,35,83,'Mikhail Shelesnov',0,2,10000,'2023-07-21 08:45:00','Mikhail Shelesnov','Kirill','EasyVisaINC',1,'2023-05-23 00:00:52','2023-05-23 09:53:07'),(4,9,NULL,10,6,1,37,58,'STANISLAV GRUZDEV',0,1,5000,'2023-06-26 09:15:00','STANISLAV GRUZDEV','Kirill','Uway',1,'2023-05-25 00:24:27','2023-05-25 17:12:04'),(5,8,NULL,9,6,1,33,81,'LUNEV MIKHAIL',0,1,5000,'2023-06-12 08:45:00','LUNEV MIKHAIL','Kirill','Uway',1,'2023-05-25 17:20:35','2023-05-26 11:05:49');

--
-- Table structure for table `cities`
--

CREATE TABLE `cities` (
  `id` bigint(20) unsigned NOT NULL AUTO_INCREMENT,
  `country_id` bigint(20) unsigned DEFAULT NULL,
  `name` varchar(191) DEFAULT NULL,
  `name_ru` varchar(191) DEFAULT NULL,
  `is_notify` tinyint(1) NOT NULL DEFAULT 0,
  `count_clients` int(11) NOT NULL DEFAULT 0,
  `count_active` int(11) NOT NULL DEFAULT 0,
  `count_paused` int(11) NOT NULL DEFAULT 0,
  `count_hidden` int(11) NOT NULL DEFAULT 0,
  `last_parsing` int(11) DEFAULT NULL,
  `last_notify` int(11) DEFAULT NULL,
  `last_parsing_b1b2` int(11) DEFAULT NULL,
  `last_parsing_f1` int(11) DEFAULT NULL,
  PRIMARY KEY (`id`),
  KEY `cities_country_id_foreign` (`country_id`),
  CONSTRAINT `cities_country_id_foreign` FOREIGN KEY (`country_id`) REFERENCES `countries` (`id`) ON DELETE SET NULL
) ENGINE=InnoDB AUTO_INCREMENT=88 DEFAULT CHARSET=utf8mb4 COLLATE=utf8mb4_unicode_ci;

--
-- Dumping data for table `cities`
--

INSERT INTO `cities` VALUES (1,42,'Praia','Прая',0,0,0,0,0,NULL,NULL,NULL,NULL),(2,32,'Lisbon','Лиссабон',0,0,0,0,0,NULL,NULL,NULL,NULL),(3,34,'Madrid','Мадрид',0,0,0,0,0,NULL,NULL,NULL,NULL),(4,27,'Florence','Флоренция',0,1,0,0,0,1683724539,NULL,1683724539,NULL),(5,27,'Milan','Милан',0,1,0,0,0,1683724540,NULL,1683724540,NULL),(6,27,'Naples','Неаполь',0,1,0,0,0,1683724542,NULL,1683724542,NULL),(7,27,'Rome','Рим',0,1,0,0,0,1683724543,NULL,1683724543,NULL),(8,28,'Dublin','Дублин',0,0,0,0,0,NULL,NULL,NULL,NULL),(9,36,'Belfast','Белфаст',0,0,0,0,0,NULL,NULL,NULL,NULL),(10,36,'London','Лондон',0,0,0,0,0,NULL,NULL,NULL,NULL),(11,44,'Addis Ababa','Аддис-Абеба',0,0,0,0,0,NULL,NULL,NULL,NULL),(12,40,'Luanda','Луанда',0,0,0,0,0,NULL,NULL,NULL,NULL),(13,30,'Skopje','Скопье',0,0,0,0,0,NULL,NULL,NULL,NULL),(14,9,'Bogota','Богота',0,0,0,0,0,NULL,NULL,NULL,NULL),(15,NULL,'Medellín','Медельин',0,0,0,0,0,NULL,NULL,NULL,NULL),(16,1,'Buenos Aires','Буэнос-Айрес',0,0,0,0,0,NULL,NULL,NULL,NULL),(17,21,'Brussels','Брюссель',0,0,0,0,0,NULL,NULL,NULL,NULL),(18,31,'Amsterdam','Амстердам',0,0,0,0,0,NULL,NULL,NULL,NULL),(19,25,'Paris','Париж',0,0,0,0,0,NULL,NULL,NULL,NULL),(20,41,'Yaounde','Яунде',0,0,0,0,0,NULL,NULL,NULL,NULL),(21,46,'Kigali','Кигали',0,0,0,0,0,NULL,NULL,NULL,NULL),(22,43,'Kinshasa','Киншаса',0,0,0,0,0,NULL,NULL,NULL,NULL),(23,47,'Dakar','Дакар',0,0,0,0,0,NULL,NULL,NULL,NULL),(24,38,'Abu Dhabi','Абу-Даби',0,0,0,0,0,NULL,NULL,NULL,NULL),(25,38,'Dubai','Дубай',0,0,0,0,0,NULL,NULL,NULL,NULL),(26,3,'Bridgetown','Бриджтаун',0,0,0,0,0,NULL,NULL,NULL,NULL),(27,2,'Nassau','Нассау',0,0,0,0,0,NULL,NULL,NULL,NULL),(28,12,'Kingston','Кингстон',0,0,0,0,0,NULL,NULL,NULL,NULL),(29,5,'Brasilia','Бразилиа',0,0,0,0,0,NULL,NULL,NULL,NULL),(30,5,'Rio de Janeiro','Рио-де-Жанейро',0,0,0,0,0,NULL,NULL,NULL,NULL),(31,5,'Sao Paulo','Сан-Паулу',0,0,0,0,0,NULL,NULL,NULL,NULL),(32,5,'Recife','Ресифи',0,0,0,0,0,NULL,NULL,NULL,NULL),(33,5,'Porto Alegre','Порту-Алегри',0,0,0,0,0,NULL,NULL,NULL,NULL),(34,NULL,'Santa Efigenia','Санта-Ифижения',0,0,0,0,0,NULL,NULL,NULL,NULL),(35,13,'Ciudad Juarez','Сьюдад-Хуарес',0,0,0,0,0,NULL,NULL,NULL,NULL),(36,13,'Guadalajara','Гвадалахара',0,0,0,0,0,NULL,NULL,NULL,NULL),(37,13,'Hermosillo','Эрмосильо',0,0,0,0,0,NULL,NULL,NULL,NULL),(38,13,'Matamoros','Матаморос',0,0,0,0,0,NULL,NULL,NULL,NULL),(39,13,'Merida','Мерида',0,0,0,0,0,NULL,NULL,NULL,NULL),(40,13,'Mexico City','Мехико',0,0,0,0,0,NULL,NULL,NULL,NULL),(41,NULL,'Santa Catarina','Санта-Катарина',0,0,0,0,0,NULL,NULL,NULL,NULL),(42,13,'Nogales','Ногалес',0,0,0,0,0,NULL,NULL,NULL,NULL),(43,13,'Tijuana','Тихуана',0,0,0,0,0,NULL,NULL,NULL,NULL),(44,NULL,'Chihuahua','Чиуауа',0,0,0,0,0,NULL,NULL,NULL,NULL),(45,NULL,'Guadalajara','Гвадалахара',0,0,0,0,0,NULL,NULL,NULL,NULL),(46,NULL,'Hermosillo','Эрмосильо',0,0,0,0,0,NULL,NULL,NULL,NULL),(47,NULL,'Mexicali','Мехикали',0,0,0,0,0,NULL,NULL,NULL,NULL),(48,13,'Monterrey','Монтеррей',0,0,0,0,0,NULL,NULL,NULL,NULL),(49,NULL,'Piedras Negras','Пьедрас-Неграс',0,0,0,0,0,NULL,NULL,NULL,NULL),(50,13,'Nuevo Laredo','Нуэво-Ларедо',0,0,0,0,0,NULL,NULL,NULL,NULL),(51,7,'Calgary','Калгари',0,0,0,0,0,NULL,NULL,NULL,NULL),(52,7,'Halifax','Галифакс',0,0,0,0,0,NULL,NULL,NULL,NULL),(53,7,'Montreal','Монреаль',0,0,0,0,0,NULL,NULL,NULL,NULL),(54,7,'Ottawa','Оттава',0,0,0,0,0,NULL,NULL,NULL,NULL),(55,7,'Quebec City','Квебек',0,0,0,0,0,NULL,NULL,NULL,NULL),(56,7,'Toronto','Торонто',0,0,0,0,0,NULL,NULL,NULL,NULL),(57,7,'Vancouver','Ванкувер',0,0,0,0,0,NULL,NULL,NULL,NULL),(58,37,'Tel Aviv','Тель-Авив',0,2,0,0,0,1684974263,NULL,1684974263,NULL),(59,37,'Jerusalem','Иерусалим',0,0,0,0,0,NULL,NULL,NULL,NULL),(60,4,'Belmopan','Бельмопан',0,0,0,0,0,NULL,NULL,NULL,NULL),(61,11,'Georgetown','Джорджтаун',0,0,0,0,0,NULL,NULL,NULL,NULL),(62,16,'Port of Spain','Порт-оф-Спейн',0,0,0,0,0,NULL,NULL,NULL,NULL),(63,49,'Cape Town','Кейптаун',0,0,0,0,0,NULL,NULL,NULL,NULL),(64,49,'Durban','Дурбан',0,0,0,0,0,NULL,NULL,NULL,NULL),(65,49,'Johannesburg','Йоханнесбург',0,0,0,0,0,NULL,NULL,NULL,NULL),(66,45,'Nairobi','Найроби',0,0,0,0,0,NULL,NULL,NULL,NULL),(67,48,'Dar Es Salaam','Дар-эс-Салам',0,0,0,0,0,NULL,NULL,NULL,NULL),(68,50,'Kampala','Кампала',0,0,0,0,0,NULL,NULL,NULL,NULL),(69,6,'La Paz','Ла-Пас',0,0,0,0,0,NULL,NULL,NULL,NULL),(70,10,'Guayaquil','Гуаякиль',0,0,0,0,0,NULL,NULL,NULL,NULL),(71,10,'Quito','Кито',0,0,0,0,0,NULL,NULL,NULL,NULL),(72,14,'Asunción','Асунсьо́н',0,0,0,0,0,NULL,NULL,NULL,NULL),(73,8,'Santiago','Сантьяго',0,0,0,0,0,NULL,NULL,NULL,NULL),(74,17,'Montevideo','Монтевидео',0,0,0,0,0,NULL,NULL,NULL,NULL),(75,15,'Lima','Лима',0,0,0,0,0,NULL,NULL,NULL,NULL),(76,24,'Embassy in Nicosia','Никосия',0,0,0,0,0,NULL,NULL,NULL,NULL),(77,26,'Athens','Афины',0,0,0,0,0,NULL,NULL,NULL,NULL),(78,23,'Zagreb','Загреб',0,0,0,0,0,NULL,NULL,NULL,NULL),(79,22,'Sarajevo','Сараево',0,0,0,0,0,NULL,NULL,NULL,NULL),(80,19,'Yerevan','Ереван',0,4,4,0,0,1685285077,NULL,1685285077,NULL),(81,33,'Belgrade','Белград',0,4,3,0,0,1685288039,NULL,1685288039,NULL),(82,35,'Ankara','Анкара',0,0,0,0,0,NULL,NULL,NULL,NULL),(83,35,'İstanbul','Стамбул',0,2,1,0,0,1685280982,NULL,1685280982,NULL),(84,18,'Tirana','Тирана',0,0,0,0,0,NULL,NULL,NULL,NULL),(85,20,'Baku','Баку',0,0,0,0,0,NULL,NULL,NULL,NULL),(86,51,'Lusaka','Лусака',0,0,0,0,0,NULL,NULL,NULL,NULL),(87,29,'Pristina','Приштина',0,0,0,0,0,NULL,NULL,NULL,NULL);

--
-- Table structure for table `clients`
--

CREATE TABLE `clients` (
  `id` bigint(20) unsigned NOT NULL AUTO_INCREMENT,
  `agent_id` bigint(20) unsigned DEFAULT NULL,
  `account_id` bigint(20) unsigned DEFAULT NULL,
  `country_id` bigint(20) unsigned DEFAULT NULL,
  `ais_ivr_id` bigint(20) unsigned DEFAULT NULL,
  `visa_type_id` bigint(20) unsigned DEFAULT NULL,
  `ais_client_id` bigint(20) unsigned DEFAULT NULL,
  `status` enum('new','processing','completed','failed','paused') NOT NULL DEFAULT 'new',
  `is_priority` tinyint(1) NOT NULL DEFAULT 0,
  `is_hidden` tinyint(1) NOT NULL DEFAULT 0,
  `is_resident` tinyint(1) NOT NULL DEFAULT 0,
  `is_paid` tinyint(1) NOT NULL DEFAULT 0,
  `group_size` int(11) DEFAULT NULL,
  `ais_status` varchar(191) DEFAULT NULL,
  `ais_name` varchar(191) DEFAULT NULL,
  `comments` text DEFAULT NULL,
  `total_price` int(11) DEFAULT NULL,
  `ais_office_id` bigint(20) unsigned DEFAULT NULL,
  `reservation_date` datetime DEFAULT NULL,
  `appointment_pdf` varchar(191) DEFAULT NULL,
  `appointment_img` varchar(191) DEFAULT NULL,
  `last_parsing` int(11) DEFAULT NULL,
  `last_log` text DEFAULT NULL,
  `time_created` int(11) DEFAULT NULL,
  `time_reservation` int(11) DEFAULT NULL,
  `time_till_reservation` int(11) DEFAULT NULL,
  `days_from_today` int(11) NOT NULL DEFAULT 0,
  `queue_order` int(11) NOT NULL DEFAULT 0,
  `err_login` int(11) NOT NULL DEFAULT 0,
  `is_delay` tinyint(1) NOT NULL DEFAULT 0,
  `created_at` timestamp NULL DEFAULT NULL,
  `updated_at` timestamp NULL DEFAULT NULL,
  PRIMARY KEY (`id`),
  KEY `clients_agent_id_foreign` (`agent_id`),
  KEY `clients_account_id_foreign` (`account_id`),
  KEY `clients_ais_office_id_foreign` (`ais_office_id`),
  KEY `clients_country_id_foreign` (`country_id`),
  KEY `clients_visa_type_id_foreign` (`visa_type_id`),
  CONSTRAINT `clients_account_id_foreign` FOREIGN KEY (`account_id`) REFERENCES `accounts` (`id`) ON DELETE SET NULL,
  CONSTRAINT `clients_agent_id_foreign` FOREIGN KEY (`agent_id`) REFERENCES `agents` (`id`) ON DELETE SET NULL,
  CONSTRAINT `clients_ais_office_id_foreign` FOREIGN KEY (`ais_office_id`) REFERENCES `offices` (`ais_office_id`) ON DELETE SET NULL,
  CONSTRAINT `clients_country_id_foreign` FOREIGN KEY (`country_id`) REFERENCES `countries` (`id`) ON DELETE SET NULL,
  CONSTRAINT `clients_visa_type_id_foreign` FOREIGN KEY (`visa_type_id`) REFERENCES `visa_types` (`id`) ON DELETE CASCADE
) ENGINE=InnoDB DEFAULT CHARSET=utf8mb4 COLLATE=utf8mb4_unicode_ci;

--
-- Dumping data for table `clients`
--


--
-- Table structure for table `clients_dates`
--

CREATE TABLE `clients_dates` (
  `id` bigint(20) unsigned NOT NULL AUTO_INCREMENT,
  `client_id` bigint(20) unsigned DEFAULT NULL,
  `date_from` date DEFAULT NULL,
  `date_to` date DEFAULT NULL,
  PRIMARY KEY (`id`),
  KEY `clients_dates_client_id_foreign` (`client_id`),
  CONSTRAINT `clients_dates_client_id_foreign` FOREIGN KEY (`client_id`) REFERENCES `clients` (`id`) ON DELETE CASCADE
) ENGINE=InnoDB AUTO_INCREMENT=44 DEFAULT CHARSET=utf8mb4 COLLATE=utf8mb4_unicode_ci;

--
-- Dumping data for table `clients_dates`
--

INSERT INTO `clients_dates` VALUES (24,3,'2023-05-08','2023-05-17'),(26,6,'2023-07-05','2023-08-31'),(29,7,'2023-06-19','2023-06-20'),(30,7,'2023-07-03','2023-07-03'),(32,5,'2023-06-19','2023-07-31'),(33,4,'2023-07-20','2023-10-30'),(34,8,'2023-06-26','2023-07-18'),(37,11,'2023-05-29','2023-06-09'),(38,12,'2023-06-12','2023-06-30'),(39,13,'2023-06-12','2023-06-30'),(40,14,'2023-05-25','2023-12-22'),(41,15,'2023-07-03','2023-07-24'),(42,10,'2023-05-31','2023-07-05'),(43,9,'2023-06-05','2023-06-30');

--
-- Table structure for table `clients_to_cities`
--

CREATE TABLE `clients_to_cities` (
  `client_id` bigint(20) unsigned DEFAULT NULL,
  `city_id` bigint(20) unsigned DEFAULT NULL,
  UNIQUE KEY `clients_to_cities_client_id_city_id_unique` (`client_id`,`city_id`),
  KEY `clients_to_cities_city_id_foreign` (`city_id`),
  CONSTRAINT `clients_to_cities_city_id_foreign` FOREIGN KEY (`city_id`) REFERENCES `cities` (`id`) ON DELETE CASCADE,
  CONSTRAINT `clients_to_cities_client_id_foreign` FOREIGN KEY (`client_id`) REFERENCES `clients` (`id`) ON DELETE CASCADE
) ENGINE=InnoDB DEFAULT CHARSET=utf8mb4 COLLATE=utf8mb4_unicode_ci;

--
-- Dumping data for table `clients_to_cities`
--

INSERT INTO `clients_to_cities` VALUES (3,4),(3,5),(3,6),(3,7),(4,83),(5,58),(6,80),(7,81),(8,83),(9,81),(10,58),(11,80),(12,81),(13,81),(14,80),(15,80);

--
-- Table structure for table `countries`
--

CREATE TABLE `countries` (
  `id` bigint(20) unsigned NOT NULL AUTO_INCREMENT,
  `region` varchar(191) DEFAULT NULL,
  `code` char(2) DEFAULT NULL,
  `name` varchar(191) DEFAULT NULL,
  `name_ru` varchar(191) DEFAULT NULL,
  `flag` varchar(191) DEFAULT NULL,
  `is_bio` tinyint(1) NOT NULL DEFAULT 0,
  `is_notify` tinyint(1) DEFAULT 0,
  `is_parsing_fd` tinyint(1) DEFAULT 1,
  `count_fake` int(11) NOT NULL DEFAULT 0,
  `count_real` int(11) NOT NULL DEFAULT 0,
  `count_fake_r` int(11) NOT NULL DEFAULT 0,
  `count_real_r` int(11) NOT NULL DEFAULT 0,
  `comments` text DEFAULT NULL,
  PRIMARY KEY (`id`),
  UNIQUE KEY `countries_code_unique` (`code`),
  KEY `countries_region_index` (`region`)
) ENGINE=InnoDB AUTO_INCREMENT=52 DEFAULT CHARSET=utf8mb4 COLLATE=utf8mb4_unicode_ci;

--
-- Dumping data for table `countries`
--

INSERT INTO `countries` VALUES (1,'America','ar','Argentina','Аргентина','🇦🇷',0,0,0,260,0,0,0,NULL),(2,'America','bs','Bahamas','Багамы','🇧🇸',0,0,0,81,0,0,0,NULL),(3,'America','bb','Barbados','Барбадос','🇧🇧',0,0,0,82,0,0,0,NULL),(4,'America','bz','Belize','Белиз','🇧🇿',0,0,0,80,0,0,0,NULL),(5,'America','br','Brazil','Бразилия','🇧🇷',1,0,0,281,0,0,0,NULL),(6,'America','bo','Bolivia','Боливия','🇧🇴',0,0,0,80,0,0,0,NULL),(7,'America','ca','Canada','Канада','🇨🇦',0,0,0,2078,0,2094,1,NULL),(8,'America','cl','Chile','Чили','🇨🇱',0,0,0,150,0,0,0,NULL),(9,'America','co','Colombia','Колумбия','🇨🇴',1,0,0,242,0,0,0,NULL),(10,'America','ec','Ecuador','Эквадор','🇪🇨',0,0,0,83,0,0,0,NULL),(11,'America','gy','Guyana','Гайана','🇬🇾',0,0,0,39,0,0,0,NULL),(12,'America','jm','Jamaica','Ямайка','🇯🇲',0,0,0,80,0,0,0,NULL),(13,'America','mx','Mexico','Мексика','🇲🇽',1,0,0,308,0,0,0,NULL),(14,'America','py','Paraguay','Парагвай','🇵🇾',0,0,0,108,0,0,0,NULL),(15,'America','pe','Peru','Перу','🇵🇪',0,0,0,96,0,0,0,NULL),(16,'America','tt','Trinidad and Tobago','Тринидад и Тобаго','🇹🇹',0,0,0,20,0,0,0,NULL),(17,'America','uy','Uruguay','Уругвай','🇺🇾',0,0,0,80,0,0,0,NULL),(18,'Europe','al','Albania','Албания','🇦🇱',0,0,0,82,0,0,0,NULL),(19,'Europe','am','Armenia','Армения','🇦🇲',0,1,1,4624,9,1070,0,NULL),(20,'Europe','az','Azerbaijan','Азербайджан','🇦🇿',0,0,0,1294,0,0,0,NULL),(21,'Europe','be','Belgium','Бельгия','🇧🇪',0,0,0,548,0,0,0,NULL),(22,'Europe','ba','Bosnia and Herzegovina','Босния и Герцеговина','🇧🇦',0,0,0,80,0,0,0,NULL),(23,'Europe','hr','Croatia','Хорватия','🇭🇷',0,0,0,1634,0,0,0,NULL),(24,'Europe','cy','Cyprus','Кипр','🇨🇾',0,0,0,180,0,0,0,'дети нужны \r\ninfonicosia@state.gov'),(25,'Europe','fr','France','Франция','🇫🇷',0,0,0,1489,2,0,0,'Дети до 14 не нужны\r\nPARISVISAINQUIRY@state.gov'),(26,'Europe','gr','Greece','Греция','🇬🇷',0,0,0,177,0,0,0,NULL),(27,'Europe','it','Italy','Италия','🇮🇹',0,0,0,1708,1,0,0,'Рим - RomeVisa@state.gov\r\nМилан - usvisamilan@state.gov\r\nНеаполь - NIVNaples@state.gov - дети нужны\r\nФлоренция - VisaFlorence@state.gov\r\nПереводчик по запросу'),(28,'Europe','ie','Ireland','Ирландия','🇮🇪',0,0,0,180,0,0,0,NULL),(29,'Europe','kv','Kosovo','Косово','🇽🇰',0,0,0,81,0,0,0,NULL),(30,'Europe','mk','North Macedonia','Македония','🇲🇰',0,0,0,80,0,0,0,NULL),(31,'Europe','nl','Netherlands','Нидерланды','🇳🇱',0,0,0,179,0,0,0,NULL),(32,'Europe','pt','Portugal','Португалия','🇵🇹',0,0,0,180,0,0,0,'ТЕСТ'),(33,'Europe','rs','Serbia','Сербия','🇷🇸',0,0,0,2266,3,0,0,NULL),(34,'Europe','es','Spain and Andorra','Испания','🇪🇸',0,0,0,5164,5,876,0,NULL),(35,'Europe','tr','Turkiye','Турция','🇹🇷',0,0,0,1884,1,567,1,'Без переводчика\r\nesee_contactus+tr+info+en@visaops.net'),(36,'Europe','gb','United Kingdom','Великобритания','🇬🇧',0,0,0,764,0,0,0,NULL),(37,'Middle East','il','Israel','Израиль','🇮🇱',0,0,0,2257,1,0,0,'set-up - Russia, no residence'),(38,'Middle East','ae','United Arab Emirates','ОАЭ','🇦🇪',0,1,1,2295,0,0,0,NULL),(39,'Middle East','ir','Iran','Иран','🇮🇷',0,0,0,0,0,0,0,NULL),(40,'Africa','ao','Angola','Ангола','🇦🇴',0,0,0,80,0,0,0,NULL),(41,'Africa','cm','Cameroon','Камерун','🇨🇲',0,0,0,80,0,0,0,NULL),(42,'Africa','cv','Cabo Verde','Кабо Верде','🇨🇻',0,0,0,80,0,0,0,NULL),(43,'Africa','cd','Democratic Republic of the Congo','Конго','🇨🇬',0,0,0,35,0,0,0,NULL),(44,'Africa','et','Ethiopia','Эфиопия','🇪🇹',0,0,0,20,0,0,0,NULL),(45,'Africa','ke','Kenya','Кения','🇰🇪',0,0,0,20,0,0,0,NULL),(46,'Africa','rw','Rwanda','Руанда','🇷🇼',0,0,0,20,0,0,0,NULL),(47,'Africa','sn','Senegal','Сенегал','🇸🇳',0,0,0,80,0,0,0,NULL),(48,'Africa','tz','Tanzania','Танзания','🇹🇿',0,0,0,20,0,0,0,NULL),(49,'Africa','za','South Africa','Южная Африка','🇿🇦',0,0,0,80,0,0,0,NULL),(50,'Africa','ug','Uganda','Уганда','🇺🇬',0,0,0,20,0,0,0,NULL),(51,'Africa','zm','Zambia','Замбия','🇿🇲',0,0,0,20,0,0,0,NULL);

--
-- Table structure for table `dates_history`
--

CREATE TABLE `dates_history` (
  `id` bigint(20) unsigned NOT NULL AUTO_INCREMENT,
  `history_date` date DEFAULT NULL,
  `city_id` bigint(20) unsigned DEFAULT NULL,
  `country_id` bigint(20) unsigned DEFAULT NULL,
  `visa_type_id` bigint(20) unsigned DEFAULT NULL,
  `is_resident` tinyint(1) NOT NULL DEFAULT 0,
  `group_size` int(11) NOT NULL DEFAULT 1,
  `first_available` date DEFAULT NULL,
  PRIMARY KEY (`id`),
  UNIQUE KEY `date_key` (`history_date`,`city_id`,`visa_type_id`,`is_resident`,`group_size`),
  KEY `dates_history_city_id_foreign` (`city_id`),
  KEY `dates_history_country_id_foreign` (`country_id`),
  KEY `dates_history_visa_type_id_foreign` (`visa_type_id`),
  CONSTRAINT `dates_history_city_id_foreign` FOREIGN KEY (`city_id`) REFERENCES `cities` (`id`) ON DELETE CASCADE,
  CONSTRAINT `dates_history_country_id_foreign` FOREIGN KEY (`country_id`) REFERENCES `countries` (`id`) ON DELETE CASCADE,
  CONSTRAINT `dates_history_visa_type_id_foreign` FOREIGN KEY (`visa_type_id`) REFERENCES `visa_types` (`id`) ON DELETE CASCADE
) ENGINE=InnoDB AUTO_INCREMENT=4659 DEFAULT CHARSET=utf8mb4 COLLATE=utf8mb4_unicode_ci;

--
-- Dumping data for table `dates_history`
--

INSERT INTO `dates_history` VALUES (1,'2023-09-17',24,38,1,1,2,'2024-01-29'),(2,'2023-09-17',83,35,1,1,2,'2024-11-26'),(3,'2023-09-17',25,38,1,1,2,'2024-06-25'),(4,'2023-09-17',78,23,1,0,3,'2023-10-31'),(5,'2023-09-17',58,37,1,0,1,'2024-01-16'),(6,'2023-09-17',80,19,1,1,2,'2024-04-26'),(7,'2023-09-17',10,36,1,0,1,'2024-02-01'),(8,'2023-09-17',5,27,1,0,2,'2024-05-14'),(9,'2023-09-17',51,7,1,0,1,'2024-05-13'),(10,'2023-09-17',54,7,1,0,1,'2024-10-07'),(11,'2023-09-17',56,7,1,0,1,'2024-05-29'),(12,'2023-09-17',57,7,1,0,1,'2024-02-26'),(13,'2023-09-17',80,19,1,1,3,'2024-04-26'),(14,'2023-09-17',8,28,1,0,1,'2023-10-03'),(15,'2023-09-17',80,19,1,0,1,'2024-08-16'),(16,'2023-09-17',82,35,1,0,1,'2024-04-15'),(17,'2023-09-17',83,35,1,0,1,'2024-07-16'),(18,'2023-09-17',77,26,1,0,1,'2024-06-03'),(19,'2023-09-17',85,20,1,0,1,'2023-09-22'),(20,'2023-09-17',24,38,1,0,1,'2024-01-24'),(21,'2023-09-17',25,38,1,0,1,'2024-02-22'),(22,'2023-09-17',56,7,1,1,2,'2025-10-28'),(23,'2023-09-17',57,7,1,1,2,'2024-07-10'),(24,'2023-09-17',5,27,1,0,1,'2024-05-14'),(25,'2023-09-17',82,35,1,0,2,'2024-04-18'),(26,'2023-09-17',83,35,1,0,2,'2024-07-23'),(27,'2023-09-17',80,19,1,1,1,'2024-04-10'),(28,'2023-09-17',81,33,1,0,1,'2023-09-25'),(29,'2023-09-17',24,38,1,0,2,'2024-12-09'),(30,'2023-09-17',25,38,1,0,2,'2025-02-19'),(31,'2023-09-17',80,19,1,0,3,'2024-08-16'),(32,'2023-09-17',51,7,1,1,1,'2023-09-28'),(33,'2023-09-17',54,7,1,1,1,'2024-10-07'),(34,'2023-09-17',56,7,1,1,1,'2024-05-29'),(35,'2023-09-17',57,7,1,1,1,'2024-02-26'),(36,'2023-09-17',80,19,1,0,2,'2024-08-16'),(37,'2023-09-17',82,35,1,1,2,'2024-08-27'),(38,'2023-09-17',58,37,1,0,2,'2024-01-16'),(39,'2023-09-17',54,7,1,1,2,'2025-04-11'),(40,'2023-09-18',56,7,1,1,1,'2024-08-05'),(41,'2023-09-18',57,7,1,1,1,'2024-02-06'),(42,'2023-09-18',56,7,1,1,2,'2025-03-20'),(43,'2023-09-18',57,7,1,1,2,'2024-02-23'),(44,'2023-09-18',80,19,1,1,1,'2023-09-27'),(45,'2023-09-18',81,33,1,0,1,'2023-09-20'),(46,'2023-09-18',58,37,1,0,2,'2024-05-02'),(47,'2023-09-18',24,38,1,0,1,'2023-10-03'),(48,'2023-09-18',25,38,1,0,1,'2024-04-23'),(49,'2023-09-18',80,19,1,0,1,'2024-08-09'),(50,'2023-09-18',80,19,1,0,2,'2024-08-16'),(51,'2023-09-18',78,23,1,0,3,'2023-10-31'),(52,'2023-09-18',24,38,1,0,2,'2024-03-04'),(53,'2023-09-18',25,38,1,0,2,'2024-04-23'),(54,'2023-09-18',5,27,1,0,1,'2023-12-04'),(55,'2023-09-18',83,35,1,1,2,'2023-09-21'),(56,'2023-09-18',82,35,1,0,2,'2024-04-18'),(57,'2023-09-18',83,35,1,0,2,'2024-07-23'),(58,'2023-09-18',24,38,1,1,2,'2023-09-26'),(59,'2023-09-18',25,38,1,1,2,'2023-10-25'),(60,'2023-09-18',58,37,1,0,1,'2024-03-14'),(61,'2023-09-18',80,19,1,0,3,'2024-08-16'),(62,'2023-09-18',5,27,1,0,2,'2024-05-15'),(63,'2023-09-18',80,19,1,1,2,'2023-09-30'),(64,'2023-09-18',10,36,1,0,1,'2023-10-12'),(65,'2023-09-18',82,35,1,0,1,'2024-04-18'),(66,'2023-09-18',83,35,1,0,1,'2024-07-16'),(67,'2023-09-18',85,20,1,0,1,'2023-09-22'),(68,'2023-09-18',80,19,1,1,3,'2023-09-30'),(69,'2023-09-18',77,26,1,0,1,'2024-06-03'),(70,'2023-09-18',8,28,1,0,1,'2023-09-19'),(71,'2023-09-18',56,7,1,0,1,'2024-08-05'),(72,'2023-09-18',57,7,1,0,1,'2024-01-22'),(73,'2023-09-18',51,7,1,1,1,'2024-04-02'),(74,'2023-09-18',51,7,1,0,1,'2023-12-21'),(75,'2023-09-18',54,7,1,1,1,'2024-11-08'),(76,'2023-09-18',54,7,1,0,1,'2024-11-08'),(77,'2023-09-18',51,7,1,1,2,'2024-10-09'),(78,'2023-09-18',9,36,1,0,1,'2023-09-19'),(79,'2023-09-18',2,32,1,0,1,'2023-09-26'),(80,'2023-09-18',54,7,1,1,2,'2025-06-02'),(81,'2023-09-18',3,34,1,0,1,'2025-02-13'),(82,'2023-09-18',3,34,1,0,2,'2025-04-07'),(83,'2023-09-18',3,34,3,0,1,'2025-02-13'),(84,'2023-09-18',7,27,1,0,1,'2023-09-20'),(85,'2023-09-18',82,35,1,1,2,'2023-09-21'),(86,'2023-09-18',19,25,1,0,1,'2023-11-30'),(87,'2023-09-18',18,31,1,0,1,'2023-09-20'),(88,'2023-09-19',10,36,1,0,1,'2023-12-11'),(89,'2023-09-19',19,25,1,0,1,'2023-09-21'),(90,'2023-09-19',58,37,1,0,2,'2024-05-02'),(91,'2023-09-19',24,38,1,0,2,'2024-08-13'),(92,'2023-09-19',25,38,1,0,2,'2023-10-04'),(93,'2023-09-19',82,35,1,1,2,'2023-09-29'),(94,'2023-09-19',83,35,1,1,2,'2023-09-25'),(95,'2023-09-19',80,19,1,1,1,'2023-09-27'),(96,'2023-09-19',5,27,1,0,2,'2024-05-28'),(97,'2023-09-19',51,7,1,1,1,'2024-05-29'),(98,'2023-09-19',54,7,1,1,1,'2023-10-17'),(99,'2023-09-19',85,20,1,0,1,'2023-09-26'),(100,'2023-09-19',56,7,1,1,1,'2024-03-28'),(101,'2023-09-19',57,7,1,1,1,'2023-12-22'),(102,'2023-09-19',80,19,1,0,2,'2024-08-16'),(103,'2023-09-19',24,38,1,0,1,'2023-09-26'),(104,'2023-09-19',25,38,1,0,1,'2023-10-04'),(105,'2023-09-19',3,34,1,0,1,'2023-09-28'),(106,'2023-09-19',80,19,1,0,1,'2024-08-16'),(107,'2023-09-19',80,19,1,0,3,'2024-08-16'),(108,'2023-09-19',82,35,1,0,1,'2024-04-26'),(109,'2023-09-19',83,35,1,0,1,'2023-09-22'),(110,'2023-09-19',80,19,1,1,2,'2024-05-03'),(111,'2023-09-19',51,7,1,1,2,'2024-10-09'),(112,'2023-09-19',54,7,1,1,2,'2024-10-07'),(113,'2023-09-19',56,7,1,1,2,'2025-03-07'),(114,'2023-09-19',57,7,1,1,2,'2023-12-22'),(115,'2023-09-19',5,27,1,0,1,'2023-09-20'),(116,'2023-09-19',77,26,1,0,1,'2024-06-03'),(117,'2023-09-19',78,23,1,0,3,'2023-10-31'),(118,'2023-09-19',58,37,1,0,1,'2023-09-20'),(119,'2023-09-19',81,33,1,0,1,'2023-09-20'),(120,'2023-09-19',24,38,1,1,2,'2023-09-25'),(121,'2023-09-19',25,38,1,1,2,'2023-10-31'),(122,'2023-09-19',82,35,1,0,2,'2024-04-26'),(123,'2023-09-19',83,35,1,0,2,'2023-09-22'),(124,'2023-09-19',3,34,1,0,2,'2023-09-28'),(125,'2023-09-19',3,34,3,0,1,'2023-09-28'),(126,'2023-09-19',51,7,1,0,1,'2023-10-19'),(127,'2023-09-19',54,7,1,0,1,'2023-10-13'),(128,'2023-09-19',56,7,1,0,1,'2023-09-25'),(129,'2023-09-19',57,7,1,0,1,'2023-12-22'),(130,'2023-09-19',8,28,1,0,1,'2023-10-02'),(131,'2023-09-19',80,19,1,1,3,'2024-05-03'),(132,'2023-09-19',9,36,1,0,1,'2023-09-20'),(133,'2023-09-19',7,27,1,0,1,'2023-09-27'),(134,'2023-09-19',2,32,1,0,1,'2023-09-20'),(135,'2023-09-19',6,27,1,0,1,'2023-12-18'),(136,'2023-09-19',58,37,1,1,1,'2023-09-26'),(137,'2023-09-19',59,37,1,1,1,'2023-11-09'),(138,'2023-09-19',17,21,1,0,1,'2023-09-25'),(139,'2023-09-19',3,34,1,1,1,'2023-09-21'),(140,'2023-09-19',52,7,1,0,1,'2023-10-10'),(141,'2023-09-19',52,7,1,1,2,'2023-10-10'),(142,'2023-09-19',52,7,1,1,1,'2023-10-10'),(143,'2023-09-19',78,23,1,0,1,'2023-09-28'),(144,'2023-09-19',58,37,1,1,2,'2023-11-15'),(145,'2023-09-19',59,37,1,1,2,'2023-11-09'),(146,'2023-09-19',3,34,1,1,3,'2024-10-21'),(147,'2023-09-19',24,38,1,0,4,'2024-12-12'),(148,'2023-09-19',25,38,1,0,4,'2025-03-04'),(149,'2023-09-19',5,27,1,0,3,'2024-05-29'),(150,'2023-09-19',10,36,1,1,1,'2023-12-11'),(151,'2023-09-19',24,38,1,0,3,'2024-12-12'),(152,'2023-09-19',25,38,1,0,3,'2025-03-03'),(153,'2023-09-19',58,37,1,1,3,'2023-11-15'),(154,'2023-09-19',59,37,1,1,3,'2024-03-18'),(155,'2023-09-19',5,27,1,1,1,'2023-11-29'),(156,'2023-09-19',7,27,1,1,1,'2023-09-25'),(157,'2023-09-19',80,19,1,1,4,'2024-05-08'),(158,'2023-09-19',3,34,1,1,2,'2023-11-22'),(159,'2023-09-19',9,36,1,1,1,'2023-10-16'),(160,'2023-09-19',5,27,1,0,5,'2024-05-29'),(161,'2023-09-19',10,36,1,0,3,'2024-02-07'),(162,'2023-09-19',17,21,3,0,1,'2023-11-06'),(163,'2023-09-19',19,25,3,0,1,'2023-11-02'),(164,'2023-09-20',82,35,1,0,1,'2023-10-02'),(165,'2023-09-20',83,35,1,0,1,'2023-09-22'),(166,'2023-09-20',85,20,1,0,1,'2023-09-22'),(167,'2023-09-20',5,27,1,0,2,'2024-05-29'),(168,'2023-09-20',81,33,1,0,1,'2023-09-21'),(169,'2023-09-20',10,36,1,0,1,'2023-09-22'),(170,'2023-09-20',24,38,1,0,1,'2023-10-03'),(171,'2023-09-20',25,38,1,0,1,'2023-09-22'),(172,'2023-09-20',82,35,1,1,2,'2024-06-28'),(173,'2023-09-20',83,35,1,1,2,'2023-11-03'),(174,'2023-09-20',3,34,3,0,1,'2023-09-22'),(175,'2023-09-20',58,37,1,0,1,'2023-09-27'),(176,'2023-09-20',80,19,1,1,3,'2024-05-03'),(177,'2023-09-20',3,34,1,0,1,'2023-09-22'),(178,'2023-09-20',82,35,1,0,2,'2024-04-26'),(179,'2023-09-20',83,35,1,0,2,'2023-09-22'),(180,'2023-09-20',24,38,1,0,2,'2024-11-05'),(181,'2023-09-20',25,38,1,0,2,'2024-05-28'),(182,'2023-09-20',80,19,1,1,1,'2023-09-30'),(183,'2023-09-20',51,7,1,1,1,'2023-12-18'),(184,'2023-09-20',54,7,1,1,1,'2023-10-03'),(185,'2023-09-20',56,7,1,1,1,'2023-09-25'),(186,'2023-09-20',57,7,1,1,1,'2023-09-22'),(187,'2023-09-20',80,19,1,1,2,'2024-02-09'),(188,'2023-09-20',3,34,1,0,2,'2025-02-27'),(189,'2023-09-20',80,19,1,0,3,'2024-08-16'),(190,'2023-09-20',5,27,1,0,1,'2023-12-19'),(191,'2023-09-20',51,7,1,0,1,'2023-12-18'),(192,'2023-09-20',54,7,1,0,1,'2023-10-03'),(193,'2023-09-20',56,7,1,0,1,'2023-09-26'),(194,'2023-09-20',57,7,1,0,1,'2023-09-22'),(195,'2023-09-20',58,37,1,0,2,'2023-10-25'),(196,'2023-09-20',51,7,1,1,2,'2025-11-07'),(197,'2023-09-20',54,7,1,1,2,'2025-02-21'),(198,'2023-09-20',56,7,1,1,2,'2025-07-03'),(199,'2023-09-20',57,7,1,1,2,'2024-01-30'),(200,'2023-09-20',80,19,1,0,1,'2024-07-26'),(201,'2023-09-20',78,23,1,0,3,'2023-10-31'),(202,'2023-09-20',24,38,1,0,3,'2024-11-05'),(203,'2023-09-20',25,38,1,0,3,'2024-05-28'),(204,'2023-09-20',24,38,1,0,4,'2024-11-13'),(205,'2023-09-20',25,38,1,0,4,'2024-05-28'),(206,'2023-09-20',8,28,1,0,1,'2023-09-25'),(207,'2023-09-20',77,26,1,0,1,'2024-06-03'),(208,'2023-09-20',24,38,1,1,2,'2023-09-27'),(209,'2023-09-20',25,38,1,1,2,'2024-05-28'),(210,'2023-09-20',80,19,1,0,2,'2024-07-26'),(211,'2023-09-20',5,27,1,1,1,'2023-09-27'),(212,'2023-09-20',7,27,1,1,1,'2023-09-22'),(213,'2023-09-20',10,36,1,1,1,'2023-09-22'),(214,'2023-09-20',3,34,1,1,1,'2023-09-21'),(215,'2023-09-20',58,37,1,1,1,'2023-09-22'),(216,'2023-09-20',59,37,1,1,1,'2023-12-12'),(217,'2023-09-20',58,37,1,1,3,'2023-11-29'),(218,'2023-09-20',59,37,1,1,3,'2024-03-07'),(219,'2023-09-20',58,37,1,1,2,'2023-11-09'),(220,'2023-09-20',59,37,1,1,2,'2023-12-26'),(221,'2023-09-20',10,36,1,0,3,'2023-12-04'),(222,'2023-09-20',52,7,1,0,1,'2023-10-12'),(223,'2023-09-20',19,25,1,0,1,'2024-03-21'),(224,'2023-09-20',19,25,3,0,1,'2024-03-21'),(225,'2023-09-20',5,27,1,0,5,'2024-06-04'),(226,'2023-09-20',4,27,1,1,1,'2023-09-27'),(227,'2023-09-20',17,21,1,0,1,'2023-09-21'),(228,'2023-09-20',3,34,1,1,3,'2023-09-25'),(229,'2023-09-20',17,21,3,0,1,'2023-09-21'),(230,'2023-09-20',9,36,1,1,1,'2023-09-26'),(231,'2023-09-20',9,36,1,0,1,'2023-09-26'),(232,'2023-09-20',19,25,1,0,2,'2024-04-04'),(233,'2023-09-20',3,34,1,1,2,'2023-09-22'),(234,'2023-09-20',5,27,1,0,3,'2024-06-04'),(235,'2023-09-20',55,7,1,1,1,'2023-10-10'),(236,'2023-09-20',55,7,1,1,2,'2023-10-10'),(237,'2023-09-20',55,7,1,0,1,'2023-10-10'),(238,'2023-09-20',80,19,1,1,4,'2024-05-03'),(239,'2023-09-21',19,25,1,0,1,'2023-10-26'),(240,'2023-09-21',51,7,1,1,2,'2024-07-15'),(241,'2023-09-21',54,7,1,1,2,'2023-09-26'),(242,'2023-09-21',56,7,1,1,2,'2023-11-27'),(243,'2023-09-21',57,7,1,1,2,'2023-10-24'),(244,'2023-09-21',81,33,1,0,1,'2023-10-02'),(245,'2023-09-21',10,36,1,0,1,'2023-09-22'),(246,'2023-09-21',5,27,1,0,1,'2023-09-27'),(247,'2023-09-21',24,38,1,0,2,'2024-11-06'),(248,'2023-09-21',25,38,1,0,2,'2023-09-26'),(249,'2023-09-21',80,19,1,0,3,'2024-08-16'),(250,'2023-09-21',82,35,1,1,2,'2023-11-01'),(251,'2023-09-21',83,35,1,1,2,'2023-10-05'),(252,'2023-09-21',80,19,1,1,2,'2024-05-10'),(253,'2023-09-21',85,20,1,0,1,'2023-09-22'),(254,'2023-09-21',58,37,1,0,1,'2024-03-12'),(255,'2023-09-21',51,7,1,1,1,'2024-04-04'),(256,'2023-09-21',54,7,1,1,1,'2023-09-26'),(257,'2023-09-21',56,7,1,1,1,'2023-10-12'),(258,'2023-09-21',57,7,1,1,1,'2023-10-24'),(259,'2023-09-21',80,19,1,1,3,'2024-05-10'),(260,'2023-09-21',80,19,1,0,2,'2024-08-16'),(261,'2023-09-21',3,34,3,0,1,'2023-09-28'),(262,'2023-09-21',24,38,1,1,2,'2023-09-27'),(263,'2023-09-21',25,38,1,1,2,'2024-06-25'),(264,'2023-09-21',78,23,1,0,3,'2023-11-02'),(265,'2023-09-21',24,38,1,0,1,'2024-04-23'),(266,'2023-09-21',25,38,1,0,1,'2023-10-23'),(267,'2023-09-21',58,37,1,0,2,'2024-05-02'),(268,'2023-09-21',82,35,1,0,2,'2024-04-26'),(269,'2023-09-21',83,35,1,0,2,'2024-07-23'),(270,'2023-09-21',3,34,1,0,2,'2024-12-18'),(271,'2023-09-21',82,35,1,0,1,'2023-10-04'),(272,'2023-09-21',83,35,1,0,1,'2024-07-02'),(273,'2023-09-21',5,27,1,0,2,'2024-06-04'),(274,'2023-09-21',3,34,1,0,1,'2023-09-28'),(275,'2023-09-21',80,19,1,0,1,'2024-08-16'),(276,'2023-09-21',80,19,1,1,1,'2023-09-27'),(277,'2023-09-21',51,7,1,0,1,'2023-09-25'),(278,'2023-09-21',54,7,1,0,1,'2023-09-26'),(279,'2023-09-21',56,7,1,0,1,'2023-10-19'),(280,'2023-09-21',57,7,1,0,1,'2023-09-28'),(281,'2023-09-21',17,21,1,0,1,'2023-09-25'),(282,'2023-09-21',10,36,1,1,1,'2023-09-22'),(283,'2023-09-21',17,21,3,0,1,'2023-12-19'),(284,'2023-09-21',77,26,1,0,1,'2024-06-03'),(285,'2023-09-21',8,28,1,0,1,'2023-09-27'),(286,'2023-09-21',3,34,1,1,3,'2024-10-17'),(287,'2023-09-21',3,34,1,1,1,'2023-09-22'),(288,'2023-09-21',19,25,3,0,1,'2023-10-26'),(289,'2023-09-21',5,27,1,1,1,'2023-09-28'),(290,'2023-09-21',7,27,1,1,1,'2023-09-25'),(291,'2023-09-21',9,36,1,0,1,'2023-09-25'),(292,'2023-09-21',58,37,1,1,1,'2023-09-28'),(293,'2023-09-21',59,37,1,1,1,'2023-10-25'),(294,'2023-09-21',9,36,1,1,1,'2023-09-25'),(295,'2023-09-21',4,27,1,1,1,'2023-09-28'),(296,'2023-09-21',3,34,1,1,2,'2023-09-22'),(297,'2023-09-21',24,38,1,0,3,'2024-11-06'),(298,'2023-09-21',25,38,1,0,3,'2025-03-05'),(299,'2023-09-21',24,38,1,0,4,'2024-11-06'),(300,'2023-09-21',25,38,1,0,4,'2025-03-07'),(301,'2023-09-21',5,27,1,0,3,'2024-06-04'),(302,'2023-09-21',5,27,1,0,5,'2024-06-04'),(303,'2023-09-21',55,7,1,1,1,'2023-11-06'),(304,'2023-09-21',55,7,1,0,1,'2023-11-06'),(305,'2023-09-21',2,32,1,0,1,'2023-11-07'),(306,'2023-09-21',58,37,1,1,2,'2023-10-25'),(307,'2023-09-21',59,37,1,1,2,'2023-10-25'),(308,'2023-09-21',58,37,1,1,3,'2023-10-26'),(309,'2023-09-21',59,37,1,1,3,'2023-10-25'),(310,'2023-09-21',10,36,1,0,3,'2023-11-22'),(311,'2023-09-21',6,27,1,1,1,'2023-09-28'),(312,'2023-09-22',24,38,1,0,1,'2023-09-27'),(313,'2023-09-22',25,38,1,0,1,'2023-09-28'),(314,'2023-09-22',58,37,1,0,2,'2024-05-02'),(315,'2023-09-22',80,19,1,0,2,'2024-08-16'),(316,'2023-09-22',82,35,1,0,1,'2023-09-28'),(317,'2023-09-22',51,7,1,0,1,'2023-11-22'),(318,'2023-09-22',78,23,1,0,3,'2023-11-02'),(319,'2023-09-22',83,35,1,0,1,'2024-07-16'),(320,'2023-09-22',54,7,1,0,1,'2023-09-29'),(321,'2023-09-22',83,35,1,1,2,'2023-11-14'),(322,'2023-09-22',56,7,1,0,1,'2023-11-27'),(323,'2023-09-22',57,7,1,0,1,'2023-12-21'),(324,'2023-09-22',81,33,1,0,1,'2023-09-27'),(325,'2023-09-22',3,34,1,0,2,'2025-04-07'),(326,'2023-09-22',5,27,1,0,1,'2023-09-25'),(327,'2023-09-22',3,34,3,0,1,'2024-01-17'),(328,'2023-09-22',80,19,1,1,2,'2024-05-10'),(329,'2023-09-22',3,34,1,0,1,'2024-01-17'),(330,'2023-09-22',80,19,1,1,1,'2023-09-30'),(331,'2023-09-22',85,20,1,0,1,'2023-09-25'),(332,'2023-09-22',51,7,1,1,1,'2023-10-11'),(333,'2023-09-22',54,7,1,1,1,'2024-08-26'),(334,'2023-09-22',56,7,1,1,1,'2023-09-27'),(335,'2023-09-22',57,7,1,1,1,'2023-11-20'),(336,'2023-09-22',80,19,1,0,3,'2024-08-16'),(337,'2023-09-22',5,27,1,0,2,'2024-06-04'),(338,'2023-09-22',58,37,1,0,1,'2024-05-02'),(339,'2023-09-22',24,38,1,0,2,'2024-11-12'),(340,'2023-09-22',25,38,1,0,2,'2023-10-27'),(341,'2023-09-22',24,38,1,1,2,'2023-09-27'),(342,'2023-09-22',25,38,1,1,2,'2024-06-25'),(343,'2023-09-22',82,35,1,0,2,'2023-11-13'),(344,'2023-09-22',83,35,1,0,2,'2024-07-23'),(345,'2023-09-22',80,19,1,0,1,'2024-08-16'),(346,'2023-09-22',19,25,1,0,1,'2023-10-05'),(347,'2023-09-22',10,36,1,0,1,'2023-09-26'),(348,'2023-09-22',80,19,1,1,3,'2024-05-10'),(349,'2023-09-22',51,7,1,1,2,'2024-08-06'),(350,'2023-09-22',56,7,1,1,2,'2024-08-05'),(351,'2023-09-22',57,7,1,1,2,'2024-03-19'),(352,'2023-09-22',82,35,1,1,2,'2023-10-11'),(353,'2023-09-22',8,28,1,0,1,'2023-09-25'),(354,'2023-09-22',77,26,1,0,1,'2024-06-03'),(355,'2023-09-22',78,23,1,0,1,'2023-10-24'),(356,'2023-09-22',10,36,1,1,1,'2023-09-26'),(357,'2023-09-22',58,37,1,1,1,'2023-10-02'),(358,'2023-09-22',59,37,1,1,1,'2023-11-14'),(359,'2023-09-22',3,34,1,1,1,'2023-09-25'),(360,'2023-09-22',10,36,1,0,3,'2023-11-08'),(361,'2023-09-22',5,27,1,1,1,'2023-10-10'),(362,'2023-09-22',7,27,1,1,1,'2023-09-25'),(363,'2023-09-22',58,37,1,1,2,'2023-11-29'),(364,'2023-09-22',59,37,1,1,2,'2023-11-16'),(365,'2023-09-22',54,7,1,1,2,'2025-01-13'),(366,'2023-09-22',17,21,1,0,1,'2023-09-26'),(367,'2023-09-22',24,38,1,0,3,'2025-01-30'),(368,'2023-09-22',25,38,1,0,3,'2025-02-12'),(369,'2023-09-22',58,37,1,1,3,'2023-11-29'),(370,'2023-09-22',59,37,1,1,3,'2024-01-03'),(371,'2023-09-22',9,36,1,0,1,'2023-09-27'),(372,'2023-09-22',9,36,1,1,1,'2023-09-27'),(373,'2023-09-22',29,5,1,0,1,'2023-09-25'),(374,'2023-09-22',30,5,1,0,1,'2023-09-25'),(375,'2023-09-22',31,5,1,0,1,'2023-09-25'),(376,'2023-09-22',32,5,1,0,1,'2023-09-25'),(377,'2023-09-22',33,5,1,0,1,'2023-09-25'),(378,'2023-09-22',24,38,1,0,4,'2025-04-03'),(379,'2023-09-22',25,38,1,0,4,'2025-03-19'),(380,'2023-09-22',5,27,1,0,3,'2024-06-12'),(381,'2023-09-22',3,34,1,1,3,'2024-10-28'),(382,'2023-09-22',3,34,1,1,2,'2024-10-28'),(383,'2023-09-22',5,27,1,0,5,'2024-06-18'),(384,'2023-09-22',55,7,1,0,1,'2023-11-27'),(385,'2023-09-22',55,7,1,1,1,'2023-11-27'),(386,'2023-09-22',52,7,1,0,1,'2023-10-12'),(387,'2023-09-22',7,27,1,0,1,'2024-01-31'),(388,'2023-09-23',82,35,1,1,2,'2023-10-11'),(389,'2023-09-23',83,35,1,1,2,'2023-11-29'),(390,'2023-09-23',51,7,1,0,1,'2023-12-11'),(391,'2023-09-23',54,7,1,0,1,'2023-09-27'),(392,'2023-09-23',56,7,1,0,1,'2023-09-28'),(393,'2023-09-23',57,7,1,0,1,'2023-10-11'),(394,'2023-09-23',5,27,1,1,1,'2023-09-27'),(395,'2023-09-23',7,27,1,1,1,'2023-09-27'),(396,'2023-09-23',54,7,1,1,1,'2024-07-25'),(397,'2023-09-23',56,7,1,1,1,'2024-02-01'),(398,'2023-09-23',57,7,1,1,1,'2023-10-05'),(399,'2023-09-23',24,38,1,0,1,'2024-07-03'),(400,'2023-09-23',25,38,1,0,1,'2023-10-05'),(401,'2023-09-23',17,21,1,0,1,'2023-09-26'),(402,'2023-09-23',10,36,1,0,1,'2023-11-08'),(403,'2023-09-23',10,36,1,1,1,'2023-12-04'),(404,'2023-09-23',3,34,1,1,1,'2024-05-03'),(405,'2023-09-23',3,34,1,1,2,'2024-10-24'),(406,'2023-09-23',56,7,1,1,2,'2024-02-01'),(407,'2023-09-23',57,7,1,1,2,'2024-01-22'),(408,'2023-09-23',81,33,1,0,1,'2023-09-27'),(409,'2023-09-23',80,19,1,0,1,'2024-08-16'),(410,'2023-09-23',54,7,1,1,2,'2025-02-24'),(411,'2023-09-23',24,38,1,0,2,'2025-04-03'),(412,'2023-09-23',25,38,1,0,2,'2024-12-12'),(413,'2023-09-23',3,34,1,0,2,'2025-04-24'),(414,'2023-09-23',58,37,1,1,1,'2023-11-14'),(415,'2023-09-23',59,37,1,1,1,'2023-11-17'),(416,'2023-09-23',58,37,1,1,2,'2023-11-29'),(417,'2023-09-23',59,37,1,1,2,'2023-12-05'),(418,'2023-09-23',58,37,1,1,3,'2023-11-30'),(419,'2023-09-23',59,37,1,1,3,'2023-12-05'),(420,'2023-09-23',51,7,1,1,1,'2023-12-13'),(421,'2023-09-23',5,27,1,0,1,'2024-04-16'),(422,'2023-09-23',80,19,1,1,1,'2023-09-27'),(423,'2023-09-23',58,37,1,0,2,'2024-05-02'),(424,'2023-09-23',5,27,1,0,2,'2024-05-22'),(425,'2023-09-23',80,19,1,1,2,'2024-01-12'),(426,'2023-09-23',3,34,1,0,1,'2023-10-05'),(427,'2023-09-23',3,34,3,0,1,'2023-10-05'),(428,'2023-09-23',5,27,1,0,3,'2024-06-05'),(429,'2023-09-23',3,34,1,1,3,'2024-10-24'),(430,'2023-09-23',78,23,1,0,1,'2023-10-26'),(431,'2023-09-23',9,36,1,0,1,'2023-10-16'),(432,'2023-09-23',17,21,3,0,1,'2023-09-26'),(433,'2023-09-23',85,20,1,0,1,'2023-10-12'),(434,'2023-09-23',51,7,1,1,2,'2024-08-26'),(435,'2023-09-23',82,35,1,0,1,'2023-11-14'),(436,'2023-09-23',83,35,1,0,1,'2024-07-16'),(437,'2023-09-23',7,27,1,0,1,'2023-09-27'),(438,'2023-09-24',54,7,1,1,1,'2023-10-16'),(439,'2023-09-24',56,7,1,1,1,'2023-09-29'),(440,'2023-09-24',57,7,1,1,1,'2023-10-20'),(441,'2023-09-24',54,7,1,0,1,'2023-10-16'),(442,'2023-09-24',56,7,1,0,1,'2023-09-29'),(443,'2023-09-24',57,7,1,0,1,'2023-09-29'),(444,'2023-09-24',56,7,1,1,2,'2023-09-29'),(445,'2023-09-24',57,7,1,1,2,'2024-01-26'),(446,'2023-09-24',54,7,1,1,2,'2025-05-01'),(447,'2023-09-24',3,34,1,1,1,'2024-01-29'),(448,'2023-09-24',10,36,1,0,1,'2024-01-29'),(449,'2023-09-24',24,38,1,0,1,'2023-09-27'),(450,'2023-09-24',25,38,1,0,1,'2024-03-01'),(451,'2023-09-24',24,38,1,0,2,'2025-03-05'),(452,'2023-09-24',25,38,1,0,2,'2025-03-25'),(453,'2023-09-24',80,19,1,1,1,'2023-09-26'),(454,'2023-09-24',17,21,1,0,1,'2024-02-29'),(455,'2023-09-24',58,37,1,1,1,'2023-09-27'),(456,'2023-09-24',59,37,1,1,1,'2024-02-08'),(457,'2023-09-24',51,7,1,1,1,'2023-10-11'),(458,'2023-09-24',51,7,1,0,1,'2023-09-27'),(459,'2023-09-24',3,34,1,0,1,'2023-10-19'),(460,'2023-09-24',3,34,3,0,1,'2023-10-19'),(461,'2023-09-24',82,35,1,0,1,'2023-10-23'),(462,'2023-09-24',83,35,1,0,1,'2024-07-16'),(463,'2023-09-24',55,7,1,0,1,'2023-11-13'),(464,'2023-09-24',55,7,1,1,1,'2023-11-13'),(465,'2023-09-24',78,23,1,0,3,'2023-11-02'),(466,'2023-09-24',81,33,1,0,1,'2023-09-29'),(467,'2023-09-24',80,19,1,0,3,'2024-08-23'),(468,'2023-09-24',80,19,1,0,1,'2024-08-23'),(469,'2023-09-24',85,20,1,0,1,'2023-10-12'),(470,'2023-09-24',80,19,1,0,2,'2024-08-23'),(471,'2023-09-24',80,19,1,1,2,'2024-05-15'),(472,'2023-09-24',58,37,1,0,2,'2024-05-07'),(473,'2023-09-24',58,37,1,0,1,'2024-05-02'),(474,'2023-09-24',29,5,1,0,1,'2023-09-26'),(475,'2023-09-24',30,5,1,0,1,'2023-09-28'),(476,'2023-09-24',31,5,1,0,1,'2023-09-25'),(477,'2023-09-24',32,5,1,0,1,'2023-09-28'),(478,'2023-09-24',33,5,1,0,1,'2023-09-26'),(479,'2023-09-24',51,7,1,1,2,'2026-01-15'),(480,'2023-09-24',3,34,1,1,3,'2024-11-06'),(481,'2023-09-24',3,34,1,1,2,'2024-11-07'),(482,'2023-09-24',17,21,1,0,2,'2024-06-17'),(483,'2023-09-25',81,33,1,0,1,'2023-09-27'),(484,'2023-09-25',80,19,1,0,1,'2024-08-02'),(485,'2023-09-25',80,19,1,1,2,'2024-01-31'),(486,'2023-09-25',3,34,3,0,1,'2024-09-06'),(487,'2023-09-25',58,37,1,0,1,'2024-05-01'),(488,'2023-09-25',58,37,1,0,2,'2024-05-07'),(489,'2023-09-25',56,7,1,0,1,'2023-10-13'),(490,'2023-09-25',57,7,1,0,1,'2023-10-10'),(491,'2023-09-25',29,5,1,0,1,'2023-09-26'),(492,'2023-09-25',30,5,1,0,1,'2023-09-26'),(493,'2023-09-25',31,5,1,0,1,'2023-09-26'),(494,'2023-09-25',32,5,1,0,1,'2023-09-27'),(495,'2023-09-25',33,5,1,0,1,'2023-09-26'),(496,'2023-09-25',80,19,1,0,2,'2024-08-23'),(497,'2023-09-25',85,20,1,0,1,'2023-10-12'),(498,'2023-09-25',80,19,1,0,3,'2024-08-23'),(499,'2023-09-25',56,7,1,1,1,'2023-10-03'),(500,'2023-09-25',57,7,1,1,1,'2023-12-13'),(501,'2023-09-25',80,19,1,1,1,'2023-09-30'),(502,'2023-09-25',56,7,1,1,2,'2023-09-29'),(503,'2023-09-25',57,7,1,1,2,'2024-03-19'),(504,'2023-09-25',78,23,1,0,3,'2023-11-02'),(505,'2023-09-25',3,34,1,1,1,'2023-09-27'),(506,'2023-09-25',10,36,1,0,1,'2023-09-26'),(507,'2023-09-25',58,37,1,1,1,'2023-09-27'),(508,'2023-09-25',59,37,1,1,1,'2023-09-29'),(509,'2023-09-25',51,7,1,1,1,'2023-09-27'),(510,'2023-09-25',51,7,1,0,1,'2023-09-28'),(511,'2023-09-25',51,7,1,1,2,'2024-01-04'),(512,'2023-09-25',5,27,1,0,1,'2023-12-19'),(513,'2023-09-25',7,27,1,0,1,'2023-09-27'),(514,'2023-09-25',24,38,1,0,1,'2024-02-01'),(515,'2023-09-25',25,38,1,0,1,'2024-02-16'),(516,'2023-09-25',17,21,1,0,1,'2023-09-28'),(517,'2023-09-25',54,7,1,1,1,'2023-09-29'),(518,'2023-09-25',54,7,1,0,1,'2023-10-16'),(519,'2023-09-25',24,38,1,0,2,'2024-11-05'),(520,'2023-09-25',25,38,1,0,2,'2024-10-02'),(521,'2023-09-25',17,21,1,0,2,'2023-10-02'),(522,'2023-09-25',82,35,1,0,1,'2023-10-04'),(523,'2023-09-25',83,35,1,0,1,'2023-11-17'),(524,'2023-09-25',3,34,1,0,1,'2024-09-06'),(525,'2023-09-25',5,27,1,0,2,'2024-05-29'),(526,'2023-09-25',82,35,1,0,2,'2023-11-14'),(527,'2023-09-25',83,35,1,0,2,'2023-11-17'),(528,'2023-09-25',7,27,1,0,2,'2023-09-27'),(529,'2023-09-25',54,7,1,1,2,'2023-10-16'),(530,'2023-09-25',78,23,1,0,1,'2023-10-26'),(531,'2023-09-25',3,34,1,1,3,'2024-08-28'),(532,'2023-09-25',2,32,1,0,1,'2023-10-20'),(533,'2023-09-25',19,25,1,0,1,'2024-02-01'),(534,'2023-09-25',3,34,1,1,2,'2024-08-28'),(535,'2023-09-25',3,34,1,0,2,'2025-04-28'),(536,'2023-09-25',9,36,1,0,1,'2023-10-16'),(537,'2023-09-26',85,20,1,0,1,'2023-09-29'),(538,'2023-09-26',80,19,1,1,1,'2023-09-27'),(539,'2023-09-26',3,34,3,0,1,'2023-10-06'),(540,'2023-09-26',80,19,1,0,3,'2024-08-23'),(541,'2023-09-26',19,25,1,0,1,'2024-01-11'),(542,'2023-09-26',78,23,1,0,3,'2023-11-02'),(543,'2023-09-26',51,7,1,1,1,'2023-09-28'),(544,'2023-09-26',54,7,1,1,1,'2023-10-19'),(545,'2023-09-26',56,7,1,1,1,'2023-10-03'),(546,'2023-09-26',57,7,1,1,1,'2023-09-28'),(547,'2023-09-26',81,33,1,0,1,'2023-09-27'),(548,'2023-09-26',58,37,1,0,1,'2023-09-27'),(549,'2023-09-26',80,19,1,0,1,'2024-08-16'),(550,'2023-09-26',80,19,1,1,2,'2024-04-12'),(551,'2023-09-26',24,38,1,0,2,'2024-11-12'),(552,'2023-09-26',51,7,1,0,1,'2023-10-03'),(553,'2023-09-26',54,7,1,0,1,'2023-10-16'),(554,'2023-09-26',56,7,1,0,1,'2023-10-03'),(555,'2023-09-26',57,7,1,0,1,'2023-10-11'),(556,'2023-09-26',24,38,1,0,1,'2024-02-22'),(557,'2023-09-26',80,19,1,0,2,'2024-08-16'),(558,'2023-09-26',51,7,1,1,2,'2026-01-28'),(559,'2023-09-26',54,7,1,1,2,'2025-03-24'),(560,'2023-09-26',56,7,1,1,2,'2024-01-30'),(561,'2023-09-26',57,7,1,1,2,'2024-07-22'),(562,'2023-09-26',58,37,1,0,2,'2023-09-27'),(563,'2023-09-26',29,5,1,0,1,'2023-09-27'),(564,'2023-09-26',30,5,1,0,1,'2023-09-28'),(565,'2023-09-26',31,5,1,0,1,'2023-09-27'),(566,'2023-09-26',32,5,1,0,1,'2023-09-27'),(567,'2023-09-26',33,5,1,0,1,'2023-09-27'),(568,'2023-09-26',10,36,1,0,1,'2023-09-27'),(569,'2023-09-26',58,37,1,1,1,'2023-09-27'),(570,'2023-09-26',59,37,1,1,1,'2023-11-17'),(571,'2023-09-26',5,27,1,0,1,'2024-02-13'),(572,'2023-09-26',7,27,1,0,1,'2023-10-18'),(573,'2023-09-26',25,38,1,0,1,'2023-09-28'),(574,'2023-09-26',5,27,1,0,2,'2024-03-27'),(575,'2023-09-26',7,27,1,0,2,'2023-11-15'),(576,'2023-09-26',3,34,1,1,1,'2023-10-11'),(577,'2023-09-26',9,36,1,0,1,'2023-09-27'),(578,'2023-09-26',82,35,1,0,1,'2023-11-06'),(579,'2023-09-26',83,35,1,0,1,'2023-10-20'),(580,'2023-09-26',2,32,1,0,1,'2023-10-03'),(581,'2023-09-26',3,34,1,0,2,'2023-10-06'),(582,'2023-09-26',3,34,1,0,1,'2023-10-06'),(583,'2023-09-26',17,21,1,0,1,'2023-10-02'),(584,'2023-09-26',6,27,1,0,1,'2023-12-28'),(585,'2023-09-26',55,7,1,1,1,'2023-11-20'),(586,'2023-09-26',55,7,1,0,1,'2023-11-20'),(587,'2023-09-26',78,23,1,0,1,'2023-11-02'),(588,'2023-09-26',25,38,1,0,2,'2025-01-10'),(589,'2023-09-26',3,34,1,1,2,'2024-11-07'),(590,'2023-09-26',3,34,3,0,2,'2025-04-28'),(591,'2023-09-26',80,19,1,1,3,'2024-05-17'),(592,'2023-09-26',3,34,1,1,3,'2024-11-13'),(593,'2023-09-26',82,35,1,0,2,'2023-11-15'),(594,'2023-09-26',83,35,1,0,2,'2024-07-23'),(595,'2023-09-27',3,34,3,0,2,'2024-11-21'),(596,'2023-09-27',81,33,1,0,1,'2023-10-05'),(597,'2023-09-27',56,7,1,1,2,'2024-03-01'),(598,'2023-09-27',57,7,1,1,2,'2024-01-18'),(599,'2023-09-27',24,38,1,0,1,'2023-10-02'),(600,'2023-09-27',25,38,1,0,1,'2023-10-03'),(601,'2023-09-27',51,7,1,0,1,'2023-10-03'),(602,'2023-09-27',54,7,1,0,1,'2023-10-27'),(603,'2023-09-27',56,7,1,0,1,'2023-10-06'),(604,'2023-09-27',57,7,1,0,1,'2023-09-29'),(605,'2023-09-27',58,37,1,0,1,'2023-09-28'),(606,'2023-09-27',85,20,1,0,1,'2023-10-12'),(607,'2023-09-27',51,7,1,1,1,'2023-10-03'),(608,'2023-09-27',24,38,1,0,2,'2023-10-30'),(609,'2023-09-27',54,7,1,1,1,'2023-10-27'),(610,'2023-09-27',56,7,1,1,1,'2023-10-06'),(611,'2023-09-27',25,38,1,0,2,'2024-04-23'),(612,'2023-09-27',57,7,1,1,1,'2023-10-03'),(613,'2023-09-27',80,19,1,0,2,'2024-02-16'),(614,'2023-09-27',58,37,1,0,2,'2023-09-28'),(615,'2023-09-27',3,34,3,0,1,'2023-09-28'),(616,'2023-09-27',80,19,1,0,1,'2024-02-16'),(617,'2023-09-27',80,19,1,0,3,'2024-08-23'),(618,'2023-09-27',3,34,1,1,3,'2024-08-16'),(619,'2023-09-27',5,27,1,0,1,'2023-12-20'),(620,'2023-09-27',7,27,1,0,1,'2023-10-04'),(621,'2023-09-27',9,36,1,0,1,'2023-09-27'),(622,'2023-09-27',10,36,1,0,1,'2023-10-02'),(623,'2023-09-27',80,19,1,1,1,'2023-09-30'),(624,'2023-09-27',80,19,1,1,2,'2023-10-03'),(625,'2023-09-27',3,34,1,0,1,'2023-09-28'),(626,'2023-09-27',58,37,1,1,1,'2023-10-02'),(627,'2023-09-27',59,37,1,1,1,'2023-11-02'),(628,'2023-09-27',54,7,1,1,2,'2024-07-09'),(629,'2023-09-27',51,7,1,1,2,'2024-10-25'),(630,'2023-09-27',82,35,1,0,2,'2023-11-15'),(631,'2023-09-27',83,35,1,0,2,'2023-09-29'),(632,'2023-09-27',82,35,1,0,1,'2023-11-06'),(633,'2023-09-27',83,35,1,0,1,'2023-09-29'),(634,'2023-09-27',19,25,1,0,1,'2024-02-08'),(635,'2023-09-27',17,21,1,0,2,'2023-10-02'),(636,'2023-09-27',3,34,1,1,2,'2024-08-16'),(637,'2023-09-27',3,34,1,0,2,'2024-11-21'),(638,'2023-09-27',2,32,1,0,1,'2023-12-11'),(639,'2023-09-27',5,27,1,0,2,'2024-05-08'),(640,'2023-09-27',7,27,1,0,2,'2023-10-04'),(641,'2023-09-27',6,27,1,0,1,'2023-12-18'),(642,'2023-09-27',52,7,1,1,2,'2023-10-24'),(643,'2023-09-27',52,7,1,0,1,'2023-10-24'),(644,'2023-09-27',52,7,1,1,1,'2023-10-24'),(645,'2023-09-27',3,34,1,1,1,'2023-10-13'),(646,'2023-09-27',17,21,1,0,1,'2023-10-03'),(647,'2023-09-27',80,19,1,1,3,'2023-09-30'),(648,'2023-09-28',80,19,1,0,2,'2024-08-16'),(649,'2023-09-28',3,34,3,0,1,'2025-03-06'),(650,'2023-09-28',81,33,1,0,1,'2023-10-02'),(651,'2023-09-28',51,7,1,1,1,'2023-10-31'),(652,'2023-09-28',54,7,1,1,1,'2023-11-02'),(653,'2023-09-28',56,7,1,1,1,'2023-11-03'),(654,'2023-09-28',57,7,1,1,1,'2023-10-05'),(655,'2023-09-28',3,34,3,0,2,'2025-05-08'),(656,'2023-09-28',58,37,1,0,1,'2023-12-05'),(657,'2023-09-28',58,37,1,0,2,'2023-12-05'),(658,'2023-09-28',80,19,1,0,3,'2024-09-06'),(659,'2023-09-28',85,20,1,0,1,'2023-10-13'),(660,'2023-09-28',24,38,1,0,2,'2023-10-17'),(661,'2023-09-28',80,19,1,0,1,'2024-05-10'),(662,'2023-09-28',24,38,1,0,1,'2023-10-04'),(663,'2023-09-28',25,38,1,0,1,'2023-10-03'),(664,'2023-09-28',51,7,1,0,1,'2024-01-24'),(665,'2023-09-28',54,7,1,0,1,'2023-11-02'),(666,'2023-09-28',56,7,1,0,1,'2023-11-03'),(667,'2023-09-28',57,7,1,0,1,'2023-10-05'),(668,'2023-09-28',51,7,1,1,2,'2024-07-18'),(669,'2023-09-28',56,7,1,1,2,'2024-06-04'),(670,'2023-09-28',57,7,1,1,2,'2024-05-09'),(671,'2023-09-28',54,7,1,1,2,'2025-05-30'),(672,'2023-09-28',55,7,1,1,1,'2023-10-23'),(673,'2023-09-28',55,7,1,0,1,'2023-10-23'),(674,'2023-09-28',3,34,1,1,3,'2024-10-24'),(675,'2023-09-28',25,38,1,0,2,'2023-10-05'),(676,'2023-09-28',82,35,1,0,2,'2023-11-21'),(677,'2023-09-28',83,35,1,0,2,'2024-07-23'),(678,'2023-09-28',19,25,1,0,1,'2024-02-01'),(679,'2023-09-29',81,33,1,0,1,'2023-10-05'),(680,'2023-09-29',24,38,1,0,2,'2024-11-05'),(681,'2023-09-29',25,38,1,0,2,'2024-07-16'),(682,'2023-09-29',3,34,3,0,1,'2023-10-26'),(683,'2023-09-29',3,34,3,0,2,'2023-12-14'),(684,'2023-09-29',80,19,1,0,2,'2024-05-10'),(685,'2023-09-29',85,20,1,0,1,'2023-10-30'),(686,'2023-09-29',51,7,1,1,1,'2023-10-11'),(687,'2023-09-29',54,7,1,1,1,'2023-11-03'),(688,'2023-09-29',56,7,1,1,1,'2023-10-10'),(689,'2023-09-29',57,7,1,1,1,'2023-10-06'),(690,'2023-09-29',58,37,1,0,2,'2024-05-09'),(691,'2023-09-29',80,19,1,0,3,'2024-05-10'),(692,'2023-09-29',80,19,1,0,1,'2024-03-01'),(693,'2023-09-29',51,7,1,0,1,'2023-10-11'),(694,'2023-09-29',54,7,1,0,1,'2024-04-02'),(695,'2023-09-29',56,7,1,0,1,'2023-10-10'),(696,'2023-09-29',57,7,1,0,1,'2023-10-06'),(697,'2023-09-29',24,38,1,0,1,'2024-01-02'),(698,'2023-09-29',25,38,1,0,1,'2024-01-08'),(699,'2023-09-29',58,37,1,0,1,'2024-03-19'),(700,'2023-09-29',51,7,1,1,2,'2026-01-23'),(701,'2023-09-29',54,7,1,1,2,'2025-03-10'),(702,'2023-09-29',56,7,1,1,2,'2024-02-26'),(703,'2023-09-29',57,7,1,1,2,'2023-10-06'),(704,'2023-09-29',3,34,1,1,3,'2024-11-21'),(705,'2023-09-29',19,25,1,0,1,'2024-02-01'),(706,'2023-09-29',3,34,1,0,2,'2025-05-09'),(707,'2023-09-29',3,34,1,0,1,'2023-10-26'),(708,'2023-09-29',3,34,1,1,2,'2024-11-14'),(709,'2023-09-29',80,19,1,1,2,'2024-05-24'),(710,'2023-09-29',3,34,1,1,1,'2024-08-26'),(711,'2023-09-29',5,27,1,0,1,'2024-04-30'),(712,'2023-09-29',82,35,1,0,1,'2023-11-15'),(713,'2023-09-29',83,35,1,0,1,'2024-07-23'),(714,'2023-09-29',10,36,1,0,1,'2024-01-02'),(715,'2023-09-29',17,21,1,0,1,'2023-10-19'),(716,'2023-09-29',5,27,1,0,2,'2024-06-04'),(717,'2023-09-29',58,37,1,1,1,'2023-11-29'),(718,'2023-09-29',59,37,1,1,1,'2024-03-28'),(719,'2023-09-29',17,21,1,0,2,'2023-10-23'),(720,'2023-09-29',80,19,1,1,1,'2024-05-17'),(721,'2023-09-29',9,36,1,0,1,'2023-10-24'),(722,'2023-09-29',82,35,1,0,2,'2024-02-16'),(723,'2023-09-29',83,35,1,0,2,'2024-07-23'),(724,'2023-09-30',80,19,1,0,2,'2024-02-23'),(725,'2023-09-30',3,34,1,1,2,'2024-11-06'),(726,'2023-09-30',51,7,1,1,1,'2024-03-07'),(727,'2023-09-30',54,7,1,1,1,'2023-10-06'),(728,'2023-09-30',56,7,1,1,1,'2023-10-11'),(729,'2023-09-30',57,7,1,1,1,'2024-01-24'),(730,'2023-09-30',58,37,1,0,2,'2024-05-09'),(731,'2023-09-30',82,35,1,0,2,'2023-11-27'),(732,'2023-09-30',83,35,1,0,2,'2024-07-23'),(733,'2023-09-30',80,19,1,0,3,'2024-09-06'),(734,'2023-09-30',80,19,1,0,1,'2024-02-23'),(735,'2023-09-30',58,37,1,0,1,'2023-10-05'),(736,'2023-09-30',24,38,1,0,2,'2023-10-11'),(737,'2023-09-30',24,38,1,0,1,'2023-10-11'),(738,'2023-09-30',51,7,1,1,2,'2024-03-07'),(739,'2023-09-30',54,7,1,1,2,'2023-10-06'),(740,'2023-09-30',56,7,1,1,2,'2024-07-19'),(741,'2023-09-30',57,7,1,1,2,'2024-04-25'),(742,'2023-09-30',81,33,1,0,1,'2023-10-26'),(743,'2023-09-30',51,7,1,0,1,'2023-10-11'),(744,'2023-09-30',54,7,1,0,1,'2023-10-06'),(745,'2023-09-30',56,7,1,0,1,'2023-10-11'),(746,'2023-09-30',57,7,1,0,1,'2023-10-16'),(747,'2023-09-30',3,34,3,0,1,'2023-10-06'),(748,'2023-09-30',3,34,3,0,2,'2023-11-13'),(749,'2023-09-30',5,27,1,0,1,'2024-04-09'),(750,'2023-09-30',85,20,1,0,1,'2023-10-31'),(751,'2023-09-30',25,38,1,0,1,'2023-10-06'),(752,'2023-09-30',25,38,1,0,2,'2023-10-06'),(753,'2023-09-30',52,7,1,0,1,'2023-10-24'),(754,'2023-09-30',52,7,1,1,1,'2023-10-24'),(755,'2023-09-30',52,7,1,1,2,'2023-10-24'),(756,'2023-09-30',24,38,1,1,2,'2023-10-11'),(757,'2023-09-30',25,38,1,1,2,'2023-10-05'),(758,'2023-09-30',3,34,1,0,1,'2023-10-06'),(759,'2023-09-30',80,19,1,1,1,'2023-12-06'),(760,'2023-09-30',24,38,1,1,1,'2023-10-04'),(761,'2023-09-30',25,38,1,1,1,'2023-10-05'),(762,'2023-09-30',73,8,1,0,1,'2023-10-03'),(763,'2023-09-30',80,19,1,1,2,'2024-04-12'),(764,'2023-09-30',17,21,3,0,4,'2023-10-03'),(765,'2023-09-30',81,33,3,0,1,'2023-10-04'),(766,'2023-09-30',51,7,3,0,1,'2023-10-31'),(767,'2023-09-30',52,7,3,0,1,'2023-11-14'),(768,'2023-09-30',54,7,3,0,1,'2023-10-05'),(769,'2023-09-30',55,7,3,0,1,'2023-10-05'),(770,'2023-09-30',17,21,3,0,1,'2023-10-03'),(771,'2023-09-30',56,7,3,0,1,'2023-10-31'),(772,'2023-09-30',57,7,3,0,1,'2023-10-25'),(773,'2023-09-30',17,21,1,0,4,'2023-10-03'),(774,'2023-09-30',9,36,1,0,1,'2023-10-04'),(775,'2023-09-30',10,36,1,0,1,'2023-10-11'),(776,'2023-09-30',80,19,1,1,3,'2024-04-12'),(777,'2023-09-30',17,21,1,0,1,'2023-10-03'),(778,'2023-10-01',80,19,1,0,2,'2024-09-06'),(779,'2023-10-01',80,19,1,0,1,'2024-05-10'),(780,'2023-10-01',24,38,1,0,1,'2024-11-07'),(781,'2023-10-01',25,38,1,0,1,'2024-03-12'),(782,'2023-10-01',81,33,1,0,1,'2023-12-11'),(783,'2023-10-01',24,38,1,0,2,'2025-03-12'),(784,'2023-10-01',51,7,1,0,1,'2023-10-31'),(785,'2023-10-01',54,7,1,0,1,'2024-03-08'),(786,'2023-10-01',56,7,1,0,1,'2024-02-01'),(787,'2023-10-01',57,7,1,0,1,'2023-10-19'),(788,'2023-10-01',80,19,1,0,3,'2024-09-06'),(789,'2023-10-01',3,34,3,0,1,'2023-10-04'),(790,'2023-10-01',51,7,1,1,1,'2023-10-31'),(791,'2023-10-01',54,7,1,1,1,'2024-03-08'),(792,'2023-10-01',56,7,1,1,1,'2024-02-01'),(793,'2023-10-01',57,7,1,1,1,'2023-10-19'),(794,'2023-10-01',3,34,3,0,2,'2024-06-12'),(795,'2023-10-01',10,36,1,0,1,'2023-11-06'),(796,'2023-10-01',85,20,1,0,1,'2023-10-03'),(797,'2023-10-01',58,37,1,0,2,'2024-04-02'),(798,'2023-10-01',58,37,1,0,1,'2023-10-05'),(799,'2023-10-01',51,7,1,1,2,'2024-04-10'),(800,'2023-10-01',56,7,1,1,2,'2024-02-05'),(801,'2023-10-01',57,7,1,1,2,'2024-05-23'),(802,'2023-10-01',73,8,1,0,1,'2025-02-27'),(803,'2023-10-01',5,27,1,0,1,'2024-04-23'),(804,'2023-10-01',3,34,1,0,1,'2023-10-04'),(805,'2023-10-01',80,19,1,1,1,'2024-03-13'),(806,'2023-10-01',3,34,1,1,2,'2024-06-24'),(807,'2023-10-01',24,38,1,1,1,'2023-10-05'),(808,'2023-10-01',25,38,1,1,1,'2023-10-11'),(809,'2023-10-01',24,38,1,1,2,'2023-10-11'),(810,'2023-10-01',25,38,1,1,2,'2023-10-18'),(811,'2023-10-01',25,38,1,0,2,'2025-03-13'),(812,'2023-10-01',51,7,3,0,1,'2023-10-31'),(813,'2023-10-01',52,7,3,0,1,'2023-11-14'),(814,'2023-10-01',54,7,3,0,1,'2023-10-05'),(815,'2023-10-01',55,7,3,0,1,'2023-10-05'),(816,'2023-10-01',56,7,3,0,1,'2023-10-31'),(817,'2023-10-01',57,7,3,0,1,'2023-11-03'),(818,'2023-10-01',82,35,1,0,2,'2024-03-12'),(819,'2023-10-01',83,35,1,0,2,'2024-07-23'),(820,'2023-10-01',80,19,1,1,2,'2024-06-05'),(821,'2023-10-01',80,19,1,1,3,'2024-06-05'),(822,'2023-10-01',54,7,1,1,2,'2025-01-13'),(823,'2023-10-01',9,36,1,0,1,'2023-10-03'),(824,'2023-10-01',3,34,1,1,1,'2024-08-21'),(825,'2023-10-01',81,33,3,0,1,'2023-10-05'),(826,'2023-10-01',17,21,3,0,4,'2023-10-03'),(827,'2023-10-01',17,21,1,0,4,'2023-10-03'),(828,'2023-10-01',55,7,1,1,1,'2023-10-05'),(829,'2023-10-02',51,7,1,1,1,'2024-02-01'),(830,'2023-10-02',56,7,1,1,1,'2023-10-10'),(831,'2023-10-02',57,7,1,1,1,'2023-10-05'),(832,'2023-10-02',58,37,1,0,1,'2023-10-04'),(833,'2023-10-02',80,19,1,0,1,'2024-09-06'),(834,'2023-10-02',85,20,1,0,1,'2023-10-17'),(835,'2023-10-02',3,34,3,0,2,'2025-05-12'),(836,'2023-10-02',24,38,1,0,2,'2024-02-12'),(837,'2023-10-02',24,38,1,0,1,'2024-01-16'),(838,'2023-10-02',58,37,1,0,2,'2024-04-02'),(839,'2023-10-02',25,38,1,0,2,'2023-11-17'),(840,'2023-10-02',3,34,3,0,1,'2023-10-04'),(841,'2023-10-02',80,19,1,0,2,'2024-09-13'),(842,'2023-10-02',51,7,1,0,1,'2023-10-16'),(843,'2023-10-02',56,7,1,0,1,'2023-10-10'),(844,'2023-10-02',57,7,1,0,1,'2023-11-22'),(845,'2023-10-02',80,19,1,0,3,'2024-09-13'),(846,'2023-10-02',25,38,1,0,1,'2023-11-17'),(847,'2023-10-02',51,7,1,1,2,'2024-04-09'),(848,'2023-10-02',56,7,1,1,2,'2024-02-27'),(849,'2023-10-02',57,7,1,1,2,'2024-04-10'),(850,'2023-10-02',5,27,1,0,1,'2023-12-20'),(851,'2023-10-02',3,34,1,1,1,'2023-12-13'),(852,'2023-10-02',81,33,1,0,1,'2023-10-04'),(853,'2023-10-02',54,7,1,0,1,'2024-03-08'),(854,'2023-10-02',54,7,1,1,1,'2024-03-08'),(855,'2023-10-02',7,27,1,0,1,'2023-11-08'),(856,'2023-10-02',4,27,1,0,1,'2023-10-30'),(857,'2023-10-02',10,36,1,0,3,'2024-01-16'),(858,'2023-10-02',3,34,1,1,2,'2023-12-13'),(859,'2023-10-02',82,35,1,0,2,'2024-03-19'),(860,'2023-10-02',83,35,1,0,2,'2024-07-02'),(861,'2023-10-02',54,7,1,1,2,'2025-06-09'),(862,'2023-10-03',85,20,1,0,1,'2023-10-12'),(863,'2023-10-03',80,19,1,0,1,'2024-06-12'),(864,'2023-10-03',80,19,1,0,3,'2024-06-12'),(865,'2023-10-03',3,34,3,0,2,'2023-11-16'),(866,'2023-10-03',24,38,1,0,1,'2023-10-10'),(867,'2023-10-03',25,38,1,0,1,'2023-10-25'),(868,'2023-10-03',24,38,1,0,2,'2024-01-11'),(869,'2023-10-03',56,7,1,1,1,'2023-10-11'),(870,'2023-10-03',25,38,1,0,2,'2024-10-07'),(871,'2023-10-03',57,7,1,1,1,'2023-10-05'),(872,'2023-10-03',58,37,1,0,1,'2023-10-04'),(873,'2023-10-03',80,19,1,0,2,'2024-06-12'),(874,'2023-10-03',3,34,3,0,1,'2023-10-04'),(875,'2023-10-03',58,37,1,0,2,'2023-10-04'),(876,'2023-10-03',56,7,1,0,1,'2023-10-05'),(877,'2023-10-03',57,7,1,0,1,'2023-10-05'),(878,'2023-10-03',51,7,1,1,1,'2023-10-16'),(879,'2023-10-03',51,7,1,0,1,'2024-04-02'),(880,'2023-10-03',56,7,1,1,2,'2024-02-09'),(881,'2023-10-03',57,7,1,1,2,'2024-01-30'),(882,'2023-10-03',81,33,1,0,1,'2023-10-05'),(883,'2023-10-03',54,7,1,1,1,'2023-10-06'),(884,'2023-10-03',54,7,1,0,1,'2023-10-06'),(885,'2023-10-03',54,7,1,1,2,'2025-03-07'),(886,'2023-10-03',3,34,1,1,1,'2024-10-03'),(887,'2023-10-03',5,27,1,0,1,'2023-10-13'),(888,'2023-10-03',82,35,1,0,1,'2024-02-13'),(889,'2023-10-03',83,35,1,0,1,'2023-12-15'),(890,'2023-10-03',19,25,1,0,1,'2023-11-02'),(891,'2023-10-03',51,7,1,1,2,'2024-04-02'),(892,'2023-10-03',7,27,1,0,1,'2023-10-26'),(893,'2023-10-03',3,34,1,1,2,'2024-12-12'),(894,'2023-10-03',10,36,1,0,3,'2024-03-04'),(895,'2023-10-03',52,7,1,1,2,'2023-10-26'),(896,'2023-10-03',52,7,1,1,1,'2023-10-26'),(897,'2023-10-03',52,7,1,0,1,'2023-10-26'),(898,'2023-10-03',59,37,1,0,2,'2024-04-24'),(899,'2023-10-03',82,35,1,0,2,'2024-03-19'),(900,'2023-10-03',4,27,1,0,1,'2023-11-08'),(901,'2023-10-03',83,35,1,0,2,'2024-07-02'),(902,'2023-10-03',59,37,1,0,1,'2024-02-28'),(903,'2023-10-03',81,33,1,0,2,'2023-10-26'),(904,'2023-10-03',19,25,1,1,1,'2023-10-10'),(905,'2023-10-03',9,36,1,0,3,'2023-10-12'),(906,'2023-10-04',82,35,1,0,1,'2023-10-11'),(907,'2023-10-04',83,35,1,0,1,'2023-11-03'),(908,'2023-10-04',80,19,1,0,1,'2024-09-13'),(909,'2023-10-04',85,20,1,0,1,'2023-10-05'),(910,'2023-10-04',51,7,1,1,1,'2023-10-11'),(911,'2023-10-04',24,38,1,0,1,'2023-10-12'),(912,'2023-10-04',56,7,1,1,1,'2023-10-11'),(913,'2023-10-04',25,38,1,0,1,'2023-10-11'),(914,'2023-10-04',57,7,1,1,1,'2023-11-07'),(915,'2023-10-04',80,19,1,0,3,'2024-09-13'),(916,'2023-10-04',80,19,1,0,2,'2024-09-13'),(917,'2023-10-04',58,37,1,0,1,'2024-04-25'),(918,'2023-10-04',24,38,1,0,2,'2024-02-13'),(919,'2023-10-04',25,38,1,0,2,'2024-02-20'),(920,'2023-10-04',3,34,3,0,2,'2025-05-19'),(921,'2023-10-04',3,34,3,0,1,'2024-01-03'),(922,'2023-10-04',51,7,1,0,1,'2023-10-10'),(923,'2023-10-04',56,7,1,0,1,'2023-10-11'),(924,'2023-10-04',57,7,1,0,1,'2024-01-19'),(925,'2023-10-04',58,37,1,0,2,'2024-04-25'),(926,'2023-10-04',19,25,1,1,1,'2023-10-05'),(927,'2023-10-04',51,7,1,1,2,'2024-04-08'),(928,'2023-10-04',56,7,1,1,2,'2023-11-21'),(929,'2023-10-04',57,7,1,1,2,'2024-05-31'),(930,'2023-10-04',5,27,1,0,1,'2024-06-11'),(931,'2023-10-04',81,33,1,0,1,'2023-10-06'),(932,'2023-10-04',54,7,1,1,1,'2023-10-30'),(933,'2023-10-04',54,7,1,0,1,'2024-03-21'),(934,'2023-10-04',19,25,1,0,1,'2023-10-05'),(935,'2023-10-04',3,34,1,1,1,'2023-10-05'),(936,'2023-10-04',10,36,1,0,3,'2023-10-05'),(937,'2023-10-04',54,7,1,1,2,'2024-09-27'),(938,'2023-10-04',3,34,1,1,2,'2023-10-05'),(939,'2023-10-04',82,35,1,0,2,'2024-03-19'),(940,'2023-10-04',83,35,1,0,2,'2024-07-23'),(941,'2023-10-04',7,27,1,0,1,'2023-10-11'),(942,'2023-10-04',9,36,1,0,3,'2023-10-31'),(943,'2023-10-04',82,35,1,1,1,'2023-10-17'),(944,'2023-10-04',83,35,1,1,1,'2024-09-16'),(945,'2023-10-05',51,7,1,0,1,'2023-10-12'),(946,'2023-10-05',54,7,1,0,1,'2023-10-12'),(947,'2023-10-05',56,7,1,0,1,'2023-10-16'),(948,'2023-10-05',57,7,1,0,1,'2023-12-04'),(949,'2023-10-05',58,37,1,0,1,'2023-10-10'),(950,'2023-10-05',51,7,1,1,1,'2023-10-11'),(951,'2023-10-05',54,7,1,1,1,'2023-10-12'),(952,'2023-10-05',56,7,1,1,1,'2023-10-16'),(953,'2023-10-05',57,7,1,1,1,'2023-12-04'),(954,'2023-10-05',80,19,1,0,1,'2023-11-03'),(955,'2023-10-05',82,35,1,0,1,'2024-03-19'),(956,'2023-10-05',83,35,1,0,1,'2023-11-03'),(957,'2023-10-05',85,20,1,0,1,'2023-10-17'),(958,'2023-10-05',24,38,1,0,1,'2024-04-15'),(959,'2023-10-05',25,38,1,0,1,'2023-10-11'),(960,'2023-10-05',80,19,1,0,2,'2024-09-13'),(961,'2023-10-05',3,34,3,0,2,'2025-05-29'),(962,'2023-10-05',3,34,3,0,1,'2024-11-13'),(963,'2023-10-05',24,38,1,0,2,'2024-11-07'),(964,'2023-10-05',25,38,1,0,2,'2025-01-23'),(965,'2023-10-05',58,37,1,0,2,'2023-10-10'),(966,'2023-10-05',80,19,1,0,3,'2024-09-13'),(967,'2023-10-05',51,7,1,1,2,'2023-10-11'),(968,'2023-10-05',54,7,1,1,2,'2025-02-28'),(969,'2023-10-05',56,7,1,1,2,'2023-10-16'),(970,'2023-10-05',57,7,1,1,2,'2024-07-29'),(971,'2023-10-05',3,34,1,1,1,'2023-10-06'),(972,'2023-10-05',3,34,1,1,2,'2023-12-14'),(973,'2023-10-05',19,25,1,1,1,'2023-10-06'),(974,'2023-10-05',82,35,1,1,1,'2023-10-24'),(975,'2023-10-05',83,35,1,1,1,'2024-09-10'),(976,'2023-10-05',19,25,1,0,1,'2024-02-29'),(977,'2023-10-05',81,33,1,0,1,'2023-10-06'),(978,'2023-10-05',5,27,1,0,1,'2024-04-17'),(979,'2023-10-05',82,35,1,0,2,'2024-04-05'),(980,'2023-10-05',83,35,1,0,2,'2024-07-23'),(981,'2023-10-06',82,35,1,0,1,'2024-04-01'),(982,'2023-10-06',83,35,1,0,1,'2024-07-16'),(983,'2023-10-06',80,19,1,0,1,'2024-06-07'),(984,'2023-10-06',58,37,1,0,2,'2024-05-14'),(985,'2023-10-06',51,7,1,1,1,'2023-10-25'),(986,'2023-10-06',54,7,1,1,1,'2023-11-16'),(987,'2023-10-06',56,7,1,1,1,'2023-10-12'),(988,'2023-10-06',57,7,1,1,1,'2023-10-20'),(989,'2023-10-06',80,19,1,0,2,'2024-06-07'),(990,'2023-10-06',24,38,1,0,1,'2023-10-16'),(991,'2023-10-06',25,38,1,0,1,'2023-10-30'),(992,'2023-10-06',3,34,3,0,1,'2025-03-27'),(993,'2023-10-06',24,38,1,0,2,'2025-04-03'),(994,'2023-10-06',25,38,1,0,2,'2024-04-22'),(995,'2023-10-06',85,20,1,0,1,'2023-10-17'),(996,'2023-10-06',80,19,1,0,3,'2024-09-20'),(997,'2023-10-06',58,37,1,0,1,'2024-05-06'),(998,'2023-10-06',51,7,1,0,1,'2024-04-04'),(999,'2023-10-06',54,7,1,0,1,'2023-11-16'),(1000,'2023-10-06',56,7,1,0,1,'2023-10-12'),(1001,'2023-10-06',57,7,1,0,1,'2023-10-13'),(1002,'2023-10-06',51,7,1,1,2,'2024-04-09'),(1003,'2023-10-06',56,7,1,1,2,'2023-10-17'),(1004,'2023-10-06',57,7,1,1,2,'2024-02-05'),(1005,'2023-10-06',19,25,1,1,1,'2023-10-10'),(1006,'2023-10-06',3,34,1,1,1,'2023-11-15'),(1007,'2023-10-06',3,34,1,1,2,'2023-12-21'),(1008,'2023-10-06',19,25,1,0,1,'2023-10-26'),(1009,'2023-10-06',54,7,1,1,2,'2024-01-29'),(1010,'2023-10-06',5,27,1,0,1,'2024-02-13'),(1011,'2023-10-06',7,27,1,0,1,'2023-10-18'),(1012,'2023-10-06',81,33,1,0,1,'2023-10-13'),(1013,'2023-10-06',52,7,1,1,2,'2023-10-26'),(1014,'2023-10-06',52,7,1,0,1,'2023-10-26'),(1015,'2023-10-06',52,7,1,1,1,'2023-10-26'),(1016,'2023-10-07',24,38,1,0,1,'2024-07-25'),(1017,'2023-10-07',25,38,1,0,1,'2024-01-12'),(1018,'2023-10-07',80,19,1,0,1,'2024-09-13'),(1019,'2023-10-07',85,20,1,0,1,'2023-10-30'),(1020,'2023-10-07',24,38,1,0,2,'2025-04-07'),(1021,'2023-10-07',25,38,1,0,2,'2025-01-23'),(1022,'2023-10-07',80,19,1,0,3,'2024-09-20'),(1023,'2023-10-07',51,7,1,1,1,'2024-01-16'),(1024,'2023-10-07',54,7,1,1,1,'2023-11-20'),(1025,'2023-10-07',56,7,1,1,1,'2023-12-13'),(1026,'2023-10-07',57,7,1,1,1,'2023-10-12'),(1027,'2023-10-07',58,37,1,0,1,'2023-12-07'),(1028,'2023-10-07',82,35,1,0,1,'2024-04-05'),(1029,'2023-10-07',83,35,1,0,1,'2024-07-23'),(1030,'2023-10-07',80,19,1,0,2,'2024-09-13'),(1031,'2023-10-07',58,37,1,0,2,'2024-05-14'),(1032,'2023-10-07',51,7,1,0,1,'2024-01-16'),(1033,'2023-10-07',54,7,1,0,1,'2023-10-13'),(1034,'2023-10-07',56,7,1,0,1,'2023-12-12'),(1035,'2023-10-07',57,7,1,0,1,'2023-10-17'),(1036,'2023-10-07',19,25,1,0,1,'2023-10-26'),(1037,'2023-10-07',19,25,1,1,1,'2023-10-13'),(1038,'2023-10-07',51,7,1,1,2,'2024-12-06'),(1039,'2023-10-07',56,7,1,1,2,'2025-05-01'),(1040,'2023-10-07',57,7,1,1,2,'2024-06-07'),(1041,'2023-10-07',52,7,1,1,1,'2023-10-26'),(1042,'2023-10-07',52,7,1,0,1,'2023-10-26'),(1043,'2023-10-07',54,7,1,1,2,'2024-09-09'),(1044,'2023-10-07',3,34,1,1,2,'2024-01-03'),(1045,'2023-10-07',81,33,1,0,1,'2023-10-13'),(1046,'2023-10-07',5,27,1,0,1,'2023-10-11'),(1047,'2023-10-07',3,34,3,0,1,'2023-10-13'),(1048,'2023-10-07',3,34,3,0,2,'2025-01-27'),(1049,'2023-10-07',7,27,1,0,1,'2023-10-11'),(1050,'2023-10-08',58,37,1,0,2,'2024-05-14'),(1051,'2023-10-08',51,7,1,1,1,'2024-12-06'),(1052,'2023-10-08',54,7,1,1,1,'2024-05-28'),(1053,'2023-10-08',56,7,1,1,1,'2024-02-08'),(1054,'2023-10-08',57,7,1,1,1,'2024-01-09'),(1055,'2023-10-08',80,19,1,0,1,'2024-09-20'),(1056,'2023-10-08',51,7,1,0,1,'2024-12-06'),(1057,'2023-10-08',54,7,1,0,1,'2024-05-28'),(1058,'2023-10-08',56,7,1,0,1,'2024-05-03'),(1059,'2023-10-08',82,35,1,0,1,'2024-04-05'),(1060,'2023-10-08',57,7,1,0,1,'2024-03-08'),(1061,'2023-10-08',83,35,1,0,1,'2024-07-23'),(1062,'2023-10-08',80,19,1,0,2,'2024-09-20'),(1063,'2023-10-08',24,38,1,0,1,'2024-06-03'),(1064,'2023-10-08',25,38,1,0,1,'2024-02-28'),(1065,'2023-10-08',85,20,1,0,1,'2023-11-16'),(1066,'2023-10-08',19,25,1,0,1,'2023-10-26'),(1067,'2023-10-08',24,38,1,0,2,'2024-09-23'),(1068,'2023-10-08',25,38,1,0,2,'2024-02-28'),(1069,'2023-10-08',80,19,1,0,3,'2024-09-20'),(1070,'2023-10-08',58,37,1,0,1,'2024-04-16'),(1071,'2023-10-08',51,7,1,1,2,'2026-02-13'),(1072,'2023-10-08',56,7,1,1,2,'2024-05-09'),(1073,'2023-10-08',57,7,1,1,2,'2024-05-16'),(1074,'2023-10-08',19,25,1,1,1,'2023-10-20'),(1075,'2023-10-08',3,34,1,1,2,'2023-10-26'),(1076,'2023-10-08',5,27,1,0,1,'2024-07-02'),(1077,'2023-10-08',3,34,3,0,1,'2024-02-16'),(1078,'2023-10-08',82,35,1,0,2,'2024-04-05'),(1079,'2023-10-08',83,35,1,0,2,'2024-07-30'),(1080,'2023-10-08',10,36,1,0,1,'2024-01-02'),(1081,'2023-10-09',82,35,1,0,1,'2024-04-05'),(1082,'2023-10-09',83,35,1,0,1,'2024-07-23'),(1083,'2023-10-09',80,19,1,0,1,'2024-09-20'),(1084,'2023-10-09',58,37,1,0,1,'2023-10-24'),(1085,'2023-10-09',58,37,1,0,2,'2024-05-14'),(1086,'2023-10-09',51,7,1,1,1,'2024-05-14'),(1087,'2023-10-09',56,7,1,1,1,'2023-10-12'),(1088,'2023-10-09',57,7,1,1,1,'2024-03-28'),(1089,'2023-10-09',19,25,1,0,1,'2023-10-19'),(1090,'2023-10-09',85,20,1,0,1,'2023-11-16'),(1091,'2023-10-09',24,38,1,0,1,'2023-10-12'),(1092,'2023-10-09',25,38,1,0,1,'2023-10-30'),(1093,'2023-10-09',80,19,1,0,2,'2024-09-20'),(1094,'2023-10-09',24,38,1,0,2,'2024-03-19'),(1095,'2023-10-09',25,38,1,0,2,'2024-08-14'),(1096,'2023-10-09',51,7,1,0,1,'2024-05-14'),(1097,'2023-10-09',56,7,1,0,1,'2023-10-30'),(1098,'2023-10-09',57,7,1,0,1,'2024-03-28'),(1099,'2023-10-09',51,7,1,1,2,'2026-02-06'),(1100,'2023-10-09',56,7,1,1,2,'2024-11-15'),(1101,'2023-10-09',57,7,1,1,2,'2024-03-28'),(1102,'2023-10-09',10,36,1,0,1,'2023-10-11'),(1103,'2023-10-09',19,25,1,1,1,'2023-10-16'),(1104,'2023-10-09',3,34,1,1,2,'2023-10-23'),(1105,'2023-10-09',3,34,3,0,1,'2023-10-18'),(1106,'2023-10-09',3,34,3,0,2,'2023-10-18'),(1107,'2023-10-09',54,7,1,1,1,'2023-12-21'),(1108,'2023-10-09',54,7,1,0,1,'2024-02-02'),(1109,'2023-10-09',80,19,1,1,1,'2023-10-11'),(1110,'2023-10-09',80,19,1,1,2,'2024-04-19'),(1111,'2023-10-09',5,27,1,0,1,'2024-07-16'),(1112,'2023-10-09',7,27,1,0,1,'2023-11-29'),(1113,'2023-10-09',9,36,1,0,1,'2023-10-11'),(1114,'2023-10-09',81,33,1,0,1,'2023-10-13'),(1115,'2023-10-10',82,35,1,0,1,'2023-10-18'),(1116,'2023-10-10',83,35,1,0,1,'2024-07-23'),(1117,'2023-10-10',58,37,1,0,2,'2024-05-14'),(1118,'2023-10-10',51,7,1,1,1,'2023-10-17'),(1119,'2023-10-10',56,7,1,1,1,'2023-10-13'),(1120,'2023-10-10',57,7,1,1,1,'2023-10-12'),(1121,'2023-10-10',24,38,1,0,2,'2025-01-14'),(1122,'2023-10-10',25,38,1,0,2,'2024-01-02'),(1123,'2023-10-10',80,19,1,1,1,'2023-10-11'),(1124,'2023-10-10',51,7,1,0,1,'2024-01-11'),(1125,'2023-10-10',56,7,1,0,1,'2024-01-25'),(1126,'2023-10-10',57,7,1,0,1,'2023-10-12'),(1127,'2023-10-10',80,19,1,1,2,'2023-10-11'),(1128,'2023-10-10',85,20,1,0,1,'2023-10-18'),(1129,'2023-10-10',58,37,1,0,1,'2023-10-24'),(1130,'2023-10-10',51,7,1,1,2,'2026-01-12'),(1131,'2023-10-10',56,7,1,1,2,'2024-08-05'),(1132,'2023-10-10',57,7,1,1,2,'2024-05-13'),(1133,'2023-10-10',24,38,1,0,1,'2023-10-17'),(1134,'2023-10-10',25,38,1,0,1,'2024-01-02'),(1135,'2023-10-10',19,25,1,1,1,'2023-10-12'),(1136,'2023-10-10',3,34,1,1,2,'2024-01-03'),(1137,'2023-10-10',3,34,3,0,1,'2024-07-24'),(1138,'2023-10-10',5,27,1,0,1,'2023-10-12'),(1139,'2023-10-10',7,27,1,0,1,'2023-10-18'),(1140,'2023-10-10',54,7,1,0,1,'2024-06-17'),(1141,'2023-10-10',54,7,1,1,1,'2023-10-13'),(1142,'2023-10-10',55,7,1,0,1,'2023-10-16'),(1143,'2023-10-10',82,35,1,0,2,'2023-11-15'),(1144,'2023-10-10',83,35,1,0,2,'2024-07-30'),(1145,'2023-10-10',80,19,1,0,1,'2024-08-23'),(1146,'2023-10-10',80,19,1,0,2,'2024-09-20'),(1147,'2023-10-10',19,25,1,0,1,'2023-10-26'),(1148,'2023-10-10',54,7,1,1,2,'2024-06-17'),(1149,'2023-10-11',85,20,1,0,1,'2023-10-18'),(1150,'2023-10-11',51,7,1,0,1,'2023-10-16'),(1151,'2023-10-11',54,7,1,0,1,'2023-10-13'),(1152,'2023-10-11',56,7,1,0,1,'2023-10-13'),(1153,'2023-10-11',51,7,1,1,1,'2023-10-16'),(1154,'2023-10-11',54,7,1,1,1,'2023-10-13'),(1155,'2023-10-11',57,7,1,0,1,'2023-10-13'),(1156,'2023-10-11',56,7,1,1,1,'2023-10-13'),(1157,'2023-10-11',57,7,1,1,1,'2023-10-13'),(1158,'2023-10-11',58,37,1,0,1,'2023-11-16'),(1159,'2023-10-11',82,35,1,0,1,'2023-11-15'),(1160,'2023-10-11',83,35,1,0,1,'2024-07-23'),(1161,'2023-10-11',58,37,1,0,2,'2023-11-16'),(1162,'2023-10-11',24,38,1,0,1,'2023-11-15'),(1163,'2023-10-11',25,38,1,0,1,'2023-10-26'),(1164,'2023-10-11',24,38,1,0,2,'2023-11-15'),(1165,'2023-10-11',25,38,1,0,2,'2023-10-26'),(1166,'2023-10-11',80,19,1,1,2,'2023-10-13'),(1167,'2023-10-11',80,19,1,1,1,'2023-10-13'),(1168,'2023-10-11',19,25,1,1,1,'2023-10-12'),(1169,'2023-10-11',3,34,3,0,1,'2023-12-11'),(1170,'2023-10-11',51,7,1,1,2,'2024-04-04'),(1171,'2023-10-11',54,7,1,1,2,'2023-10-13'),(1172,'2023-10-11',56,7,1,1,2,'2023-10-19'),(1173,'2023-10-11',57,7,1,1,2,'2024-02-29'),(1174,'2023-10-11',3,34,1,1,2,'2023-11-03'),(1175,'2023-10-11',80,19,1,0,1,'2024-04-26'),(1176,'2023-10-11',5,27,1,0,1,'2023-10-16'),(1177,'2023-10-11',55,7,1,1,1,'2023-10-16'),(1178,'2023-10-11',55,7,1,0,1,'2023-10-16'),(1179,'2023-10-11',19,25,1,0,1,'2024-02-08'),(1180,'2023-10-11',3,34,1,1,1,'2023-10-25'),(1181,'2023-10-11',80,19,1,0,3,'2024-09-20'),(1182,'2023-10-11',80,19,1,0,2,'2024-04-26'),(1183,'2023-10-11',81,33,1,0,1,'2023-10-19'),(1184,'2023-10-11',52,7,1,0,1,'2023-10-24'),(1185,'2023-10-11',52,7,1,1,1,'2023-10-24'),(1186,'2023-10-11',52,7,1,1,2,'2023-10-31'),(1187,'2023-10-11',82,35,1,0,2,'2023-12-04'),(1188,'2023-10-11',83,35,1,0,2,'2024-07-23'),(1189,'2023-10-12',51,7,1,0,1,'2023-10-25'),(1190,'2023-10-12',54,7,1,0,1,'2023-10-17'),(1191,'2023-10-12',56,7,1,0,1,'2023-10-19'),(1192,'2023-10-12',57,7,1,0,1,'2023-10-17'),(1193,'2023-10-12',58,37,1,0,2,'2024-05-15'),(1194,'2023-10-12',80,19,1,1,1,'2023-10-13'),(1195,'2023-10-12',82,35,1,0,1,'2023-12-04'),(1196,'2023-10-12',83,35,1,0,1,'2024-07-23'),(1197,'2023-10-12',51,7,1,1,1,'2023-10-25'),(1198,'2023-10-12',54,7,1,1,1,'2023-10-16'),(1199,'2023-10-12',56,7,1,1,1,'2023-10-17'),(1200,'2023-10-12',57,7,1,1,1,'2023-10-17'),(1201,'2023-10-12',24,38,1,0,2,'2024-07-15'),(1202,'2023-10-12',25,38,1,0,2,'2025-01-03'),(1203,'2023-10-12',24,38,1,0,1,'2024-03-04'),(1204,'2023-10-12',25,38,1,0,1,'2023-10-24'),(1205,'2023-10-12',85,20,1,0,1,'2023-11-16'),(1206,'2023-10-12',80,19,1,1,2,'2023-10-18'),(1207,'2023-10-12',58,37,1,0,1,'2024-01-02'),(1208,'2023-10-12',51,7,1,1,2,'2024-07-31'),(1209,'2023-10-12',54,7,1,1,2,'2023-10-25'),(1210,'2023-10-12',56,7,1,1,2,'2024-05-08'),(1211,'2023-10-12',57,7,1,1,2,'2023-10-17'),(1212,'2023-10-12',19,25,1,1,1,'2023-10-17'),(1213,'2023-10-12',3,34,1,1,1,'2023-10-16'),(1214,'2023-10-12',81,33,1,0,1,'2023-10-13'),(1215,'2023-10-12',3,34,1,1,2,'2023-11-03'),(1216,'2023-10-12',52,7,1,1,1,'2023-11-09'),(1217,'2023-10-12',52,7,1,0,1,'2023-11-09'),(1218,'2023-10-12',52,7,1,1,2,'2023-11-14'),(1219,'2023-10-12',5,27,1,0,1,'2024-06-18'),(1220,'2023-10-12',3,34,3,0,1,'2023-10-23'),(1221,'2023-10-12',3,34,3,0,2,'2025-05-22'),(1222,'2023-10-12',80,19,1,0,1,'2024-09-06'),(1223,'2023-10-12',80,19,1,0,2,'2024-09-27'),(1224,'2023-10-12',80,19,1,0,3,'2024-09-27'),(1225,'2023-10-12',51,7,1,0,2,'2024-08-26'),(1226,'2023-10-12',54,7,1,0,2,'2023-11-03'),(1227,'2023-10-12',56,7,1,0,2,'2023-11-22'),(1228,'2023-10-12',57,7,1,0,2,'2023-10-17'),(1229,'2023-10-12',55,7,1,0,1,'2023-11-09'),(1230,'2023-10-12',5,27,1,0,2,'2024-07-24'),(1231,'2023-10-12',19,25,1,0,1,'2023-10-19'),(1232,'2023-10-13',80,19,1,0,1,'2024-08-16'),(1233,'2023-10-13',80,19,1,0,2,'2024-08-16'),(1234,'2023-10-13',82,35,1,0,1,'2023-12-04'),(1235,'2023-10-13',83,35,1,0,1,'2024-07-23'),(1236,'2023-10-13',51,7,1,1,1,'2023-10-30'),(1237,'2023-10-13',54,7,1,1,1,'2023-10-25'),(1238,'2023-10-13',56,7,1,1,1,'2024-04-23'),(1239,'2023-10-13',57,7,1,1,1,'2023-10-25'),(1240,'2023-10-13',5,27,1,0,1,'2024-07-10'),(1241,'2023-10-13',51,7,1,0,1,'2023-10-30'),(1242,'2023-10-13',54,7,1,0,1,'2023-10-25'),(1243,'2023-10-13',56,7,1,0,1,'2023-10-19'),(1244,'2023-10-13',57,7,1,0,1,'2023-12-08'),(1245,'2023-10-13',80,19,1,1,1,'2023-10-16'),(1246,'2023-10-13',85,20,1,0,1,'2023-11-13'),(1247,'2023-10-13',24,38,1,0,2,'2025-01-13'),(1248,'2023-10-13',25,38,1,0,2,'2025-01-23'),(1249,'2023-10-13',24,38,1,0,1,'2023-11-06'),(1250,'2023-10-13',25,38,1,0,1,'2024-01-02'),(1251,'2023-10-13',80,19,1,0,3,'2024-09-27'),(1252,'2023-10-13',58,37,1,0,1,'2023-10-24'),(1253,'2023-10-13',80,19,1,1,2,'2023-10-16'),(1254,'2023-10-13',58,37,1,0,2,'2024-05-15'),(1255,'2023-10-13',3,34,1,1,1,'2023-10-16'),(1256,'2023-10-13',51,7,1,1,2,'2025-01-27'),(1257,'2023-10-13',54,7,1,1,2,'2025-01-17'),(1258,'2023-10-13',56,7,1,1,2,'2024-06-21'),(1259,'2023-10-13',57,7,1,1,2,'2024-04-29'),(1260,'2023-10-13',19,25,1,1,1,'2023-10-20'),(1261,'2023-10-13',51,7,1,0,2,'2025-01-27'),(1262,'2023-10-13',54,7,1,0,2,'2025-01-17'),(1263,'2023-10-13',56,7,1,0,2,'2024-06-21'),(1264,'2023-10-13',57,7,1,0,2,'2024-04-29'),(1265,'2023-10-13',3,34,3,0,1,'2023-11-13'),(1266,'2023-10-13',3,34,3,0,2,'2023-11-13'),(1267,'2023-10-13',3,34,1,1,2,'2024-01-12'),(1268,'2023-10-13',19,25,1,0,1,'2023-10-26'),(1269,'2023-10-13',82,35,1,0,2,'2023-12-05'),(1270,'2023-10-13',83,35,1,0,2,'2024-07-23'),(1271,'2023-10-13',52,7,1,0,1,'2023-11-14'),(1272,'2023-10-13',81,33,1,0,1,'2023-10-19'),(1273,'2023-10-13',29,5,1,0,1,'2023-10-17'),(1274,'2023-10-13',30,5,1,0,1,'2023-10-16'),(1275,'2023-10-13',31,5,1,0,1,'2023-10-16'),(1276,'2023-10-13',32,5,1,0,1,'2023-10-16'),(1277,'2023-10-13',33,5,1,0,1,'2023-10-16'),(1278,'2023-10-13',10,36,1,0,1,'2023-10-30'),(1279,'2023-10-13',77,26,1,0,1,'2024-06-03'),(1280,'2023-10-13',8,28,1,0,1,'2023-10-26'),(1281,'2023-10-13',76,24,1,0,1,'2026-02-03'),(1282,'2023-10-13',9,36,1,0,1,'2023-10-16'),(1283,'2023-10-13',3,34,1,0,1,'2024-02-28'),(1284,'2023-10-13',35,13,1,1,1,'2025-10-27'),(1285,'2023-10-13',36,13,1,1,1,'2025-08-01'),(1286,'2023-10-13',37,13,1,1,1,'2025-03-26'),(1287,'2023-10-13',38,13,1,1,1,'2025-01-29'),(1288,'2023-10-13',39,13,1,1,1,'2025-01-30'),(1289,'2023-10-13',40,13,1,1,1,'2025-05-21'),(1290,'2023-10-13',48,13,1,1,1,'2024-10-15'),(1291,'2023-10-13',42,13,1,1,1,'2025-05-27'),(1292,'2023-10-13',50,13,1,1,1,'2025-02-21'),(1293,'2023-10-13',43,13,1,1,1,'2024-08-09'),(1294,'2023-10-13',35,13,1,0,1,'2025-12-11'),(1295,'2023-10-13',36,13,1,0,1,'2025-08-26'),(1296,'2023-10-13',37,13,1,0,1,'2025-03-26'),(1297,'2023-10-13',38,13,1,0,1,'2025-01-29'),(1298,'2023-10-13',39,13,1,0,1,'2025-07-07'),(1299,'2023-10-13',40,13,1,0,1,'2025-10-14'),(1300,'2023-10-13',48,13,1,0,1,'2025-07-10'),(1301,'2023-10-13',42,13,1,0,1,'2025-05-27'),(1302,'2023-10-13',50,13,1,0,1,'2025-02-27'),(1303,'2023-10-13',43,13,1,0,1,'2025-04-15'),(1304,'2023-10-13',36,13,1,1,3,'2026-01-20'),(1305,'2023-10-13',37,13,1,1,3,'2025-09-22'),(1306,'2023-10-13',38,13,1,1,3,'2024-01-05'),(1307,'2023-10-13',39,13,1,1,3,'2025-10-20'),(1308,'2023-10-13',40,13,1,1,3,'2024-11-29'),(1309,'2023-10-13',48,13,1,1,3,'2025-10-06'),(1310,'2023-10-13',42,13,1,1,3,'2025-01-13'),(1311,'2023-10-13',50,13,1,1,3,'2025-06-13'),(1312,'2023-10-13',43,13,1,1,3,'2025-11-18'),(1313,'2023-10-13',36,13,1,0,3,'2026-01-21'),(1314,'2023-10-13',37,13,1,0,3,'2025-09-22'),(1315,'2023-10-13',38,13,1,0,3,'2025-05-06'),(1316,'2023-10-13',39,13,1,0,3,'2025-10-22'),(1317,'2023-10-13',40,13,1,0,3,'2026-02-03'),(1318,'2023-10-13',48,13,1,0,3,'2025-10-06'),(1319,'2023-10-13',42,13,1,0,3,'2025-10-09'),(1320,'2023-10-13',50,13,1,0,3,'2025-07-01'),(1321,'2023-10-13',43,13,1,0,3,'2025-11-18'),(1322,'2023-10-14',82,35,1,0,1,'2023-12-04'),(1323,'2023-10-14',83,35,1,0,1,'2024-07-23'),(1324,'2023-10-14',76,24,1,0,1,'2026-02-03'),(1325,'2023-10-14',58,37,1,0,1,'2023-10-23'),(1326,'2023-10-14',58,37,1,0,2,'2024-05-16'),(1327,'2023-10-14',5,27,1,0,1,'2024-07-30'),(1328,'2023-10-14',80,19,1,0,1,'2024-09-06'),(1329,'2023-10-14',51,7,1,0,1,'2024-04-09'),(1330,'2023-10-14',54,7,1,0,1,'2023-11-14'),(1331,'2023-10-14',56,7,1,0,1,'2024-01-26'),(1332,'2023-10-14',57,7,1,0,1,'2023-11-08'),(1333,'2023-10-14',51,7,1,1,1,'2024-05-02'),(1334,'2023-10-14',54,7,1,1,1,'2023-11-16'),(1335,'2023-10-14',56,7,1,1,1,'2024-01-26'),(1336,'2023-10-14',57,7,1,1,1,'2024-01-10'),(1337,'2023-10-14',80,19,1,0,2,'2024-09-27'),(1338,'2023-10-14',80,19,1,1,1,'2023-10-18'),(1339,'2023-10-14',10,36,1,0,1,'2023-10-30'),(1340,'2023-10-14',24,38,1,0,1,'2024-01-25'),(1341,'2023-10-14',25,38,1,0,1,'2024-02-16'),(1342,'2023-10-14',24,38,1,0,2,'2024-11-20'),(1343,'2023-10-14',25,38,1,0,2,'2025-01-27'),(1344,'2023-10-14',80,19,1,1,2,'2023-10-18'),(1345,'2023-10-14',85,20,1,0,1,'2023-11-03'),(1346,'2023-10-14',36,13,1,1,3,'2023-10-17'),(1347,'2023-10-14',37,13,1,1,3,'2025-07-01'),(1348,'2023-10-14',38,13,1,1,3,'2023-10-24'),(1349,'2023-10-14',39,13,1,1,3,'2025-10-22'),(1350,'2023-10-14',40,13,1,1,3,'2024-11-29'),(1351,'2023-10-14',48,13,1,1,3,'2023-11-16'),(1352,'2023-10-14',42,13,1,1,3,'2025-04-28'),(1353,'2023-10-14',50,13,1,1,3,'2025-06-26'),(1354,'2023-10-14',43,13,1,1,3,'2023-10-20'),(1355,'2023-10-14',29,5,1,0,1,'2023-10-17'),(1356,'2023-10-14',30,5,1,0,1,'2023-10-17'),(1357,'2023-10-14',31,5,1,0,1,'2023-10-16'),(1358,'2023-10-14',32,5,1,0,1,'2023-10-17'),(1359,'2023-10-14',33,5,1,0,1,'2023-10-17'),(1360,'2023-10-14',77,26,1,0,1,'2024-06-03'),(1361,'2023-10-14',8,28,1,0,1,'2023-10-20'),(1362,'2023-10-14',51,7,1,1,2,'2024-05-08'),(1363,'2023-10-14',54,7,1,1,2,'2024-01-02'),(1364,'2023-10-14',56,7,1,1,2,'2024-05-02'),(1365,'2023-10-14',57,7,1,1,2,'2024-04-19'),(1366,'2023-10-14',51,7,1,0,2,'2024-05-08'),(1367,'2023-10-14',54,7,1,0,2,'2024-01-12'),(1368,'2023-10-14',56,7,1,0,2,'2024-05-02'),(1369,'2023-10-14',57,7,1,0,2,'2024-04-19'),(1370,'2023-10-14',3,34,1,1,1,'2023-10-18'),(1371,'2023-10-14',19,25,1,1,1,'2023-10-24'),(1372,'2023-10-14',2,32,1,0,1,'2023-10-19'),(1373,'2023-10-14',7,27,1,0,1,'2023-11-08'),(1374,'2023-10-14',19,25,1,0,1,'2024-02-01'),(1375,'2023-10-14',3,34,1,1,2,'2023-12-14'),(1376,'2023-10-14',3,34,1,0,1,'2023-10-25'),(1377,'2023-10-14',3,34,3,0,1,'2023-10-25'),(1378,'2023-10-14',35,13,1,1,3,'2024-07-11'),(1379,'2023-10-14',24,38,1,1,1,'2023-10-26'),(1380,'2023-10-14',25,38,1,1,1,'2023-10-25'),(1381,'2023-10-14',82,35,1,0,2,'2023-12-05'),(1382,'2023-10-14',83,35,1,0,2,'2024-07-30'),(1383,'2023-10-14',52,7,1,1,1,'2023-10-26'),(1384,'2023-10-15',80,19,1,0,1,'2023-10-27'),(1385,'2023-10-15',80,19,1,1,1,'2023-12-06'),(1386,'2023-10-15',80,19,1,1,2,'2024-06-26'),(1387,'2023-10-15',5,27,1,0,1,'2024-07-31'),(1388,'2023-10-15',82,35,1,0,1,'2023-10-18'),(1389,'2023-10-15',83,35,1,0,1,'2024-07-23'),(1390,'2023-10-15',51,7,1,0,1,'2024-03-19'),(1391,'2023-10-15',54,7,1,0,1,'2023-11-16'),(1392,'2023-10-15',56,7,1,0,1,'2023-11-09'),(1393,'2023-10-15',57,7,1,0,1,'2023-11-20'),(1394,'2023-10-15',85,20,1,0,1,'2023-11-09'),(1395,'2023-10-15',51,7,1,1,1,'2024-03-19'),(1396,'2023-10-15',54,7,1,1,1,'2023-11-03'),(1397,'2023-10-15',56,7,1,1,1,'2024-05-16'),(1398,'2023-10-15',57,7,1,1,1,'2024-02-02'),(1399,'2023-10-15',58,37,1,0,1,'2024-02-26'),(1400,'2023-10-15',25,38,1,0,1,'2024-05-24'),(1401,'2023-10-15',77,26,1,0,1,'2024-06-03'),(1402,'2023-10-15',10,36,1,0,1,'2023-11-01'),(1403,'2023-10-15',25,38,1,0,2,'2024-05-24'),(1404,'2023-10-15',29,5,1,0,1,'2023-10-17'),(1405,'2023-10-15',30,5,1,0,1,'2023-10-17'),(1406,'2023-10-15',31,5,1,0,1,'2023-10-16'),(1407,'2023-10-15',32,5,1,0,1,'2023-10-17'),(1408,'2023-10-15',33,5,1,0,1,'2023-10-17'),(1409,'2023-10-15',58,37,1,0,2,'2024-05-20'),(1410,'2023-10-15',8,28,1,0,1,'2023-10-20'),(1411,'2023-10-15',76,24,1,0,1,'2026-02-03'),(1412,'2023-10-15',51,7,1,1,2,'2024-03-19'),(1413,'2023-10-15',54,7,1,1,2,'2025-05-01'),(1414,'2023-10-15',56,7,1,1,2,'2024-08-15'),(1415,'2023-10-15',57,7,1,1,2,'2024-06-28'),(1416,'2023-10-15',24,38,1,0,1,'2024-12-09'),(1417,'2023-10-15',36,13,1,1,3,'2026-01-07'),(1418,'2023-10-15',37,13,1,1,3,'2025-09-22'),(1419,'2023-10-15',38,13,1,1,3,'2023-10-19'),(1420,'2023-10-15',39,13,1,1,3,'2025-10-27'),(1421,'2023-10-15',40,13,1,1,3,'2025-12-16'),(1422,'2023-10-15',48,13,1,1,3,'2025-08-22'),(1423,'2023-10-15',42,13,1,1,3,'2025-10-14'),(1424,'2023-10-15',50,13,1,1,3,'2025-06-23'),(1425,'2023-10-15',43,13,1,1,3,'2025-11-24'),(1426,'2023-10-15',3,34,1,1,1,'2023-10-26'),(1427,'2023-10-15',51,7,1,0,2,'2024-04-09'),(1428,'2023-10-15',54,7,1,0,2,'2025-05-01'),(1429,'2023-10-15',56,7,1,0,2,'2024-09-13'),(1430,'2023-10-15',57,7,1,0,2,'2024-06-28'),(1431,'2023-10-15',7,27,1,0,1,'2023-11-22'),(1432,'2023-10-15',82,35,1,0,2,'2023-10-18'),(1433,'2023-10-15',83,35,1,0,2,'2024-07-30'),(1434,'2023-10-15',19,25,1,1,1,'2023-10-17'),(1435,'2023-10-15',3,34,1,1,2,'2024-02-07'),(1436,'2023-10-15',35,13,1,1,3,'2025-10-28'),(1437,'2023-10-15',3,34,1,0,1,'2023-11-13'),(1438,'2023-10-15',3,34,3,0,1,'2025-04-11'),(1439,'2023-10-15',73,8,1,0,1,'2023-10-17'),(1440,'2023-10-16',5,27,1,0,1,'2023-10-18'),(1441,'2023-10-16',82,35,1,0,1,'2023-11-27'),(1442,'2023-10-16',83,35,1,0,1,'2024-07-09'),(1443,'2023-10-16',51,7,1,1,1,'2024-05-07'),(1444,'2023-10-16',54,7,1,1,1,'2023-12-04'),(1445,'2023-10-16',56,7,1,1,1,'2024-03-26'),(1446,'2023-10-16',57,7,1,1,1,'2024-02-09'),(1447,'2023-10-16',51,7,1,0,1,'2024-05-07'),(1448,'2023-10-16',54,7,1,0,1,'2023-12-12'),(1449,'2023-10-16',56,7,1,0,1,'2024-03-26'),(1450,'2023-10-16',57,7,1,0,1,'2023-10-23'),(1451,'2023-10-16',29,5,1,0,1,'2023-10-17'),(1452,'2023-10-16',30,5,1,0,1,'2023-10-17'),(1453,'2023-10-16',31,5,1,0,1,'2023-10-17'),(1454,'2023-10-16',32,5,1,0,1,'2023-10-17'),(1455,'2023-10-16',33,5,1,0,1,'2023-10-17'),(1456,'2023-10-16',10,36,1,0,1,'2023-11-01'),(1457,'2023-10-16',24,38,1,0,1,'2023-10-18'),(1458,'2023-10-16',25,38,1,0,1,'2024-03-01'),(1459,'2023-10-16',51,7,1,0,2,'2024-11-13'),(1460,'2023-10-16',54,7,1,0,2,'2025-08-14'),(1461,'2023-10-16',56,7,1,0,2,'2024-09-11'),(1462,'2023-10-16',57,7,1,0,2,'2024-09-20'),(1463,'2023-10-16',51,7,1,1,2,'2024-05-22'),(1464,'2023-10-16',54,7,1,1,2,'2025-08-14'),(1465,'2023-10-16',56,7,1,1,2,'2024-09-11'),(1466,'2023-10-16',57,7,1,1,2,'2024-04-26'),(1467,'2023-10-16',3,34,1,1,1,'2023-10-18'),(1468,'2023-10-16',19,25,1,1,1,'2023-10-17'),(1469,'2023-10-16',36,13,1,1,3,'2023-10-31'),(1470,'2023-10-16',37,13,1,1,3,'2025-08-25'),(1471,'2023-10-16',38,13,1,1,3,'2024-04-03'),(1472,'2023-10-16',39,13,1,1,3,'2025-10-23'),(1473,'2023-10-16',40,13,1,1,3,'2025-10-16'),(1474,'2023-10-16',48,13,1,1,3,'2025-09-08'),(1475,'2023-10-16',42,13,1,1,3,'2025-10-14'),(1476,'2023-10-16',50,13,1,1,3,'2025-06-09'),(1477,'2023-10-16',43,13,1,1,3,'2025-11-24'),(1478,'2023-10-16',3,34,1,1,2,'2023-11-29'),(1479,'2023-10-16',80,19,1,1,2,'2023-10-27'),(1480,'2023-10-16',7,27,1,0,1,'2023-10-18'),(1481,'2023-10-16',24,38,1,0,2,'2024-11-05'),(1482,'2023-10-16',25,38,1,0,2,'2024-03-01'),(1483,'2023-10-16',3,34,1,0,1,'2023-10-23'),(1484,'2023-10-16',81,33,1,0,1,'2023-10-18'),(1485,'2023-10-16',9,36,1,0,1,'2023-10-17'),(1486,'2023-10-16',80,19,1,0,2,'2023-11-17'),(1487,'2023-10-16',80,19,1,0,1,'2023-11-17'),(1488,'2023-10-16',80,19,1,0,3,'2023-11-17'),(1489,'2023-10-16',5,27,1,0,2,'2024-08-07'),(1490,'2023-10-16',81,33,3,0,1,'2023-10-18'),(1491,'2023-10-16',80,19,1,1,1,'2023-10-27'),(1492,'2023-10-16',58,37,1,0,1,'2023-11-07'),(1493,'2023-10-16',24,38,1,1,2,'2023-10-20'),(1494,'2023-10-16',25,38,1,1,2,'2023-10-27'),(1495,'2023-10-16',24,38,1,1,1,'2023-10-20'),(1496,'2023-10-16',25,38,1,1,1,'2023-10-25'),(1497,'2023-10-16',17,21,3,0,1,'2023-10-17'),(1498,'2023-10-16',85,20,1,0,1,'2023-11-03'),(1499,'2023-10-16',17,21,1,0,4,'2023-10-24'),(1500,'2023-10-16',51,7,3,0,1,'2023-10-31'),(1501,'2023-10-16',52,7,3,0,1,'2023-11-02'),(1502,'2023-10-16',54,7,3,0,1,'2023-11-16'),(1503,'2023-10-16',55,7,3,0,1,'2023-10-23'),(1504,'2023-10-16',56,7,3,0,1,'2023-11-16'),(1505,'2023-10-16',57,7,3,0,1,'2023-10-19'),(1506,'2023-10-16',80,19,1,1,3,'2024-07-19'),(1507,'2023-10-16',17,21,3,0,4,'2023-10-24'),(1508,'2023-10-16',17,21,1,0,1,'2023-10-17'),(1509,'2023-10-16',35,13,1,1,3,'2023-10-18'),(1510,'2023-10-16',19,25,1,0,1,'2023-12-21'),(1511,'2023-10-16',19,25,3,0,2,'2024-02-01'),(1512,'2023-10-16',73,8,1,0,1,'2025-03-24'),(1513,'2023-10-17',82,35,1,0,1,'2023-10-19'),(1514,'2023-10-17',83,35,1,0,1,'2024-07-09'),(1515,'2023-10-17',80,19,1,0,1,'2024-03-15'),(1516,'2023-10-17',80,19,1,1,1,'2023-10-18'),(1517,'2023-10-17',51,7,1,0,1,'2024-03-04'),(1518,'2023-10-17',54,7,1,0,1,'2023-12-11'),(1519,'2023-10-17',56,7,1,0,1,'2023-11-17'),(1520,'2023-10-17',57,7,1,0,1,'2023-10-23'),(1521,'2023-10-17',5,27,1,0,1,'2023-10-23'),(1522,'2023-10-17',80,19,1,0,2,'2024-09-27'),(1523,'2023-10-17',80,19,1,0,3,'2024-09-27'),(1524,'2023-10-17',51,7,1,1,1,'2024-03-04'),(1525,'2023-10-17',54,7,1,1,1,'2023-11-09'),(1526,'2023-10-17',56,7,1,1,1,'2024-01-26'),(1527,'2023-10-17',57,7,1,1,1,'2023-10-25'),(1528,'2023-10-17',10,36,1,0,1,'2023-10-27'),(1529,'2023-10-17',3,34,1,0,1,'2023-10-25'),(1530,'2023-10-17',24,38,1,0,1,'2023-10-30'),(1531,'2023-10-17',25,38,1,0,1,'2023-10-23'),(1532,'2023-10-17',51,7,1,0,2,'2024-05-02'),(1533,'2023-10-17',54,7,1,0,2,'2025-08-21'),(1534,'2023-10-17',56,7,1,0,2,'2024-08-16'),(1535,'2023-10-17',57,7,1,0,2,'2024-07-26'),(1536,'2023-10-17',5,27,1,0,2,'2024-07-24'),(1537,'2023-10-17',51,7,1,1,2,'2024-05-02'),(1538,'2023-10-17',54,7,1,1,2,'2025-08-21'),(1539,'2023-10-17',56,7,1,1,2,'2024-02-20'),(1540,'2023-10-17',57,7,1,1,2,'2024-07-26'),(1541,'2023-10-17',19,25,1,1,1,'2023-10-19'),(1542,'2023-10-17',29,5,1,0,1,'2023-10-19'),(1543,'2023-10-17',30,5,1,0,1,'2023-10-18'),(1544,'2023-10-17',31,5,1,0,1,'2023-10-19'),(1545,'2023-10-17',32,5,1,0,1,'2023-10-18'),(1546,'2023-10-17',33,5,1,0,1,'2023-10-18'),(1547,'2023-10-17',3,34,1,1,1,'2023-10-18'),(1548,'2023-10-17',80,19,1,1,3,'2024-03-27'),(1549,'2023-10-17',80,19,1,1,2,'2023-10-18'),(1550,'2023-10-17',24,38,1,0,2,'2024-06-03'),(1551,'2023-10-17',25,38,1,0,2,'2024-03-01'),(1552,'2023-10-17',36,13,1,1,3,'2024-06-25'),(1553,'2023-10-17',37,13,1,1,3,'2025-07-22'),(1554,'2023-10-17',38,13,1,1,3,'2024-01-05'),(1555,'2023-10-17',39,13,1,1,3,'2023-10-19'),(1556,'2023-10-17',40,13,1,1,3,'2023-10-17'),(1557,'2023-10-17',48,13,1,1,3,'2024-08-15'),(1558,'2023-10-17',42,13,1,1,3,'2025-10-14'),(1559,'2023-10-17',50,13,1,1,3,'2025-01-15'),(1560,'2023-10-17',43,13,1,1,3,'2024-12-05'),(1561,'2023-10-17',81,33,1,0,1,'2023-10-18'),(1562,'2023-10-17',19,25,1,0,1,'2023-10-19'),(1563,'2023-10-17',19,25,3,0,2,'2024-04-04'),(1564,'2023-10-17',85,20,1,0,1,'2023-10-19'),(1565,'2023-10-17',3,34,1,1,2,'2024-02-29'),(1566,'2023-10-17',73,8,1,0,1,'2024-09-17'),(1567,'2023-10-17',17,21,1,0,1,'2023-10-19'),(1568,'2023-10-17',17,21,3,0,1,'2023-10-19'),(1569,'2023-10-17',7,27,1,0,1,'2023-11-08'),(1570,'2023-10-17',58,37,1,0,1,'2023-10-23'),(1571,'2023-10-17',24,38,1,1,2,'2023-10-25'),(1572,'2023-10-17',25,38,1,1,2,'2023-10-20'),(1573,'2023-10-17',35,13,1,1,3,'2023-10-19'),(1574,'2023-10-17',82,35,1,0,2,'2023-10-19'),(1575,'2023-10-17',83,35,1,0,2,'2024-07-30'),(1576,'2023-10-17',9,36,1,0,1,'2023-10-18'),(1577,'2023-10-17',55,7,1,1,1,'2023-10-19'),(1578,'2023-10-17',24,38,1,1,1,'2023-10-20'),(1579,'2023-10-17',25,38,1,1,1,'2023-10-20'),(1580,'2023-10-17',81,33,3,0,1,'2023-10-23'),(1581,'2023-10-17',51,7,3,0,1,'2023-10-31'),(1582,'2023-10-17',52,7,3,0,1,'2023-11-02'),(1583,'2023-10-17',54,7,3,0,1,'2023-11-17'),(1584,'2023-10-17',55,7,3,0,1,'2023-10-23'),(1585,'2023-10-17',56,7,3,0,1,'2023-11-16'),(1586,'2023-10-17',57,7,3,0,1,'2023-11-03'),(1587,'2023-10-17',17,21,3,0,4,'2023-10-26'),(1588,'2023-10-17',17,21,1,0,4,'2023-10-26'),(1589,'2023-10-18',51,7,1,1,1,'2024-05-02'),(1590,'2023-10-18',54,7,1,1,1,'2024-01-12'),(1591,'2023-10-18',56,7,1,1,1,'2024-04-19'),(1592,'2023-10-18',57,7,1,1,1,'2024-02-12'),(1593,'2023-10-18',80,19,1,0,1,'2024-09-06'),(1594,'2023-10-18',51,7,1,0,1,'2024-05-02'),(1595,'2023-10-18',3,34,1,0,1,'2023-10-26'),(1596,'2023-10-18',54,7,1,0,1,'2023-12-11'),(1597,'2023-10-18',56,7,1,0,1,'2023-12-11'),(1598,'2023-10-18',57,7,1,0,1,'2024-01-16'),(1599,'2023-10-18',82,35,1,0,1,'2023-11-27'),(1600,'2023-10-18',5,27,1,0,1,'2024-06-12'),(1601,'2023-10-18',83,35,1,0,1,'2024-07-02'),(1602,'2023-10-18',80,19,1,0,3,'2024-09-06'),(1603,'2023-10-18',5,27,1,0,2,'2024-07-24'),(1604,'2023-10-18',10,36,1,0,1,'2023-10-25'),(1605,'2023-10-18',80,19,1,0,2,'2024-09-06'),(1606,'2023-10-18',29,5,1,0,1,'2023-10-19'),(1607,'2023-10-18',30,5,1,0,1,'2023-10-19'),(1608,'2023-10-18',31,5,1,0,1,'2023-10-19'),(1609,'2023-10-18',32,5,1,0,1,'2023-10-19'),(1610,'2023-10-18',33,5,1,0,1,'2023-10-19'),(1611,'2023-10-18',80,19,1,1,1,'2023-11-22'),(1612,'2023-10-18',35,13,1,1,3,'2026-01-02'),(1613,'2023-10-18',36,13,1,1,3,'2025-06-17'),(1614,'2023-10-18',37,13,1,1,3,'2024-08-16'),(1615,'2023-10-18',38,13,1,1,3,'2024-01-22'),(1616,'2023-10-18',39,13,1,1,3,'2025-07-21'),(1617,'2023-10-18',40,13,1,1,3,'2025-05-30'),(1618,'2023-10-18',48,13,1,1,3,'2025-10-14'),(1619,'2023-10-18',42,13,1,1,3,'2025-02-11'),(1620,'2023-10-18',50,13,1,1,3,'2024-07-18'),(1621,'2023-10-18',43,13,1,1,3,'2023-10-23'),(1622,'2023-10-18',24,38,1,0,1,'2024-04-30'),(1623,'2023-10-18',25,38,1,0,1,'2023-11-01'),(1624,'2023-10-18',51,7,1,1,2,'2024-09-23'),(1625,'2023-10-18',54,7,1,1,2,'2024-09-16'),(1626,'2023-10-18',56,7,1,1,2,'2024-06-03'),(1627,'2023-10-18',57,7,1,1,2,'2024-09-05'),(1628,'2023-10-18',51,7,1,0,2,'2024-09-23'),(1629,'2023-10-18',54,7,1,0,2,'2024-09-16'),(1630,'2023-10-18',56,7,1,0,2,'2024-09-13'),(1631,'2023-10-18',57,7,1,0,2,'2025-03-24'),(1632,'2023-10-18',24,38,1,0,2,'2024-05-30'),(1633,'2023-10-18',25,38,1,0,2,'2024-03-27'),(1634,'2023-10-18',3,34,1,1,1,'2023-10-19'),(1635,'2023-10-18',51,7,3,0,1,'2023-10-31'),(1636,'2023-10-18',52,7,3,0,1,'2023-11-02'),(1637,'2023-10-18',54,7,3,0,1,'2023-11-16'),(1638,'2023-10-18',55,7,3,0,1,'2023-10-23'),(1639,'2023-10-18',56,7,3,0,1,'2023-11-16'),(1640,'2023-10-18',57,7,3,0,1,'2023-11-03'),(1641,'2023-10-18',3,34,1,1,2,'2024-01-25'),(1642,'2023-10-18',19,25,1,1,1,'2023-10-19'),(1643,'2023-10-18',24,38,1,1,1,'2023-10-24'),(1644,'2023-10-18',25,38,1,1,1,'2023-10-20'),(1645,'2023-10-18',58,37,1,0,1,'2023-10-24'),(1646,'2023-10-18',55,7,1,0,1,'2023-11-16'),(1647,'2023-10-18',55,7,1,1,2,'2023-11-16'),(1648,'2023-10-18',55,7,1,1,1,'2023-11-16'),(1649,'2023-10-18',80,19,1,1,2,'2023-11-22'),(1650,'2023-10-18',52,7,1,1,1,'2023-10-26'),(1651,'2023-10-18',52,7,1,1,2,'2023-11-09'),(1652,'2023-10-18',19,25,1,0,1,'2023-11-02'),(1653,'2023-10-18',81,33,1,0,1,'2023-10-25'),(1654,'2023-10-18',24,38,1,1,2,'2023-10-24'),(1655,'2023-10-18',25,38,1,1,2,'2023-10-20'),(1656,'2023-10-18',9,36,1,0,1,'2023-10-24'),(1657,'2023-10-18',73,8,1,0,1,'2024-12-19'),(1658,'2023-10-18',80,19,1,1,3,'2023-11-22'),(1659,'2023-10-18',85,20,1,0,1,'2023-10-27'),(1660,'2023-10-18',7,27,1,0,1,'2023-11-08'),(1661,'2023-10-18',17,21,1,0,1,'2023-10-23'),(1662,'2023-10-18',17,21,3,0,1,'2023-10-23'),(1663,'2023-10-18',24,38,1,0,5,'2025-02-20'),(1664,'2023-10-18',25,38,1,0,5,'2025-03-05'),(1665,'2023-10-18',17,21,3,0,4,'2023-11-07'),(1666,'2023-10-18',17,21,1,0,4,'2023-11-07'),(1667,'2023-10-18',82,35,1,0,2,'2023-12-06'),(1668,'2023-10-18',83,35,1,0,2,'2024-07-02'),(1669,'2023-10-18',16,1,1,0,1,'2024-10-01'),(1670,'2023-10-19',80,19,1,0,1,'2023-11-03'),(1671,'2023-10-19',80,19,1,0,3,'2023-11-03'),(1672,'2023-10-19',5,27,1,0,2,'2024-08-13'),(1673,'2023-10-19',51,7,1,0,1,'2024-05-21'),(1674,'2023-10-19',54,7,1,0,1,'2023-12-14'),(1675,'2023-10-19',51,7,1,1,1,'2024-05-21'),(1676,'2023-10-19',56,7,1,0,1,'2024-02-09'),(1677,'2023-10-19',54,7,1,1,1,'2024-08-09'),(1678,'2023-10-19',57,7,1,0,1,'2023-10-26'),(1679,'2023-10-19',56,7,1,1,1,'2024-02-09'),(1680,'2023-10-19',57,7,1,1,1,'2023-10-26'),(1681,'2023-10-19',82,35,1,0,1,'2023-11-20'),(1682,'2023-10-19',83,35,1,0,1,'2024-07-02'),(1683,'2023-10-19',80,19,1,1,1,'2023-11-03'),(1684,'2023-10-19',3,34,1,0,1,'2023-10-25'),(1685,'2023-10-19',24,38,1,0,2,'2024-06-11'),(1686,'2023-10-19',25,38,1,0,2,'2024-03-04'),(1687,'2023-10-19',10,36,1,0,1,'2023-10-25'),(1688,'2023-10-19',5,27,1,0,1,'2024-06-04'),(1689,'2023-10-19',80,19,1,0,2,'2023-11-03'),(1690,'2023-10-19',51,7,1,1,2,'2024-05-21'),(1691,'2023-10-19',54,7,1,1,2,'2025-01-28'),(1692,'2023-10-19',56,7,1,1,2,'2024-08-09'),(1693,'2023-10-19',57,7,1,1,2,'2024-06-24'),(1694,'2023-10-19',3,34,1,1,1,'2023-10-25'),(1695,'2023-10-19',36,13,1,1,3,'2025-07-21'),(1696,'2023-10-19',37,13,1,1,3,'2024-06-24'),(1697,'2023-10-19',38,13,1,1,3,'2023-10-23'),(1698,'2023-10-19',39,13,1,1,3,'2025-10-21'),(1699,'2023-10-19',40,13,1,1,3,'2023-10-19'),(1700,'2023-10-19',48,13,1,1,3,'2025-03-25'),(1701,'2023-10-19',42,13,1,1,3,'2025-09-12'),(1702,'2023-10-19',50,13,1,1,3,'2025-07-21'),(1703,'2023-10-19',43,13,1,1,3,'2023-10-24'),(1704,'2023-10-19',51,7,1,0,2,'2024-05-21'),(1705,'2023-10-19',54,7,1,0,2,'2025-08-19'),(1706,'2023-10-19',56,7,1,0,2,'2023-11-21'),(1707,'2023-10-19',57,7,1,0,2,'2024-06-24'),(1708,'2023-10-19',16,1,1,0,1,'2024-10-08'),(1709,'2023-10-19',29,5,1,0,1,'2023-10-20'),(1710,'2023-10-19',30,5,1,0,1,'2023-10-20'),(1711,'2023-10-19',31,5,1,0,1,'2023-10-20'),(1712,'2023-10-19',32,5,1,0,1,'2023-10-20'),(1713,'2023-10-19',33,5,1,0,1,'2023-10-20'),(1714,'2023-10-19',19,25,1,1,1,'2023-10-20'),(1715,'2023-10-19',24,38,1,0,1,'2024-06-06'),(1716,'2023-10-19',25,38,1,0,1,'2024-03-04'),(1717,'2023-10-19',24,38,1,0,5,'2024-06-26'),(1718,'2023-10-19',25,38,1,0,5,'2025-03-12'),(1719,'2023-10-19',17,21,3,0,4,'2023-11-07'),(1720,'2023-10-19',17,21,1,0,4,'2023-11-07'),(1721,'2023-10-19',80,19,1,1,2,'2023-12-20'),(1722,'2023-10-19',80,19,1,1,3,'2024-02-02'),(1723,'2023-10-19',51,7,3,0,1,'2023-10-31'),(1724,'2023-10-19',52,7,3,0,1,'2023-11-02'),(1725,'2023-10-19',54,7,3,0,1,'2023-11-16'),(1726,'2023-10-19',55,7,3,0,1,'2023-10-23'),(1727,'2023-10-19',56,7,3,0,1,'2023-11-14'),(1728,'2023-10-19',57,7,3,0,1,'2023-10-26'),(1729,'2023-10-19',9,36,1,0,1,'2023-10-23'),(1730,'2023-10-19',19,25,1,0,1,'2024-02-29'),(1731,'2023-10-19',85,20,1,0,1,'2023-11-09'),(1732,'2023-10-19',58,37,1,0,1,'2023-10-23'),(1733,'2023-10-19',24,38,1,1,2,'2023-10-31'),(1734,'2023-10-19',25,38,1,1,2,'2023-10-31'),(1735,'2023-10-19',3,34,1,1,2,'2023-10-26'),(1736,'2023-10-19',17,21,3,0,1,'2023-10-24'),(1737,'2023-10-19',17,21,1,0,1,'2023-10-24'),(1738,'2023-10-19',24,38,1,1,1,'2023-10-26'),(1739,'2023-10-19',25,38,1,1,1,'2023-10-26'),(1740,'2023-10-19',81,33,3,0,1,'2023-10-25'),(1741,'2023-10-19',81,33,1,0,1,'2023-10-25'),(1742,'2023-10-19',35,13,1,1,3,'2025-01-02'),(1743,'2023-10-19',18,31,1,0,1,'2023-11-01'),(1744,'2023-10-19',82,35,1,0,2,'2023-11-20'),(1745,'2023-10-19',83,35,1,0,2,'2024-07-30'),(1746,'2023-10-19',4,27,1,0,1,'2023-10-23'),(1747,'2023-10-19',52,7,1,1,2,'2023-12-07'),(1748,'2023-10-19',52,7,1,0,1,'2023-12-07'),(1749,'2023-10-19',52,7,1,1,1,'2023-12-07'),(1750,'2023-10-19',52,7,1,0,2,'2023-12-07'),(1751,'2023-10-20',80,19,1,0,3,'2024-10-18'),(1752,'2023-10-20',51,7,1,1,1,'2023-12-04'),(1753,'2023-10-20',54,7,1,1,1,'2024-04-16'),(1754,'2023-10-20',80,19,1,0,1,'2023-12-08'),(1755,'2023-10-20',51,7,1,0,1,'2023-12-04'),(1756,'2023-10-20',82,35,1,0,1,'2023-12-05'),(1757,'2023-10-20',54,7,1,0,1,'2023-12-07'),(1758,'2023-10-20',56,7,1,1,1,'2023-11-28'),(1759,'2023-10-20',83,35,1,0,1,'2024-07-02'),(1760,'2023-10-20',56,7,1,0,1,'2023-11-28'),(1761,'2023-10-20',57,7,1,0,1,'2023-10-27'),(1762,'2023-10-20',57,7,1,1,1,'2023-10-27'),(1763,'2023-10-20',3,34,1,0,1,'2023-11-20'),(1764,'2023-10-20',10,36,1,0,1,'2023-10-25'),(1765,'2023-10-20',5,27,1,0,1,'2024-04-09'),(1766,'2023-10-20',80,19,1,1,1,'2023-10-25'),(1767,'2023-10-20',5,27,1,0,2,'2024-08-20'),(1768,'2023-10-20',24,38,1,0,2,'2024-11-13'),(1769,'2023-10-20',25,38,1,0,2,'2024-03-01'),(1770,'2023-10-20',80,19,1,0,2,'2023-12-08'),(1771,'2023-10-20',24,38,1,0,1,'2023-10-24'),(1772,'2023-10-20',25,38,1,0,1,'2024-03-01'),(1773,'2023-10-20',29,5,1,0,1,'2023-10-23'),(1774,'2023-10-20',30,5,1,0,1,'2023-10-23'),(1775,'2023-10-20',31,5,1,0,1,'2023-10-23'),(1776,'2023-10-20',32,5,1,0,1,'2023-10-23'),(1777,'2023-10-20',33,5,1,0,1,'2023-10-23'),(1778,'2023-10-20',19,25,1,1,1,'2023-11-16'),(1779,'2023-10-20',9,36,1,0,1,'2023-10-24'),(1780,'2023-10-20',58,37,1,0,1,'2023-10-30'),(1781,'2023-10-20',24,38,1,0,5,'2025-01-21'),(1782,'2023-10-20',25,38,1,0,5,'2025-01-31'),(1783,'2023-10-20',35,13,1,1,3,'2023-11-01'),(1784,'2023-10-20',36,13,1,1,3,'2024-08-28'),(1785,'2023-10-20',37,13,1,1,3,'2023-10-23'),(1786,'2023-10-20',38,13,1,1,3,'2024-02-09'),(1787,'2023-10-20',39,13,1,1,3,'2023-10-25'),(1788,'2023-10-20',40,13,1,1,3,'2024-11-29'),(1789,'2023-10-20',48,13,1,1,3,'2024-05-02'),(1790,'2023-10-20',42,13,1,1,3,'2025-09-25'),(1791,'2023-10-20',50,13,1,1,3,'2025-03-06'),(1792,'2023-10-20',43,13,1,1,3,'2023-10-27'),(1793,'2023-10-20',51,7,1,1,2,'2024-08-26'),(1794,'2023-10-20',54,7,1,1,2,'2024-11-15'),(1795,'2023-10-20',56,7,1,1,2,'2023-11-30'),(1796,'2023-10-20',57,7,1,1,2,'2024-08-29'),(1797,'2023-10-20',51,7,1,0,2,'2024-08-26'),(1798,'2023-10-20',54,7,1,0,2,'2024-11-15'),(1799,'2023-10-20',56,7,1,0,2,'2024-11-04'),(1800,'2023-10-20',57,7,1,0,2,'2024-08-29'),(1801,'2023-10-20',17,21,1,0,1,'2023-10-24'),(1802,'2023-10-20',17,21,3,0,1,'2023-10-24'),(1803,'2023-10-20',3,34,1,1,2,'2023-10-23'),(1804,'2023-10-20',81,33,1,0,1,'2023-10-24'),(1805,'2023-10-20',51,7,3,0,1,'2023-10-31'),(1806,'2023-10-20',52,7,3,0,1,'2023-11-02'),(1807,'2023-10-20',54,7,3,0,1,'2023-11-16'),(1808,'2023-10-20',55,7,3,0,1,'2023-10-26'),(1809,'2023-10-20',56,7,3,0,1,'2023-11-16'),(1810,'2023-10-20',57,7,3,0,1,'2023-10-26'),(1811,'2023-10-20',80,19,1,1,3,'2024-07-19'),(1812,'2023-10-20',80,19,1,1,2,'2024-07-19'),(1813,'2023-10-20',18,31,1,0,1,'2023-11-01'),(1814,'2023-10-20',24,38,1,1,2,'2023-10-27'),(1815,'2023-10-20',25,38,1,1,2,'2023-10-31'),(1816,'2023-10-20',24,38,1,1,1,'2023-10-26'),(1817,'2023-10-20',25,38,1,1,1,'2023-10-31'),(1818,'2023-10-20',85,20,1,0,1,'2023-10-31'),(1819,'2023-10-20',14,9,1,1,3,'2025-02-24'),(1820,'2023-10-20',17,21,3,0,4,'2023-11-09'),(1821,'2023-10-20',17,21,1,0,4,'2023-11-09'),(1822,'2023-10-20',4,27,1,0,2,'2023-10-31'),(1823,'2023-10-20',4,27,1,0,1,'2023-10-31'),(1824,'2023-10-20',81,33,3,0,1,'2023-10-27'),(1825,'2023-10-20',19,25,1,0,1,'2024-03-28'),(1826,'2023-10-20',7,27,1,0,1,'2023-11-08'),(1827,'2023-10-21',82,35,1,0,1,'2023-11-01'),(1828,'2023-10-21',83,35,1,0,1,'2024-07-30'),(1829,'2023-10-21',80,19,1,0,3,'2023-10-27'),(1830,'2023-10-21',80,19,1,0,1,'2023-10-27'),(1831,'2023-10-21',5,27,1,0,2,'2024-08-21'),(1832,'2023-10-21',29,5,1,0,1,'2023-10-24'),(1833,'2023-10-21',30,5,1,0,1,'2023-10-24'),(1834,'2023-10-21',51,7,1,0,1,'2024-04-02'),(1835,'2023-10-21',31,5,1,0,1,'2023-10-23'),(1836,'2023-10-21',54,7,1,0,1,'2023-11-29'),(1837,'2023-10-21',32,5,1,0,1,'2023-10-25'),(1838,'2023-10-21',56,7,1,0,1,'2023-11-21'),(1839,'2023-10-21',33,5,1,0,1,'2023-10-24'),(1840,'2023-10-21',57,7,1,0,1,'2023-12-05'),(1841,'2023-10-21',3,34,1,0,1,'2023-10-26'),(1842,'2023-10-21',10,36,1,0,1,'2023-10-27'),(1843,'2023-10-21',14,9,1,1,3,'2023-10-25'),(1844,'2023-10-21',80,19,1,0,2,'2023-10-27'),(1845,'2023-10-21',5,27,1,0,1,'2024-07-10'),(1846,'2023-10-21',24,38,1,0,1,'2023-10-26'),(1847,'2023-10-21',25,38,1,0,1,'2023-11-09'),(1848,'2023-10-21',80,19,1,1,1,'2023-10-25'),(1849,'2023-10-21',51,7,1,1,1,'2023-11-27'),(1850,'2023-10-21',54,7,1,1,1,'2023-11-29'),(1851,'2023-10-21',56,7,1,1,1,'2023-11-07'),(1852,'2023-10-21',57,7,1,1,1,'2023-11-09'),(1853,'2023-10-21',85,20,1,0,1,'2023-11-02'),(1854,'2023-10-21',35,13,1,1,3,'2025-08-28'),(1855,'2023-10-21',36,13,1,1,3,'2025-06-03'),(1856,'2023-10-21',37,13,1,1,3,'2025-03-04'),(1857,'2023-10-21',38,13,1,1,3,'2023-11-08'),(1858,'2023-10-21',39,13,1,1,3,'2025-10-03'),(1859,'2023-10-21',40,13,1,1,3,'2025-03-28'),(1860,'2023-10-21',48,13,1,1,3,'2025-08-04'),(1861,'2023-10-21',42,13,1,1,3,'2025-04-25'),(1862,'2023-10-21',50,13,1,1,3,'2025-07-25'),(1863,'2023-10-21',43,13,1,1,3,'2023-10-26'),(1864,'2023-10-21',24,38,1,0,2,'2025-01-07'),(1865,'2023-10-21',25,38,1,0,2,'2024-03-01'),(1866,'2023-10-21',51,7,1,1,2,'2024-08-26'),(1867,'2023-10-21',54,7,1,1,2,'2025-02-04'),(1868,'2023-10-21',56,7,1,1,2,'2024-06-25'),(1869,'2023-10-21',57,7,1,1,2,'2024-06-03'),(1870,'2023-10-21',51,7,1,0,2,'2024-08-26'),(1871,'2023-10-21',54,7,1,0,2,'2025-02-04'),(1872,'2023-10-21',56,7,1,0,2,'2024-06-25'),(1873,'2023-10-21',57,7,1,0,2,'2024-06-03'),(1874,'2023-10-21',17,21,3,0,1,'2023-10-24'),(1875,'2023-10-21',17,21,1,0,1,'2023-10-24'),(1876,'2023-10-21',9,36,1,0,1,'2023-10-24'),(1877,'2023-10-21',24,38,1,0,5,'2025-02-10'),(1878,'2023-10-21',25,38,1,0,5,'2025-03-17'),(1879,'2023-10-21',58,37,1,0,1,'2023-11-01'),(1880,'2023-10-21',81,33,3,0,1,'2023-10-30'),(1881,'2023-10-21',19,25,1,1,1,'2024-02-09'),(1882,'2023-10-21',73,8,1,0,1,'2024-11-25'),(1883,'2023-10-21',80,19,1,1,2,'2023-10-27'),(1884,'2023-10-21',51,7,3,0,1,'2023-10-31'),(1885,'2023-10-21',52,7,3,0,1,'2023-11-02'),(1886,'2023-10-21',54,7,3,0,1,'2023-11-16'),(1887,'2023-10-21',55,7,3,0,1,'2023-11-09'),(1888,'2023-10-21',56,7,3,0,1,'2023-11-28'),(1889,'2023-10-21',57,7,3,0,1,'2023-10-26'),(1890,'2023-10-21',82,35,1,0,2,'2023-11-01'),(1891,'2023-10-21',83,35,1,0,2,'2024-07-30'),(1892,'2023-10-21',24,38,1,1,2,'2023-11-03'),(1893,'2023-10-21',25,38,1,1,2,'2023-11-01'),(1894,'2023-10-21',24,38,1,1,1,'2023-10-31'),(1895,'2023-10-21',25,38,1,1,1,'2023-10-31'),(1896,'2023-10-21',24,38,1,0,4,'2025-02-06'),(1897,'2023-10-21',25,38,1,0,4,'2024-03-01'),(1898,'2023-10-21',3,34,1,1,2,'2024-10-02'),(1899,'2023-10-21',24,38,3,0,1,'2023-10-25'),(1900,'2023-10-21',25,38,3,0,1,'2023-11-08'),(1901,'2023-10-22',14,9,1,1,3,'2025-03-19'),(1902,'2023-10-22',80,19,1,0,1,'2024-09-27'),(1903,'2023-10-22',82,35,1,0,1,'2023-11-27'),(1904,'2023-10-22',83,35,1,0,1,'2024-07-30'),(1905,'2023-10-22',51,7,1,0,1,'2024-07-08'),(1906,'2023-10-22',54,7,1,0,1,'2023-11-06'),(1907,'2023-10-22',56,7,1,0,1,'2024-02-01'),(1908,'2023-10-22',57,7,1,0,1,'2023-12-01'),(1909,'2023-10-22',51,7,1,1,2,'2026-01-26'),(1910,'2023-10-22',54,7,1,1,2,'2025-01-27'),(1911,'2023-10-22',56,7,1,1,2,'2024-06-25'),(1912,'2023-10-22',57,7,1,1,2,'2025-02-13'),(1913,'2023-10-22',51,7,1,1,1,'2024-07-08'),(1914,'2023-10-22',54,7,1,1,1,'2024-07-05'),(1915,'2023-10-22',56,7,1,1,1,'2024-02-01'),(1916,'2023-10-22',57,7,1,1,1,'2024-03-26'),(1917,'2023-10-22',24,38,1,1,2,'2023-12-18'),(1918,'2023-10-22',25,38,1,1,2,'2023-11-02'),(1919,'2023-10-22',10,36,1,0,1,'2023-10-27'),(1920,'2023-10-22',51,7,1,0,2,'2026-01-26'),(1921,'2023-10-22',54,7,1,0,2,'2025-01-27'),(1922,'2023-10-22',56,7,1,0,2,'2024-06-25'),(1923,'2023-10-22',57,7,1,0,2,'2025-02-13'),(1924,'2023-10-22',24,38,1,1,1,'2023-10-27'),(1925,'2023-10-22',25,38,1,1,1,'2023-11-01'),(1926,'2023-10-22',24,38,1,0,2,'2024-11-20'),(1927,'2023-10-22',25,38,1,0,2,'2025-01-15'),(1928,'2023-10-22',24,38,1,0,1,'2023-10-25'),(1929,'2023-10-22',25,38,1,0,1,'2023-11-21'),(1930,'2023-10-22',5,27,1,0,1,'2023-12-04'),(1931,'2023-10-22',24,38,1,0,4,'2025-01-22'),(1932,'2023-10-22',25,38,1,0,4,'2025-03-17'),(1933,'2023-10-22',35,13,1,1,3,'2026-01-05'),(1934,'2023-10-22',36,13,1,1,3,'2025-12-30'),(1935,'2023-10-22',37,13,1,1,3,'2025-07-21'),(1936,'2023-10-22',38,13,1,1,3,'2024-05-13'),(1937,'2023-10-22',39,13,1,1,3,'2025-11-06'),(1938,'2023-10-22',40,13,1,1,3,'2025-11-05'),(1939,'2023-10-22',48,13,1,1,3,'2025-11-07'),(1940,'2023-10-22',42,13,1,1,3,'2025-10-31'),(1941,'2023-10-22',50,13,1,1,3,'2025-07-31'),(1942,'2023-10-22',43,13,1,1,3,'2023-10-24'),(1943,'2023-10-22',3,34,1,1,2,'2023-10-30'),(1944,'2023-10-22',17,21,3,0,4,'2023-11-16'),(1945,'2023-10-22',17,21,1,0,4,'2023-11-16'),(1946,'2023-10-22',80,19,1,1,2,'2023-10-27'),(1947,'2023-10-22',80,19,1,1,1,'2023-10-25'),(1948,'2023-10-22',58,37,1,0,1,'2024-03-04'),(1949,'2023-10-22',19,25,1,1,1,'2024-03-11'),(1950,'2023-10-22',24,38,3,0,1,'2023-10-26'),(1951,'2023-10-22',25,38,3,0,1,'2023-10-31'),(1952,'2023-10-22',6,27,1,0,1,'2023-11-06'),(1953,'2023-10-22',3,34,1,0,1,'2025-06-06'),(1954,'2023-10-22',81,33,3,0,1,'2023-10-25'),(1955,'2023-10-22',24,38,1,0,5,'2025-04-09'),(1956,'2023-10-22',25,38,1,0,5,'2025-03-17'),(1957,'2023-10-22',17,21,1,0,1,'2023-10-24'),(1958,'2023-10-22',17,21,3,0,1,'2023-10-24'),(1959,'2023-10-22',5,27,1,0,2,'2024-08-28'),(1960,'2023-10-22',9,36,1,0,1,'2023-11-15'),(1961,'2023-10-22',80,19,1,0,3,'2024-10-25'),(1962,'2023-10-22',80,19,1,0,2,'2024-10-25'),(1963,'2023-10-22',73,8,1,0,1,'2025-03-24'),(1964,'2023-10-22',52,7,1,0,1,'2023-10-26'),(1965,'2023-10-22',80,19,1,1,3,'2024-08-23'),(1966,'2023-10-22',51,7,3,0,1,'2023-10-31'),(1967,'2023-10-22',52,7,3,0,1,'2023-11-14'),(1968,'2023-10-22',54,7,3,0,1,'2023-11-16'),(1969,'2023-10-22',55,7,3,0,1,'2023-11-09'),(1970,'2023-10-22',56,7,3,0,1,'2023-11-29'),(1971,'2023-10-22',57,7,3,0,1,'2023-10-31'),(1972,'2023-10-23',3,34,1,0,1,'2024-02-21'),(1973,'2023-10-23',80,19,1,0,1,'2023-10-27'),(1974,'2023-10-23',14,9,1,1,3,'2023-10-25'),(1975,'2023-10-23',80,19,1,1,1,'2023-10-25'),(1976,'2023-10-23',82,35,1,0,1,'2023-11-01'),(1977,'2023-10-23',83,35,1,0,1,'2024-07-23'),(1978,'2023-10-23',51,7,1,0,1,'2023-11-02'),(1979,'2023-10-23',54,7,1,0,1,'2023-11-09'),(1980,'2023-10-23',56,7,1,0,1,'2023-11-17'),(1981,'2023-10-23',57,7,1,0,1,'2023-11-06'),(1982,'2023-10-23',80,19,1,1,2,'2023-11-08'),(1983,'2023-10-23',24,38,1,0,1,'2023-11-17'),(1984,'2023-10-23',25,38,1,0,1,'2024-01-23'),(1985,'2023-10-23',51,7,1,0,2,'2024-05-02'),(1986,'2023-10-23',54,7,1,0,2,'2023-11-09'),(1987,'2023-10-23',56,7,1,0,2,'2024-06-14'),(1988,'2023-10-23',57,7,1,0,2,'2024-08-08'),(1989,'2023-10-23',51,7,1,1,2,'2024-05-02'),(1990,'2023-10-23',54,7,1,1,2,'2023-11-09'),(1991,'2023-10-23',56,7,1,1,2,'2024-06-14'),(1992,'2023-10-23',57,7,1,1,2,'2024-06-06'),(1993,'2023-10-23',51,7,1,1,1,'2024-05-02'),(1994,'2023-10-23',54,7,1,1,1,'2023-11-09'),(1995,'2023-10-23',56,7,1,1,1,'2023-11-16'),(1996,'2023-10-23',57,7,1,1,1,'2023-10-27'),(1997,'2023-10-23',82,35,1,0,2,'2023-11-01'),(1998,'2023-10-23',83,35,1,0,2,'2024-07-30'),(1999,'2023-10-23',24,38,3,0,1,'2023-10-26'),(2000,'2023-10-23',25,38,3,0,1,'2023-10-25'),(2001,'2023-10-23',10,36,1,0,1,'2023-10-27'),(2002,'2023-10-23',24,38,1,0,5,'2024-07-22'),(2003,'2023-10-23',25,38,1,0,5,'2025-03-21'),(2004,'2023-10-23',9,36,1,0,1,'2023-10-24'),(2005,'2023-10-23',35,13,1,1,3,'2023-10-25'),(2006,'2023-10-23',36,13,1,1,3,'2025-04-25'),(2007,'2023-10-23',37,13,1,1,3,'2025-09-17'),(2008,'2023-10-23',38,13,1,1,3,'2025-04-07'),(2009,'2023-10-23',39,13,1,1,3,'2025-11-10'),(2010,'2023-10-23',40,13,1,1,3,'2025-06-09'),(2011,'2023-10-23',48,13,1,1,3,'2025-11-07'),(2012,'2023-10-23',50,13,1,1,3,'2025-08-01'),(2013,'2023-10-23',43,13,1,1,3,'2025-09-23'),(2014,'2023-10-23',42,13,1,1,3,'2025-10-27'),(2015,'2023-10-23',24,38,1,0,2,'2023-11-17'),(2016,'2023-10-23',25,38,1,0,2,'2024-11-19'),(2017,'2023-10-23',52,7,1,0,1,'2023-10-26'),(2018,'2023-10-23',52,7,1,1,1,'2023-10-26'),(2019,'2023-10-23',5,27,1,0,1,'2024-01-30'),(2020,'2023-10-23',3,34,1,1,1,'2023-10-25'),(2021,'2023-10-23',51,7,3,0,1,'2023-10-31'),(2022,'2023-10-23',52,7,3,0,1,'2023-11-02'),(2023,'2023-10-23',54,7,3,0,1,'2023-11-16'),(2024,'2023-10-23',55,7,3,0,1,'2023-10-30'),(2025,'2023-10-23',56,7,3,0,1,'2023-11-09'),(2026,'2023-10-23',57,7,3,0,1,'2023-10-27'),(2027,'2023-10-23',3,34,1,1,2,'2023-10-31'),(2028,'2023-10-23',80,19,1,1,3,'2024-09-06'),(2029,'2023-10-23',19,25,1,1,1,'2023-10-30'),(2030,'2023-10-23',58,37,1,0,1,'2023-11-01'),(2031,'2023-10-23',24,38,1,0,4,'2023-11-17'),(2032,'2023-10-23',25,38,1,0,4,'2025-02-19'),(2033,'2023-10-23',85,20,1,0,1,'2023-10-24'),(2034,'2023-10-23',24,38,1,1,2,'2023-10-30'),(2035,'2023-10-23',25,38,1,1,2,'2023-10-31'),(2036,'2023-10-23',24,38,1,1,1,'2023-10-26'),(2037,'2023-10-23',25,38,1,1,1,'2023-10-26'),(2038,'2023-10-23',17,21,1,0,1,'2023-10-24'),(2039,'2023-10-23',17,21,3,0,1,'2023-10-24'),(2040,'2023-10-23',81,33,1,0,1,'2023-10-26'),(2041,'2023-10-23',7,27,1,0,1,'2023-11-08'),(2042,'2023-10-23',5,27,1,0,2,'2024-08-28'),(2043,'2023-10-23',7,27,1,0,2,'2023-11-08'),(2044,'2023-10-23',19,25,1,0,1,'2024-03-28'),(2045,'2023-10-23',6,27,1,0,1,'2023-11-06'),(2046,'2023-10-24',51,7,1,0,1,'2024-04-08'),(2047,'2023-10-24',56,7,1,0,1,'2024-03-01'),(2048,'2023-10-24',57,7,1,0,1,'2024-01-09'),(2049,'2023-10-24',14,9,1,1,3,'2024-06-11'),(2050,'2023-10-24',82,35,1,0,1,'2023-11-29'),(2051,'2023-10-24',83,35,1,0,1,'2023-11-03'),(2052,'2023-10-24',3,34,1,0,1,'2024-11-15'),(2053,'2023-10-24',80,19,1,0,1,'2023-10-27'),(2054,'2023-10-24',3,34,1,1,1,'2023-10-25'),(2055,'2023-10-24',80,19,1,1,1,'2023-10-27'),(2056,'2023-10-24',24,38,1,0,1,'2023-10-31'),(2057,'2023-10-24',25,38,1,0,1,'2023-10-30'),(2058,'2023-10-24',51,7,1,1,1,'2024-04-08'),(2059,'2023-10-24',56,7,1,1,1,'2024-04-09'),(2060,'2023-10-24',57,7,1,1,1,'2024-04-09'),(2061,'2023-10-24',10,36,1,0,1,'2023-10-27'),(2062,'2023-10-24',51,7,1,1,2,'2025-04-25'),(2063,'2023-10-24',56,7,1,1,2,'2024-06-28'),(2064,'2023-10-24',57,7,1,1,2,'2024-11-27'),(2065,'2023-10-24',51,7,1,0,2,'2025-04-25'),(2066,'2023-10-24',56,7,1,0,2,'2024-06-28'),(2067,'2023-10-24',57,7,1,0,2,'2025-02-24'),(2068,'2023-10-24',24,38,1,0,4,'2024-06-04'),(2069,'2023-10-24',25,38,1,0,4,'2025-03-04'),(2070,'2023-10-24',24,38,1,0,5,'2024-07-09'),(2071,'2023-10-24',25,38,1,0,5,'2025-03-21'),(2072,'2023-10-24',54,7,1,0,1,'2023-12-27'),(2073,'2023-10-24',54,7,1,1,1,'2023-12-27'),(2074,'2023-10-24',17,21,3,0,4,'2023-10-31'),(2075,'2023-10-24',81,33,1,0,1,'2023-10-27'),(2076,'2023-10-24',17,21,1,0,4,'2023-10-31'),(2077,'2023-10-24',5,27,1,0,1,'2024-07-31'),(2078,'2023-10-24',35,13,1,1,3,'2023-11-15'),(2079,'2023-10-24',36,13,1,1,3,'2025-02-26'),(2080,'2023-10-24',37,13,1,1,3,'2025-09-08'),(2081,'2023-10-24',38,13,1,1,3,'2023-12-04'),(2082,'2023-10-24',39,13,1,1,3,'2025-10-07'),(2083,'2023-10-24',40,13,1,1,3,'2023-10-24'),(2084,'2023-10-24',48,13,1,1,3,'2025-10-03'),(2085,'2023-10-24',42,13,1,1,3,'2024-10-04'),(2086,'2023-10-24',50,13,1,1,3,'2025-08-01'),(2087,'2023-10-24',43,13,1,1,3,'2023-10-27'),(2088,'2023-10-24',9,36,1,0,1,'2023-10-25'),(2089,'2023-10-24',55,7,1,1,1,'2023-10-30'),(2090,'2023-10-24',55,7,1,0,1,'2023-10-30'),(2091,'2023-10-24',24,38,1,0,2,'2024-06-04'),(2092,'2023-10-24',25,38,1,0,2,'2024-07-23'),(2093,'2023-10-24',19,25,1,1,1,'2023-10-30'),(2094,'2023-10-24',54,7,1,0,2,'2025-01-17'),(2095,'2023-10-24',54,7,1,1,2,'2025-01-17'),(2096,'2023-10-24',3,34,1,1,2,'2024-02-15'),(2097,'2023-10-24',24,38,1,1,1,'2023-10-27'),(2098,'2023-10-24',25,38,1,1,1,'2023-10-26'),(2099,'2023-10-24',24,38,3,0,1,'2023-10-30'),(2100,'2023-10-24',25,38,3,0,1,'2023-10-30'),(2101,'2023-10-24',80,19,1,0,2,'2023-10-27'),(2102,'2023-10-24',58,37,1,0,1,'2023-11-02'),(2103,'2023-10-24',80,19,1,1,3,'2024-08-02'),(2104,'2023-10-24',80,19,1,1,2,'2024-07-17'),(2105,'2023-10-24',4,27,1,0,1,'2023-10-30'),(2106,'2023-10-24',24,38,1,1,2,'2023-10-27'),(2107,'2023-10-24',25,38,1,1,2,'2023-10-31'),(2108,'2023-10-24',73,8,1,0,1,'2025-03-13'),(2109,'2023-10-24',17,21,1,0,1,'2023-10-31'),(2110,'2023-10-24',17,21,3,0,1,'2023-10-31'),(2111,'2023-10-24',7,27,1,0,1,'2023-11-22'),(2112,'2023-10-24',5,27,1,0,2,'2024-09-04'),(2113,'2023-10-24',7,27,1,0,2,'2023-11-22'),(2114,'2023-10-24',51,7,3,0,1,'2023-11-28'),(2115,'2023-10-24',52,7,3,0,1,'2023-11-02'),(2116,'2023-10-24',54,7,3,0,1,'2023-11-16'),(2117,'2023-10-24',55,7,3,0,1,'2023-10-30'),(2118,'2023-10-24',56,7,3,0,1,'2023-10-30'),(2119,'2023-10-24',57,7,3,0,1,'2023-10-27'),(2120,'2023-10-24',81,33,3,0,1,'2023-11-01'),(2121,'2023-10-24',85,20,1,0,1,'2023-10-26'),(2122,'2023-10-24',5,27,3,0,1,'2024-08-21'),(2123,'2023-10-25',3,34,1,0,1,'2023-10-30'),(2124,'2023-10-25',80,19,1,0,1,'2023-10-27'),(2125,'2023-10-25',14,9,1,1,3,'2023-10-30'),(2126,'2023-10-25',82,35,1,0,1,'2023-12-05'),(2127,'2023-10-25',83,35,1,0,1,'2023-11-17'),(2128,'2023-10-25',51,7,1,0,1,'2024-05-13'),(2129,'2023-10-25',54,7,1,0,1,'2024-05-16'),(2130,'2023-10-25',56,7,1,0,1,'2024-05-07'),(2131,'2023-10-25',57,7,1,0,1,'2023-11-16'),(2132,'2023-10-25',5,27,3,0,1,'2024-06-11'),(2133,'2023-10-25',51,7,1,0,2,'2025-11-12'),(2134,'2023-10-25',54,7,1,0,2,'2025-05-28'),(2135,'2023-10-25',56,7,1,0,2,'2024-07-12'),(2136,'2023-10-25',57,7,1,0,2,'2024-08-19'),(2137,'2023-10-25',24,38,1,0,1,'2023-10-30'),(2138,'2023-10-25',25,38,1,0,1,'2024-03-04'),(2139,'2023-10-25',24,38,1,0,2,'2023-10-30'),(2140,'2023-10-25',25,38,1,0,2,'2024-05-22'),(2141,'2023-10-25',24,38,1,0,4,'2024-07-16'),(2142,'2023-10-25',25,38,1,0,4,'2024-05-22'),(2143,'2023-10-25',24,38,1,1,2,'2023-11-06'),(2144,'2023-10-25',25,38,1,1,2,'2023-10-31'),(2145,'2023-10-25',51,7,1,1,1,'2024-05-13'),(2146,'2023-10-25',54,7,1,1,1,'2024-05-16'),(2147,'2023-10-25',56,7,1,1,1,'2024-05-29'),(2148,'2023-10-25',57,7,1,1,1,'2023-11-14'),(2149,'2023-10-25',24,38,1,0,5,'2024-07-16'),(2150,'2023-10-25',25,38,1,0,5,'2024-05-22'),(2151,'2023-10-25',10,36,1,0,1,'2023-10-27'),(2152,'2023-10-25',35,13,1,1,3,'2023-11-03'),(2153,'2023-10-25',36,13,1,1,3,'2023-10-27'),(2154,'2023-10-25',37,13,1,1,3,'2025-10-07'),(2155,'2023-10-25',38,13,1,1,3,'2024-04-17'),(2156,'2023-10-25',39,13,1,1,3,'2025-11-12'),(2157,'2023-10-25',40,13,1,1,3,'2025-09-23'),(2158,'2023-10-25',48,13,1,1,3,'2025-08-15'),(2159,'2023-10-25',42,13,1,1,3,'2025-10-31'),(2160,'2023-10-25',50,13,1,1,3,'2025-07-28'),(2161,'2023-10-25',43,13,1,1,3,'2024-11-15'),(2162,'2023-10-25',80,19,1,1,1,'2023-10-27'),(2163,'2023-10-25',24,38,3,0,1,'2023-10-30'),(2164,'2023-10-25',25,38,3,0,1,'2023-11-01'),(2165,'2023-10-25',3,34,1,1,2,'2024-02-01'),(2166,'2023-10-25',17,21,3,0,1,'2023-11-06'),(2167,'2023-10-25',17,21,1,0,1,'2023-11-06'),(2168,'2023-10-25',9,36,1,0,1,'2023-11-01'),(2169,'2023-10-25',80,19,1,1,2,'2023-10-27'),(2170,'2023-10-25',5,27,1,0,1,'2024-06-11'),(2171,'2023-10-25',81,33,1,0,1,'2023-11-01'),(2172,'2023-10-25',19,25,1,1,1,'2023-10-30'),(2173,'2023-10-25',58,37,1,0,1,'2024-02-26'),(2174,'2023-10-25',73,8,1,0,1,'2023-11-09'),(2175,'2023-10-25',24,38,1,1,1,'2023-10-30'),(2176,'2023-10-25',25,38,1,1,1,'2023-10-30'),(2177,'2023-10-25',80,19,1,1,3,'2023-11-22'),(2178,'2023-10-25',77,26,1,0,1,'2023-10-30'),(2179,'2023-10-25',5,27,1,0,2,'2024-08-21'),(2180,'2023-10-25',17,21,3,0,4,'2023-11-28'),(2181,'2023-10-25',17,21,1,0,4,'2023-11-28'),(2182,'2023-10-25',82,35,1,0,2,'2023-12-05'),(2183,'2023-10-25',83,35,1,0,2,'2024-07-30'),(2184,'2023-10-25',85,20,1,0,1,'2023-11-02'),(2185,'2023-10-25',51,7,3,0,1,'2023-11-28'),(2186,'2023-10-25',52,7,3,0,1,'2023-11-02'),(2187,'2023-10-25',54,7,3,0,1,'2023-11-16'),(2188,'2023-10-25',55,7,3,0,1,'2023-10-30'),(2189,'2023-10-25',56,7,3,0,1,'2023-12-05'),(2190,'2023-10-25',57,7,3,0,1,'2023-11-02'),(2191,'2023-10-25',80,19,1,0,2,'2024-02-02'),(2192,'2023-10-25',19,25,1,0,1,'2024-05-02'),(2193,'2023-10-25',55,7,1,0,1,'2023-10-30'),(2194,'2023-10-25',24,38,1,0,3,'2025-03-03'),(2195,'2023-10-25',25,38,1,0,3,'2024-10-07'),(2196,'2023-10-26',51,7,1,0,1,'2024-03-13'),(2197,'2023-10-26',54,7,1,0,1,'2023-12-07'),(2198,'2023-10-26',56,7,1,0,1,'2024-01-11'),(2199,'2023-10-26',57,7,1,0,1,'2023-10-31'),(2200,'2023-10-26',3,34,1,0,1,'2023-11-08'),(2201,'2023-10-26',5,27,3,0,1,'2024-08-07'),(2202,'2023-10-26',54,7,1,0,2,'2025-03-27'),(2203,'2023-10-26',56,7,1,0,2,'2024-06-11'),(2204,'2023-10-26',57,7,1,0,2,'2024-05-07'),(2205,'2023-10-26',10,36,1,0,1,'2023-10-30'),(2206,'2023-10-26',35,13,1,1,3,'2024-01-02'),(2207,'2023-10-26',36,13,1,1,3,'2025-02-13'),(2208,'2023-10-26',37,13,1,1,3,'2024-12-13'),(2209,'2023-10-26',38,13,1,1,3,'2024-01-11'),(2210,'2023-10-26',39,13,1,1,3,'2025-09-17'),(2211,'2023-10-26',40,13,1,1,3,'2023-11-14'),(2212,'2023-10-26',48,13,1,1,3,'2025-08-20'),(2213,'2023-10-26',42,13,1,1,3,'2024-10-04'),(2214,'2023-10-26',50,13,1,1,3,'2025-02-06'),(2215,'2023-10-26',43,13,1,1,3,'2023-10-30'),(2216,'2023-10-26',82,35,1,0,1,'2023-11-01'),(2217,'2023-10-26',83,35,1,0,1,'2024-07-30'),(2218,'2023-10-26',51,7,1,1,1,'2024-04-02'),(2219,'2023-10-26',54,7,1,1,1,'2024-10-11'),(2220,'2023-10-26',56,7,1,1,1,'2024-06-11'),(2221,'2023-10-26',57,7,1,1,1,'2024-02-29'),(2222,'2023-10-26',24,38,1,0,1,'2023-10-31'),(2223,'2023-10-26',25,38,1,0,1,'2024-05-02'),(2224,'2023-10-26',80,19,1,1,2,'2023-11-17'),(2225,'2023-10-26',51,7,3,0,1,'2023-10-31'),(2226,'2023-10-26',52,7,3,0,1,'2023-11-02'),(2227,'2023-10-26',54,7,3,0,1,'2023-11-16'),(2228,'2023-10-26',55,7,3,0,1,'2023-10-30'),(2229,'2023-10-26',56,7,3,0,1,'2023-11-29'),(2230,'2023-10-26',57,7,3,0,1,'2023-11-03'),(2231,'2023-10-26',80,19,1,1,1,'2023-10-27'),(2232,'2023-10-26',3,34,1,1,2,'2024-02-12'),(2233,'2023-10-26',19,25,1,1,1,'2023-11-02'),(2234,'2023-10-26',24,38,1,0,3,'2024-06-25'),(2235,'2023-10-26',25,38,1,0,3,'2024-05-02'),(2236,'2023-10-26',5,27,1,0,1,'2024-08-07'),(2237,'2023-10-26',24,38,1,0,2,'2024-02-14'),(2238,'2023-10-26',25,38,1,0,2,'2024-05-02'),(2239,'2023-10-26',24,38,1,0,5,'2025-03-06'),(2240,'2023-10-26',80,19,1,1,3,'2024-07-26'),(2241,'2023-10-26',24,38,3,0,1,'2023-10-30'),(2242,'2023-10-26',25,38,3,0,1,'2023-10-30'),(2243,'2023-10-26',9,36,1,0,1,'2023-11-01'),(2244,'2023-10-26',80,19,1,0,1,'2024-08-23'),(2245,'2023-10-26',17,21,1,0,1,'2023-10-30'),(2246,'2023-10-26',17,21,3,0,1,'2023-10-30'),(2247,'2023-10-26',81,33,1,0,1,'2023-11-06'),(2248,'2023-10-26',7,27,1,0,1,'2024-01-31'),(2249,'2023-10-26',7,27,3,0,1,'2024-01-31'),(2250,'2023-10-26',58,37,1,0,1,'2023-11-07'),(2251,'2023-10-26',24,38,1,1,1,'2023-11-02'),(2252,'2023-10-26',25,38,1,1,1,'2023-10-31'),(2253,'2023-10-26',24,38,1,1,2,'2023-11-02'),(2254,'2023-10-26',25,38,1,1,2,'2023-10-31'),(2255,'2023-10-26',5,27,1,0,2,'2024-09-04'),(2256,'2023-10-26',24,38,1,0,4,'2024-02-14'),(2257,'2023-10-26',25,38,1,0,4,'2024-05-02'),(2258,'2023-10-26',25,38,1,0,5,'2024-05-02'),(2259,'2023-10-26',17,21,3,0,4,'2023-10-30'),(2260,'2023-10-26',17,21,1,0,4,'2023-10-30'),(2261,'2023-10-26',51,7,1,0,2,'2025-08-15'),(2262,'2023-10-26',82,35,1,0,2,'2023-12-07'),(2263,'2023-10-26',83,35,1,0,2,'2024-08-06'),(2264,'2023-10-26',85,20,1,0,1,'2023-11-01'),(2265,'2023-10-26',52,7,1,0,1,'2024-01-11'),(2266,'2023-10-26',52,7,1,0,2,'2024-01-11'),(2267,'2023-10-26',52,7,1,1,1,'2024-01-11'),(2268,'2023-10-26',54,7,1,1,2,'2025-09-15'),(2269,'2023-10-26',56,7,1,1,2,'2024-09-10'),(2270,'2023-10-26',57,7,1,1,2,'2025-07-11'),(2271,'2023-10-26',19,25,1,0,1,'2024-03-28'),(2272,'2023-10-27',3,34,1,0,1,'2024-11-20'),(2273,'2023-10-27',54,7,1,0,1,'2023-12-19'),(2274,'2023-10-27',56,7,1,0,1,'2024-01-19'),(2275,'2023-10-27',57,7,1,0,1,'2024-01-18'),(2276,'2023-10-27',5,27,3,0,1,'2024-08-13'),(2277,'2023-10-27',54,7,1,0,2,'2025-04-14'),(2278,'2023-10-27',56,7,1,0,2,'2024-06-14'),(2279,'2023-10-27',57,7,1,0,2,'2024-02-13'),(2280,'2023-10-27',24,38,1,0,1,'2023-11-02'),(2281,'2023-10-27',25,38,1,0,1,'2023-11-02'),(2282,'2023-10-27',35,13,1,1,3,'2023-11-30'),(2283,'2023-10-27',36,13,1,1,3,'2023-11-01'),(2284,'2023-10-27',37,13,1,1,3,'2025-03-14'),(2285,'2023-10-27',38,13,1,1,3,'2023-10-30'),(2286,'2023-10-27',39,13,1,1,3,'2023-10-30'),(2287,'2023-10-27',40,13,1,1,3,'2023-11-30'),(2288,'2023-10-27',48,13,1,1,3,'2024-02-12'),(2289,'2023-10-27',50,13,1,1,3,'2024-12-27'),(2290,'2023-10-27',43,13,1,1,3,'2024-07-03'),(2291,'2023-10-27',24,38,1,0,5,'2025-02-10'),(2292,'2023-10-27',25,38,1,0,5,'2024-11-27'),(2293,'2023-10-27',42,13,1,1,3,'2024-10-04'),(2294,'2023-10-27',10,36,1,0,1,'2023-11-01'),(2295,'2023-10-27',54,7,1,1,2,'2025-04-14'),(2296,'2023-10-27',56,7,1,1,2,'2024-06-14'),(2297,'2023-10-27',57,7,1,1,2,'2024-08-19'),(2298,'2023-10-27',24,38,1,0,2,'2023-11-02'),(2299,'2023-10-27',25,38,1,0,2,'2024-05-08'),(2300,'2023-10-27',54,7,1,1,1,'2023-12-12'),(2301,'2023-10-27',56,7,1,1,1,'2024-02-06'),(2302,'2023-10-27',57,7,1,1,1,'2023-10-31'),(2303,'2023-10-27',80,19,1,1,1,'2023-11-29'),(2304,'2023-10-27',82,35,1,0,1,'2023-11-01'),(2305,'2023-10-27',83,35,1,0,1,'2024-07-23'),(2306,'2023-10-27',17,21,3,0,4,'2023-11-06'),(2307,'2023-10-27',19,25,1,1,1,'2023-10-30'),(2308,'2023-10-27',17,21,1,0,4,'2023-11-06'),(2309,'2023-10-27',24,38,1,0,3,'2024-07-01'),(2310,'2023-10-27',25,38,1,0,3,'2024-10-01'),(2311,'2023-10-27',51,7,1,0,1,'2023-12-05'),(2312,'2023-10-27',51,7,1,1,1,'2024-04-09'),(2313,'2023-10-27',51,7,3,0,1,'2023-10-31'),(2314,'2023-10-27',52,7,3,0,1,'2023-11-02'),(2315,'2023-10-27',54,7,3,0,1,'2023-11-17'),(2316,'2023-10-27',55,7,3,0,1,'2023-11-09'),(2317,'2023-10-27',56,7,3,0,1,'2024-01-04'),(2318,'2023-10-27',57,7,3,0,1,'2023-11-16'),(2319,'2023-10-27',5,27,1,0,1,'2024-08-13'),(2320,'2023-10-27',19,25,3,0,2,'2023-11-02'),(2321,'2023-10-27',19,25,1,0,1,'2023-11-02'),(2322,'2023-10-27',80,19,1,1,2,'2024-08-23'),(2323,'2023-10-27',3,34,1,1,2,'2024-11-13'),(2324,'2023-10-27',24,38,1,1,2,'2023-11-06'),(2325,'2023-10-27',25,38,1,1,2,'2023-10-31'),(2326,'2023-10-27',5,27,1,0,2,'2024-08-20'),(2327,'2023-10-27',51,7,1,1,2,'2025-02-21'),(2328,'2023-10-27',51,7,1,0,2,'2025-02-21'),(2329,'2023-10-27',58,37,1,0,1,'2024-03-20'),(2330,'2023-10-27',52,7,1,1,1,'2023-11-14'),(2331,'2023-10-27',85,20,1,0,1,'2023-11-06'),(2332,'2023-10-27',55,7,1,1,1,'2023-11-16'),(2333,'2023-10-27',24,38,3,0,1,'2023-11-01'),(2334,'2023-10-27',25,38,3,0,1,'2023-11-07'),(2335,'2023-10-27',81,33,1,0,1,'2023-11-02'),(2336,'2023-10-27',24,38,1,1,1,'2023-11-06'),(2337,'2023-10-27',25,38,1,1,1,'2023-10-31'),(2338,'2023-10-27',17,21,1,0,1,'2023-10-31'),(2339,'2023-10-27',17,21,3,0,1,'2023-10-31'),(2340,'2023-10-27',9,36,1,0,1,'2023-11-01'),(2341,'2023-10-27',52,7,1,0,1,'2023-11-14'),(2342,'2023-10-27',52,7,1,0,2,'2023-11-14'),(2343,'2023-10-27',52,7,1,1,2,'2023-11-14'),(2344,'2023-10-27',3,34,1,1,1,'2023-11-02'),(2345,'2023-10-27',80,19,1,0,1,'2024-10-04'),(2346,'2023-10-27',80,19,1,0,2,'2024-10-04'),(2347,'2023-10-28',3,34,1,0,1,'2024-12-30'),(2348,'2023-10-28',51,7,1,0,1,'2024-06-24'),(2349,'2023-10-28',54,7,1,0,1,'2023-11-07'),(2350,'2023-10-28',56,7,1,0,1,'2024-02-26'),(2351,'2023-10-28',57,7,1,0,1,'2024-01-25'),(2352,'2023-10-28',80,19,1,0,1,'2024-10-04'),(2353,'2023-10-28',80,19,1,0,2,'2024-10-04'),(2354,'2023-10-28',5,27,3,0,1,'2024-08-13'),(2355,'2023-10-28',51,7,1,0,2,'2026-03-02'),(2356,'2023-10-28',54,7,1,0,2,'2023-11-30'),(2357,'2023-10-28',56,7,1,0,2,'2024-09-11'),(2358,'2023-10-28',57,7,1,0,2,'2024-07-16'),(2359,'2023-10-28',24,38,1,0,1,'2023-11-22'),(2360,'2023-10-28',25,38,1,0,1,'2024-01-09'),(2361,'2023-10-28',51,7,1,1,2,'2026-03-02'),(2362,'2023-10-28',54,7,1,1,2,'2025-06-13'),(2363,'2023-10-28',56,7,1,1,2,'2024-09-11'),(2364,'2023-10-28',57,7,1,1,2,'2024-03-12'),(2365,'2023-10-28',51,7,1,1,1,'2024-06-24'),(2366,'2023-10-28',54,7,1,1,1,'2023-11-07'),(2367,'2023-10-28',56,7,1,1,1,'2024-01-31'),(2368,'2023-10-28',57,7,1,1,1,'2024-01-08'),(2369,'2023-10-28',80,19,1,1,1,'2023-11-01'),(2370,'2023-10-28',24,38,1,0,5,'2025-02-11'),(2371,'2023-10-28',25,38,1,0,5,'2024-10-23'),(2372,'2023-10-28',80,19,1,1,2,'2023-11-01'),(2373,'2023-10-28',5,27,1,0,1,'2024-09-03'),(2374,'2023-10-28',24,38,1,0,2,'2024-07-16'),(2375,'2023-10-28',25,38,1,0,2,'2024-01-09'),(2376,'2023-10-28',55,7,1,1,1,'2023-11-30'),(2377,'2023-10-28',81,33,1,0,1,'2023-11-03'),(2378,'2023-10-29',3,34,1,0,1,'2024-10-02'),(2379,'2023-10-29',51,7,1,0,2,'2024-08-08'),(2380,'2023-10-29',54,7,1,0,2,'2025-08-21'),(2381,'2023-10-29',56,7,1,0,2,'2024-06-06'),(2382,'2023-10-29',57,7,1,0,2,'2024-08-08'),(2383,'2023-10-29',5,27,3,0,1,'2024-09-18'),(2384,'2023-10-29',51,7,1,0,1,'2024-07-29'),(2385,'2023-10-29',54,7,1,0,1,'2023-11-22'),(2386,'2023-10-29',56,7,1,0,1,'2023-11-28'),(2387,'2023-10-29',57,7,1,0,1,'2023-11-03'),(2388,'2023-10-29',51,7,1,1,1,'2024-07-29'),(2389,'2023-10-29',54,7,1,1,1,'2024-01-08'),(2390,'2023-10-29',56,7,1,1,1,'2023-11-28'),(2391,'2023-10-29',57,7,1,1,1,'2023-11-03'),(2392,'2023-10-29',51,7,1,1,2,'2024-08-08'),(2393,'2023-10-29',54,7,1,1,2,'2025-08-21'),(2394,'2023-10-29',56,7,1,1,2,'2024-06-06'),(2395,'2023-10-29',57,7,1,1,2,'2024-08-08'),(2396,'2023-10-29',24,38,1,0,5,'2025-04-07'),(2397,'2023-10-29',25,38,1,0,5,'2025-01-22'),(2398,'2023-10-29',24,38,1,0,1,'2024-07-02'),(2399,'2023-10-29',25,38,1,0,1,'2024-09-25'),(2400,'2023-10-29',24,38,1,0,2,'2024-07-10'),(2401,'2023-10-29',25,38,1,0,2,'2025-01-07'),(2402,'2023-10-29',80,19,1,1,1,'2024-02-09'),(2403,'2023-10-29',3,34,1,1,1,'2023-11-17'),(2404,'2023-10-29',5,27,1,0,1,'2024-09-24'),(2405,'2023-10-30',5,27,3,0,1,'2024-09-10'),(2406,'2023-10-30',3,34,1,0,1,'2023-11-03'),(2407,'2023-10-30',51,7,1,0,1,'2024-03-21'),(2408,'2023-10-30',54,7,1,0,1,'2024-01-09'),(2409,'2023-10-30',56,7,1,0,1,'2024-01-05'),(2410,'2023-10-30',80,19,1,1,1,'2023-11-01'),(2411,'2023-10-30',57,7,1,0,1,'2024-01-18'),(2412,'2023-10-30',51,7,1,0,2,'2024-04-25'),(2413,'2023-10-30',54,7,1,0,2,'2025-07-11'),(2414,'2023-10-30',56,7,1,0,2,'2024-09-24'),(2415,'2023-10-30',57,7,1,0,2,'2024-05-08'),(2416,'2023-10-30',51,7,1,1,1,'2024-03-21'),(2417,'2023-10-30',54,7,1,1,1,'2023-11-29'),(2418,'2023-10-30',56,7,1,1,1,'2024-01-05'),(2419,'2023-10-30',57,7,1,1,1,'2024-01-18'),(2420,'2023-10-30',51,7,1,1,2,'2024-04-25'),(2421,'2023-10-30',54,7,1,1,2,'2025-07-11'),(2422,'2023-10-30',56,7,1,1,2,'2024-09-24'),(2423,'2023-10-30',57,7,1,1,2,'2024-05-16'),(2424,'2023-10-30',24,38,1,0,5,'2024-07-17'),(2425,'2023-10-30',25,38,1,0,5,'2024-01-11'),(2426,'2023-10-30',24,38,1,0,2,'2024-07-17'),(2427,'2023-10-30',25,38,1,0,2,'2024-01-08'),(2428,'2023-10-30',24,38,1,0,1,'2024-02-27'),(2429,'2023-10-30',25,38,1,0,1,'2023-11-06'),(2430,'2023-10-30',80,19,1,0,1,'2023-11-03'),(2431,'2023-10-30',5,27,1,0,1,'2024-09-10'),(2432,'2023-10-30',80,19,1,1,3,'2023-11-01'),(2433,'2023-10-30',17,21,1,0,4,'2023-11-07'),(2434,'2023-10-30',58,37,1,0,1,'2023-11-06'),(2435,'2023-10-30',24,38,1,1,1,'2023-11-06'),(2436,'2023-10-30',25,38,1,1,1,'2023-11-02'),(2437,'2023-10-30',80,19,1,1,2,'2023-11-01'),(2438,'2023-10-30',51,7,3,0,1,'2023-11-21'),(2439,'2023-10-30',52,7,3,0,1,'2023-11-02'),(2440,'2023-10-30',54,7,3,0,1,'2023-11-06'),(2441,'2023-10-30',55,7,3,0,1,'2023-11-09'),(2442,'2023-10-30',56,7,3,0,1,'2024-01-08'),(2443,'2023-10-30',57,7,3,0,1,'2023-11-06'),(2444,'2023-10-30',17,21,3,0,1,'2023-10-31'),(2445,'2023-10-30',17,21,3,0,4,'2023-11-07'),(2446,'2023-10-30',17,21,1,0,1,'2023-10-31'),(2447,'2023-10-30',85,20,1,0,1,'2023-11-01'),(2448,'2023-10-30',24,38,1,0,3,'2024-07-17'),(2449,'2023-10-30',25,38,1,0,3,'2024-01-08'),(2450,'2023-10-30',24,38,3,0,1,'2023-11-06'),(2451,'2023-10-30',25,38,3,0,1,'2023-11-01'),(2452,'2023-10-30',5,27,1,0,2,'2024-09-24'),(2453,'2023-10-30',24,38,1,1,2,'2023-11-06'),(2454,'2023-10-30',25,38,1,1,2,'2023-11-06'),(2455,'2023-10-30',82,35,1,0,1,'2023-12-01'),(2456,'2023-10-30',83,35,1,0,1,'2024-07-23'),(2457,'2023-10-30',82,35,1,0,2,'2023-12-07'),(2458,'2023-10-30',83,35,1,0,2,'2024-08-13'),(2459,'2023-10-30',10,36,1,0,1,'2023-11-02'),(2460,'2023-10-30',19,25,1,1,1,'2023-11-02'),(2461,'2023-10-30',3,34,1,1,2,'2024-05-16'),(2462,'2023-10-30',80,19,1,0,3,'2024-11-01'),(2463,'2023-10-30',80,19,1,0,2,'2024-08-16'),(2464,'2023-10-30',9,36,1,0,1,'2023-11-02'),(2465,'2023-10-30',73,8,1,0,1,'2024-08-29'),(2466,'2023-10-30',6,27,3,0,1,'2024-02-01'),(2467,'2023-10-30',6,27,1,0,1,'2024-02-01'),(2468,'2023-10-30',52,7,1,1,1,'2023-11-09'),(2469,'2023-10-30',52,7,1,0,2,'2023-11-09'),(2470,'2023-10-30',52,7,1,0,1,'2023-11-09'),(2471,'2023-10-30',52,7,1,1,2,'2023-11-14'),(2472,'2023-10-30',81,33,1,0,1,'2023-11-01'),(2473,'2023-10-30',19,25,1,0,1,'2024-02-01'),(2474,'2023-10-30',19,25,3,0,2,'2024-02-01'),(2475,'2023-10-31',3,34,1,0,1,'2024-02-02'),(2476,'2023-10-31',80,19,1,0,1,'2023-11-17'),(2477,'2023-10-31',51,7,1,0,1,'2024-08-22'),(2478,'2023-10-31',54,7,1,0,1,'2024-06-21'),(2479,'2023-10-31',56,7,1,0,1,'2023-12-21'),(2480,'2023-10-31',57,7,1,0,1,'2023-11-07'),(2481,'2023-10-31',80,19,1,0,2,'2024-09-06'),(2482,'2023-10-31',3,34,1,1,2,'2024-03-06'),(2483,'2023-10-31',51,7,1,0,2,'2024-09-09'),(2484,'2023-10-31',54,7,1,0,2,'2025-10-03'),(2485,'2023-10-31',56,7,1,0,2,'2024-09-19'),(2486,'2023-10-31',57,7,1,0,2,'2024-05-24'),(2487,'2023-10-31',5,27,3,0,1,'2024-06-12'),(2488,'2023-10-31',80,19,1,1,1,'2023-11-01'),(2489,'2023-10-31',24,38,1,0,1,'2023-11-15'),(2490,'2023-10-31',25,38,1,0,1,'2023-11-02'),(2491,'2023-10-31',51,7,1,1,1,'2024-08-22'),(2492,'2023-10-31',54,7,1,1,1,'2023-11-07'),(2493,'2023-10-31',56,7,1,1,1,'2023-11-30'),(2494,'2023-10-31',57,7,1,1,1,'2023-12-07'),(2495,'2023-10-31',10,36,1,0,1,'2023-11-02'),(2496,'2023-10-31',80,19,1,1,2,'2023-11-01'),(2497,'2023-10-31',5,27,1,0,2,'2024-09-11'),(2498,'2023-10-31',51,7,1,1,2,'2024-09-09'),(2499,'2023-10-31',54,7,1,1,2,'2025-10-03'),(2500,'2023-10-31',56,7,1,1,2,'2024-09-19'),(2501,'2023-10-31',57,7,1,1,2,'2024-05-24'),(2502,'2023-10-31',24,38,1,0,5,'2025-04-09'),(2503,'2023-10-31',25,38,1,0,5,'2024-11-07'),(2504,'2023-10-31',19,25,1,1,1,'2023-11-02'),(2505,'2023-10-31',80,19,1,1,3,'2023-11-03'),(2506,'2023-10-31',24,38,1,0,2,'2024-07-03'),(2507,'2023-10-31',25,38,1,0,2,'2024-01-04'),(2508,'2023-10-31',24,38,1,0,3,'2024-07-03'),(2509,'2023-10-31',25,38,1,0,3,'2024-01-04'),(2510,'2023-10-31',5,27,1,0,1,'2024-06-12'),(2511,'2023-10-31',6,27,1,0,1,'2024-02-08'),(2512,'2023-10-31',6,27,3,0,1,'2024-02-08'),(2513,'2023-10-31',82,35,1,0,1,'2023-11-21'),(2514,'2023-10-31',83,35,1,0,1,'2024-07-23'),(2515,'2023-10-31',82,35,1,0,2,'2023-11-21'),(2516,'2023-10-31',83,35,1,0,2,'2024-08-06'),(2517,'2023-10-31',52,7,1,1,1,'2023-11-09'),(2518,'2023-10-31',81,33,1,0,1,'2023-11-02'),(2519,'2023-10-31',17,21,3,0,1,'2023-11-21'),(2520,'2023-10-31',17,21,1,0,1,'2023-11-21'),(2521,'2023-10-31',24,38,1,1,1,'2023-11-03'),(2522,'2023-10-31',25,38,1,1,1,'2023-11-06'),(2523,'2023-10-31',51,7,3,0,1,'2023-11-21'),(2524,'2023-10-31',52,7,3,0,1,'2023-11-02'),(2525,'2023-10-31',54,7,3,0,1,'2023-11-21'),(2526,'2023-10-31',55,7,3,0,1,'2023-11-09'),(2527,'2023-10-31',56,7,3,0,1,'2023-12-11'),(2528,'2023-10-31',57,7,3,0,1,'2023-11-06'),(2529,'2023-10-31',80,19,1,0,3,'2024-09-06'),(2530,'2023-10-31',24,38,1,1,2,'2023-11-07'),(2531,'2023-10-31',25,38,1,1,2,'2023-11-08'),(2532,'2023-10-31',19,25,1,0,1,'2024-02-22'),(2533,'2023-10-31',24,38,1,0,4,'2025-03-11'),(2534,'2023-10-31',25,38,1,0,4,'2024-11-07'),(2535,'2023-10-31',81,33,3,0,1,'2023-11-02'),(2536,'2023-10-31',24,38,3,0,1,'2023-11-06'),(2537,'2023-10-31',25,38,3,0,1,'2023-11-07'),(2538,'2023-10-31',85,20,1,0,1,'2023-11-02'),(2539,'2023-10-31',17,21,3,0,4,'2023-12-04'),(2540,'2023-10-31',17,21,1,0,4,'2023-12-04'),(2541,'2023-10-31',52,7,1,1,2,'2023-11-16'),(2542,'2023-10-31',52,7,1,0,1,'2023-11-16'),(2543,'2023-10-31',52,7,1,0,2,'2023-11-30'),(2544,'2023-11-01',51,7,1,0,2,'2024-12-02'),(2545,'2023-11-01',54,7,1,0,2,'2025-09-12'),(2546,'2023-11-01',56,7,1,0,2,'2024-10-03'),(2547,'2023-11-01',57,7,1,0,2,'2024-09-10'),(2548,'2023-11-01',3,34,1,1,2,'2024-03-14'),(2549,'2023-11-01',51,7,1,0,1,'2024-05-07'),(2550,'2023-11-01',54,7,1,0,1,'2023-11-08'),(2551,'2023-11-01',56,7,1,0,1,'2023-12-01'),(2552,'2023-11-01',80,19,1,0,1,'2023-11-17'),(2553,'2023-11-01',57,7,1,0,1,'2023-12-15'),(2554,'2023-11-01',80,19,1,0,2,'2024-11-08'),(2555,'2023-11-01',3,34,1,0,1,'2023-11-03'),(2556,'2023-11-01',5,27,1,0,1,'2024-08-07'),(2557,'2023-11-01',5,27,3,0,1,'2024-08-07'),(2558,'2023-11-01',51,7,1,1,1,'2024-05-07'),(2559,'2023-11-01',54,7,1,1,1,'2024-08-26'),(2560,'2023-11-01',56,7,1,1,1,'2023-12-01'),(2561,'2023-11-01',57,7,1,1,1,'2023-11-08'),(2562,'2023-11-01',24,38,1,0,1,'2023-11-06'),(2563,'2023-11-01',25,38,1,0,1,'2023-11-06'),(2564,'2023-11-01',10,36,1,0,1,'2023-11-02'),(2565,'2023-11-01',51,7,1,1,2,'2024-12-02'),(2566,'2023-11-01',54,7,1,1,2,'2025-09-12'),(2567,'2023-11-01',56,7,1,1,2,'2024-09-03'),(2568,'2023-11-01',57,7,1,1,2,'2024-09-10'),(2569,'2023-11-01',80,19,1,1,3,'2023-12-15'),(2570,'2023-11-01',24,38,3,0,1,'2023-11-06'),(2571,'2023-11-01',25,38,3,0,1,'2023-11-06'),(2572,'2023-11-01',24,38,1,1,1,'2023-11-03'),(2573,'2023-11-01',25,38,1,1,1,'2023-11-08'),(2574,'2023-11-01',80,19,1,1,1,'2023-11-08'),(2575,'2023-11-01',24,38,1,0,5,'2024-08-12'),(2576,'2023-11-01',25,38,1,0,5,'2025-01-03'),(2577,'2023-11-01',80,19,1,1,2,'2023-12-15'),(2578,'2023-11-01',51,7,3,0,1,'2023-11-28'),(2579,'2023-11-01',52,7,3,0,1,'2023-11-14'),(2580,'2023-11-01',54,7,3,0,1,'2023-11-21'),(2581,'2023-11-01',55,7,3,0,1,'2023-11-09'),(2582,'2023-11-01',56,7,3,0,1,'2024-01-08'),(2583,'2023-11-01',57,7,3,0,1,'2023-11-06'),(2584,'2023-11-01',19,25,1,1,1,'2023-11-03'),(2585,'2023-11-01',82,35,1,0,1,'2023-12-01'),(2586,'2023-11-01',83,35,1,0,1,'2024-07-30'),(2587,'2023-11-01',24,38,1,0,2,'2024-08-12'),(2588,'2023-11-01',25,38,1,0,2,'2023-11-08'),(2589,'2023-11-01',17,21,3,0,1,'2023-11-09'),(2590,'2023-11-01',17,21,1,0,1,'2023-11-09'),(2591,'2023-11-01',82,35,1,0,2,'2023-12-12'),(2592,'2023-11-01',83,35,1,0,2,'2024-08-06'),(2593,'2023-11-01',19,25,1,0,1,'2024-03-28'),(2594,'2023-11-01',24,38,1,0,3,'2024-08-12'),(2595,'2023-11-01',25,38,1,0,3,'2024-01-22'),(2596,'2023-11-01',73,8,1,0,1,'2024-06-03'),(2597,'2023-11-01',24,38,1,0,4,'2024-08-12'),(2598,'2023-11-01',25,38,1,0,4,'2025-01-03'),(2599,'2023-11-01',52,7,1,0,1,'2023-11-14'),(2600,'2023-11-01',81,33,1,0,1,'2023-11-22'),(2601,'2023-11-01',17,21,3,0,4,'2023-12-04'),(2602,'2023-11-01',17,21,1,0,4,'2023-12-04'),(2603,'2023-11-01',52,7,1,1,1,'2023-11-14'),(2604,'2023-11-01',24,38,1,1,2,'2023-11-08'),(2605,'2023-11-01',25,38,1,1,2,'2023-11-08'),(2606,'2023-11-01',80,19,1,0,3,'2024-11-08'),(2607,'2023-11-01',85,20,1,0,2,'2023-11-02'),(2608,'2023-11-01',5,27,1,0,2,'2024-08-20'),(2609,'2023-11-01',81,33,3,0,1,'2023-11-03'),(2610,'2023-11-01',52,7,1,1,2,'2023-11-14'),(2611,'2023-11-02',5,27,3,0,1,'2024-07-24'),(2612,'2023-11-02',24,38,1,0,2,'2024-06-25'),(2613,'2023-11-02',51,7,1,0,2,'2024-09-24'),(2614,'2023-11-02',25,38,1,0,2,'2024-01-19'),(2615,'2023-11-02',56,7,1,0,2,'2024-10-31'),(2616,'2023-11-02',57,7,1,0,2,'2024-04-18'),(2617,'2023-11-02',80,19,1,0,1,'2024-08-23'),(2618,'2023-11-02',80,19,1,0,3,'2024-11-08'),(2619,'2023-11-02',3,34,1,0,1,'2023-11-03'),(2620,'2023-11-02',3,34,1,1,2,'2024-03-07'),(2621,'2023-11-02',80,19,1,0,2,'2024-11-08'),(2622,'2023-11-02',5,27,1,0,1,'2024-07-24'),(2623,'2023-11-02',51,7,1,0,1,'2024-01-02'),(2624,'2023-11-02',56,7,1,0,1,'2024-03-01'),(2625,'2023-11-02',57,7,1,0,1,'2023-11-06'),(2626,'2023-11-02',24,38,1,0,1,'2024-02-14'),(2627,'2023-11-02',25,38,1,0,1,'2023-11-09'),(2628,'2023-11-02',51,7,1,1,1,'2024-01-02'),(2629,'2023-11-02',56,7,1,1,1,'2024-03-01'),(2630,'2023-11-02',57,7,1,1,1,'2023-11-08'),(2631,'2023-11-02',80,19,1,1,1,'2023-11-15'),(2632,'2023-11-02',51,7,1,1,2,'2024-09-24'),(2633,'2023-11-02',56,7,1,1,2,'2024-10-31'),(2634,'2023-11-02',57,7,1,1,2,'2024-05-21'),(2635,'2023-11-02',24,38,1,0,4,'2024-07-23'),(2636,'2023-11-02',25,38,1,0,4,'2024-01-19'),(2637,'2023-11-02',24,38,1,0,5,'2025-04-15'),(2638,'2023-11-02',25,38,1,0,5,'2024-08-01'),(2639,'2023-11-02',24,38,3,0,1,'2024-01-03'),(2640,'2023-11-02',25,38,3,0,1,'2023-11-08'),(2641,'2023-11-02',81,33,1,0,1,'2023-11-16'),(2642,'2023-11-02',54,7,1,0,2,'2025-02-25'),(2643,'2023-11-02',54,7,1,1,1,'2023-11-06'),(2644,'2023-11-02',54,7,1,1,2,'2025-02-25'),(2645,'2023-11-02',54,7,1,0,1,'2023-11-08'),(2646,'2023-11-02',5,27,1,0,2,'2024-09-03'),(2647,'2023-11-02',7,27,1,0,1,'2023-11-08'),(2648,'2023-11-02',7,27,3,0,1,'2023-11-08'),(2649,'2023-11-02',24,38,1,0,3,'2024-07-01'),(2650,'2023-11-02',25,38,1,0,3,'2024-08-01'),(2651,'2023-11-02',80,19,1,1,3,'2024-02-07'),(2652,'2023-11-02',80,19,1,1,2,'2023-11-15'),(2653,'2023-11-02',82,35,1,0,1,'2023-12-12'),(2654,'2023-11-02',83,35,1,0,1,'2023-12-18'),(2655,'2023-11-02',82,35,1,0,2,'2023-12-12'),(2656,'2023-11-02',83,35,1,0,2,'2023-12-18'),(2657,'2023-11-02',81,33,3,0,1,'2023-11-06'),(2658,'2023-11-02',52,7,1,0,1,'2024-01-16'),(2659,'2023-11-02',52,7,1,1,1,'2024-01-16'),(2660,'2023-11-02',52,7,1,1,2,'2023-11-21'),(2661,'2023-11-03',5,27,1,0,1,'2024-07-24'),(2662,'2023-11-03',51,7,1,0,1,'2024-07-08'),(2663,'2023-11-03',54,7,1,0,1,'2024-06-04'),(2664,'2023-11-03',56,7,1,0,1,'2024-03-07'),(2665,'2023-11-03',57,7,1,0,1,'2023-11-09'),(2666,'2023-11-03',80,19,1,0,1,'2024-08-16'),(2667,'2023-11-03',3,34,1,0,1,'2023-12-01'),(2668,'2023-11-03',3,34,1,1,2,'2024-01-04'),(2669,'2023-11-03',51,7,1,0,2,'2025-08-18'),(2670,'2023-11-03',54,7,1,0,2,'2025-10-17'),(2671,'2023-11-03',56,7,1,0,2,'2024-09-10'),(2672,'2023-11-03',57,7,1,0,2,'2024-07-10'),(2673,'2023-11-03',5,27,3,0,1,'2024-07-24'),(2674,'2023-11-03',51,7,1,1,1,'2023-12-05'),(2675,'2023-11-03',54,7,1,1,1,'2024-01-24'),(2676,'2023-11-03',56,7,1,1,1,'2024-01-08'),(2677,'2023-11-03',57,7,1,1,1,'2023-11-07'),(2678,'2023-11-03',24,38,1,0,3,'2025-03-17'),(2679,'2023-11-03',25,38,1,0,3,'2024-08-27'),(2680,'2023-11-03',24,38,1,0,4,'2025-03-17'),(2681,'2023-11-03',25,38,1,0,4,'2024-08-27'),(2682,'2023-11-03',80,19,1,1,1,'2023-11-08'),(2683,'2023-11-03',24,38,1,0,2,'2024-06-10'),(2684,'2023-11-03',25,38,1,0,2,'2023-11-14'),(2685,'2023-11-03',80,19,1,1,2,'2023-12-06'),(2686,'2023-11-03',80,19,1,1,3,'2024-02-16'),(2687,'2023-11-03',24,38,1,0,5,'2025-04-14'),(2688,'2023-11-03',25,38,1,0,5,'2025-01-08'),(2689,'2023-11-03',81,33,1,0,1,'2023-11-27'),(2690,'2023-11-03',82,35,1,0,2,'2023-12-12'),(2691,'2023-11-03',83,35,1,0,2,'2024-06-04'),(2692,'2023-11-03',24,38,1,0,1,'2024-06-10'),(2693,'2023-11-03',25,38,1,0,1,'2023-11-14'),(2694,'2023-11-03',51,7,1,1,2,'2025-08-18'),(2695,'2023-11-03',54,7,1,1,2,'2025-10-17'),(2696,'2023-11-03',56,7,1,1,2,'2024-04-11'),(2697,'2023-11-03',57,7,1,1,2,'2024-01-08'),(2698,'2023-11-03',3,34,1,1,1,'2023-11-13'),(2699,'2023-11-03',82,35,1,0,1,'2023-12-12'),(2700,'2023-11-03',83,35,1,0,1,'2023-12-15'),(2701,'2023-11-03',80,19,1,0,2,'2024-08-16'),(2702,'2023-11-03',80,19,1,0,3,'2024-08-16'),(2703,'2023-11-03',24,38,3,0,1,'2023-11-22'),(2704,'2023-11-03',25,38,3,0,1,'2023-11-09'),(2705,'2023-11-03',52,7,1,1,1,'2023-11-14'),(2706,'2023-11-03',52,7,1,0,1,'2024-01-02'),(2707,'2023-11-03',5,27,1,0,2,'2024-10-15'),(2708,'2023-11-03',52,7,1,1,2,'2024-01-04'),(2709,'2023-11-03',55,7,1,1,1,'2023-11-09'),(2710,'2023-11-03',55,7,1,0,2,'2023-11-09'),(2711,'2023-11-03',55,7,1,1,2,'2023-11-09'),(2712,'2023-11-03',55,7,1,0,1,'2023-11-13'),(2713,'2023-11-03',7,27,3,0,1,'2023-11-08'),(2714,'2023-11-03',7,27,1,0,1,'2023-11-08'),(2715,'2023-11-04',3,34,1,1,1,'2023-11-08'),(2716,'2023-11-04',51,7,1,0,1,'2024-04-16'),(2717,'2023-11-04',54,7,1,0,1,'2023-11-17'),(2718,'2023-11-04',56,7,1,0,1,'2024-02-16'),(2719,'2023-11-04',57,7,1,0,1,'2024-03-01'),(2720,'2023-11-04',5,27,3,0,1,'2024-06-11'),(2721,'2023-11-04',3,34,1,0,1,'2023-11-17'),(2722,'2023-11-04',5,27,1,0,1,'2024-06-11'),(2723,'2023-11-04',51,7,1,0,2,'2025-08-11'),(2724,'2023-11-04',54,7,1,0,2,'2025-09-22'),(2725,'2023-11-04',56,7,1,0,2,'2024-09-09'),(2726,'2023-11-04',57,7,1,0,2,'2023-12-18'),(2727,'2023-11-04',24,38,1,0,1,'2024-07-01'),(2728,'2023-11-04',25,38,1,0,1,'2023-11-08'),(2729,'2023-11-04',24,38,1,0,2,'2024-11-05'),(2730,'2023-11-04',25,38,1,0,2,'2025-01-02'),(2731,'2023-11-04',51,7,1,1,1,'2024-04-16'),(2732,'2023-11-04',54,7,1,1,1,'2023-11-17'),(2733,'2023-11-04',56,7,1,1,1,'2024-02-16'),(2734,'2023-11-04',57,7,1,1,1,'2023-11-08'),(2735,'2023-11-04',51,7,1,1,2,'2025-08-11'),(2736,'2023-11-04',54,7,1,1,2,'2025-09-22'),(2737,'2023-11-04',56,7,1,1,2,'2024-09-09'),(2738,'2023-11-04',57,7,1,1,2,'2024-04-04'),(2739,'2023-11-04',3,34,1,1,2,'2024-03-01'),(2740,'2023-11-04',24,38,1,0,3,'2024-11-05'),(2741,'2023-11-04',25,38,1,0,3,'2025-01-08'),(2742,'2023-11-04',24,38,1,0,5,'2025-04-15'),(2743,'2023-11-04',25,38,1,0,5,'2025-01-21'),(2744,'2023-11-04',24,38,3,0,1,'2024-01-11'),(2745,'2023-11-04',25,38,3,0,1,'2023-11-17'),(2746,'2023-11-04',80,19,1,1,1,'2023-11-22'),(2747,'2023-11-04',7,27,1,0,1,'2023-11-08'),(2748,'2023-11-04',7,27,3,0,1,'2023-11-08'),(2749,'2023-11-04',5,27,1,0,2,'2024-09-24'),(2750,'2023-11-04',7,27,1,0,2,'2023-11-08'),(2751,'2023-11-04',80,19,1,1,2,'2024-07-10'),(2752,'2023-11-04',80,19,1,1,3,'2024-07-24'),(2753,'2023-11-04',82,35,1,0,1,'2023-11-13'),(2754,'2023-11-04',83,35,1,0,1,'2024-07-02'),(2755,'2023-11-04',82,35,1,0,2,'2023-11-13'),(2756,'2023-11-04',83,35,1,0,2,'2024-08-06'),(2757,'2023-11-04',80,19,1,0,1,'2024-10-04'),(2758,'2023-11-04',55,7,1,0,1,'2023-11-09'),(2759,'2023-11-04',55,7,1,1,1,'2023-11-09'),(2760,'2023-11-04',24,38,1,0,4,'2025-04-10'),(2761,'2023-11-04',25,38,1,0,4,'2025-01-21'),(2762,'2023-11-04',2,32,1,1,1,'2024-03-04'),(2763,'2023-11-04',2,32,1,0,1,'2024-01-17'),(2764,'2023-11-05',51,7,1,0,2,'2025-08-18'),(2765,'2023-11-05',54,7,1,0,2,'2025-06-06'),(2766,'2023-11-05',56,7,1,0,2,'2024-11-22'),(2767,'2023-11-05',57,7,1,0,2,'2024-10-10'),(2768,'2023-11-05',3,34,1,1,1,'2023-11-27'),(2769,'2023-11-05',3,34,1,0,1,'2023-11-20'),(2770,'2023-11-05',5,27,3,0,1,'2024-07-23'),(2771,'2023-11-05',5,27,1,0,1,'2024-07-23'),(2772,'2023-11-05',51,7,1,0,1,'2024-08-08'),(2773,'2023-11-05',54,7,1,0,1,'2023-11-08'),(2774,'2023-11-05',56,7,1,0,1,'2023-11-29'),(2775,'2023-11-05',57,7,1,0,1,'2023-12-18'),(2776,'2023-11-05',51,7,1,1,1,'2024-08-08'),(2777,'2023-11-05',54,7,1,1,1,'2023-11-08'),(2778,'2023-11-05',56,7,1,1,1,'2023-11-29'),(2779,'2023-11-05',57,7,1,1,1,'2023-12-18'),(2780,'2023-11-05',24,38,1,0,3,'2024-02-27'),(2781,'2023-11-05',25,38,1,0,3,'2024-10-30'),(2782,'2023-11-05',51,7,1,1,2,'2025-08-18'),(2783,'2023-11-05',54,7,1,1,2,'2025-06-06'),(2784,'2023-11-05',56,7,1,1,2,'2024-11-22'),(2785,'2023-11-05',57,7,1,1,2,'2024-10-10'),(2786,'2023-11-05',24,38,1,0,2,'2024-02-27'),(2787,'2023-11-05',25,38,1,0,2,'2024-05-03'),(2788,'2023-11-05',24,38,1,0,1,'2024-02-27'),(2789,'2023-11-05',25,38,1,0,1,'2024-05-03'),(2790,'2023-11-05',24,38,1,0,5,'2025-04-14'),(2791,'2023-11-05',25,38,1,0,5,'2025-01-27'),(2792,'2023-11-05',80,19,1,1,2,'2024-08-02'),(2793,'2023-11-05',3,34,1,1,2,'2023-11-27'),(2794,'2023-11-05',24,38,1,0,4,'2024-02-27'),(2795,'2023-11-05',25,38,1,0,4,'2025-01-27'),(2796,'2023-11-05',5,27,1,0,2,'2024-10-08'),(2797,'2023-11-05',55,7,1,0,1,'2023-12-04'),(2798,'2023-11-05',16,1,1,1,1,'2024-09-18'),(2799,'2023-11-05',82,35,1,0,1,'2023-11-21'),(2800,'2023-11-05',83,35,1,0,1,'2024-07-02'),(2801,'2023-11-05',80,19,1,1,1,'2023-12-08'),(2802,'2023-11-05',81,33,1,0,1,'2023-12-06'),(2803,'2023-11-05',2,32,1,0,1,'2023-12-19'),(2804,'2023-11-05',55,7,1,1,1,'2023-11-13'),(2805,'2023-11-05',24,38,3,0,1,'2023-11-13'),(2806,'2023-11-05',25,38,3,0,1,'2023-11-21'),(2807,'2023-11-05',82,35,1,0,2,'2023-12-13'),(2808,'2023-11-05',83,35,1,0,2,'2024-08-06'),(2809,'2023-11-06',51,7,1,0,2,'2026-03-17'),(2810,'2023-11-06',54,7,1,0,2,'2025-10-06'),(2811,'2023-11-06',56,7,1,0,2,'2025-01-16'),(2812,'2023-11-06',57,7,1,0,2,'2024-10-18'),(2813,'2023-11-06',5,27,3,0,1,'2024-08-21'),(2814,'2023-11-06',3,34,1,0,1,'2025-07-07'),(2815,'2023-11-06',51,7,1,0,1,'2023-11-09'),(2816,'2023-11-06',5,27,1,0,1,'2024-04-16'),(2817,'2023-11-06',54,7,1,0,1,'2023-11-29'),(2818,'2023-11-06',56,7,1,0,1,'2024-02-27'),(2819,'2023-11-06',57,7,1,0,1,'2023-11-09'),(2820,'2023-11-06',51,7,1,1,1,'2023-11-09'),(2821,'2023-11-06',54,7,1,1,1,'2023-12-05'),(2822,'2023-11-06',56,7,1,1,1,'2023-12-21'),(2823,'2023-11-06',57,7,1,1,1,'2023-11-08'),(2824,'2023-11-06',24,38,1,0,1,'2024-10-22'),(2825,'2023-11-06',25,38,1,0,1,'2023-11-14'),(2826,'2023-11-06',51,7,1,1,2,'2023-11-09'),(2827,'2023-11-06',54,7,1,1,2,'2025-10-06'),(2828,'2023-11-06',56,7,1,1,2,'2025-01-16'),(2829,'2023-11-06',57,7,1,1,2,'2024-10-18'),(2830,'2023-11-06',16,1,1,1,1,'2023-11-07'),(2831,'2023-11-06',24,38,1,0,2,'2025-02-13'),(2832,'2023-11-06',25,38,1,0,2,'2023-11-14'),(2833,'2023-11-06',24,38,1,0,4,'2025-04-21'),(2834,'2023-11-06',25,38,1,0,4,'2023-11-14'),(2835,'2023-11-06',24,38,1,0,3,'2025-02-13'),(2836,'2023-11-06',25,38,1,0,3,'2023-11-14'),(2837,'2023-11-06',24,38,1,0,5,'2025-04-21'),(2838,'2023-11-06',25,38,1,0,5,'2025-01-22'),(2839,'2023-11-06',80,19,1,1,2,'2023-11-08'),(2840,'2023-11-06',80,19,1,1,1,'2023-11-08'),(2841,'2023-11-06',3,34,1,1,2,'2023-11-13'),(2842,'2023-11-06',24,38,3,0,1,'2023-11-13'),(2843,'2023-11-06',25,38,3,0,1,'2023-11-09'),(2844,'2023-11-06',81,33,1,0,1,'2023-11-16'),(2845,'2023-11-06',80,19,1,1,3,'2024-08-09'),(2846,'2023-11-06',7,27,3,0,1,'2023-12-06'),(2847,'2023-11-06',7,27,1,0,1,'2023-11-08'),(2848,'2023-11-06',80,19,1,0,1,'2024-09-20'),(2849,'2023-11-06',6,27,1,0,1,'2024-02-05'),(2850,'2023-11-07',51,7,1,0,2,'2025-04-07'),(2851,'2023-11-07',56,7,1,0,2,'2024-08-08'),(2852,'2023-11-07',57,7,1,0,2,'2024-04-12'),(2853,'2023-11-07',3,34,1,0,1,'2023-11-08'),(2854,'2023-11-07',51,7,1,0,1,'2024-06-26'),(2855,'2023-11-07',56,7,1,0,1,'2023-11-29'),(2856,'2023-11-07',57,7,1,0,1,'2023-11-28'),(2857,'2023-11-07',24,38,1,0,3,'2025-04-10'),(2858,'2023-11-07',25,38,1,0,3,'2025-01-09'),(2859,'2023-11-07',24,38,1,0,2,'2024-11-05'),(2860,'2023-11-07',25,38,1,0,2,'2025-01-06'),(2861,'2023-11-07',51,7,1,1,2,'2025-04-07'),(2862,'2023-11-07',56,7,1,1,2,'2024-06-18'),(2863,'2023-11-07',57,7,1,1,2,'2024-04-12'),(2864,'2023-11-07',51,7,1,1,1,'2024-06-26'),(2865,'2023-11-07',56,7,1,1,1,'2023-11-29'),(2866,'2023-11-07',57,7,1,1,1,'2023-11-09'),(2867,'2023-11-07',16,1,1,1,1,'2023-11-08'),(2868,'2023-11-07',54,7,1,1,1,'2023-11-28'),(2869,'2023-11-07',54,7,1,0,1,'2023-11-28'),(2870,'2023-11-07',24,38,1,0,4,'2025-04-21'),(2871,'2023-11-07',25,38,1,0,4,'2025-01-09'),(2872,'2023-11-07',24,38,1,0,1,'2024-06-24'),(2873,'2023-11-07',25,38,1,0,1,'2023-11-13'),(2874,'2023-11-07',52,7,1,0,1,'2023-11-14'),(2875,'2023-11-07',5,27,1,0,1,'2024-02-07'),(2876,'2023-11-07',6,27,1,0,1,'2024-02-05'),(2877,'2023-11-07',7,27,1,0,1,'2023-11-08'),(2878,'2023-11-07',24,38,1,0,5,'2025-04-22'),(2879,'2023-11-07',25,38,1,0,5,'2025-01-09'),(2880,'2023-11-07',80,19,1,1,1,'2023-11-08'),(2881,'2023-11-07',24,38,3,0,1,'2023-11-13'),(2882,'2023-11-07',25,38,3,0,1,'2023-11-13'),(2883,'2023-11-07',3,34,1,1,2,'2024-09-25'),(2884,'2023-11-07',83,35,1,1,1,'2023-11-13'),(2885,'2023-11-07',5,27,1,0,3,'2024-07-31'),(2886,'2023-11-07',7,27,1,0,3,'2024-03-27'),(2887,'2023-11-07',82,35,1,1,1,'2023-11-09'),(2888,'2023-11-07',80,19,1,0,1,'2023-11-17'),(2889,'2023-11-07',81,33,1,0,1,'2023-11-09'),(2890,'2023-11-07',80,19,1,1,3,'2024-09-13'),(2891,'2023-11-07',80,19,1,1,2,'2024-09-13'),(2892,'2023-11-07',10,36,1,1,1,'2023-11-29'),(2893,'2023-11-07',82,35,1,0,2,'2024-01-04'),(2894,'2023-11-07',83,35,1,0,2,'2024-08-06'),(2895,'2023-11-07',9,36,1,1,1,'2023-12-12'),(2896,'2023-11-07',80,19,1,0,2,'2024-06-14'),(2897,'2023-11-07',5,27,1,0,2,'2024-09-03'),(2898,'2023-11-08',3,34,1,0,1,'2024-12-18'),(2899,'2023-11-08',51,7,1,0,2,'2025-03-10'),(2900,'2023-11-08',56,7,1,0,2,'2023-12-07'),(2901,'2023-11-08',57,7,1,0,2,'2024-04-05'),(2902,'2023-11-08',51,7,1,0,1,'2024-09-25'),(2903,'2023-11-08',56,7,1,0,1,'2024-05-08'),(2904,'2023-11-08',57,7,1,0,1,'2023-12-13'),(2905,'2023-11-08',10,36,1,1,1,'2023-11-28'),(2906,'2023-11-08',51,7,1,1,1,'2024-01-25'),(2907,'2023-11-08',56,7,1,1,1,'2024-05-08'),(2908,'2023-11-08',57,7,1,1,1,'2023-11-27'),(2909,'2023-11-08',24,38,1,0,1,'2024-07-16'),(2910,'2023-11-08',25,38,1,0,1,'2024-01-19'),(2911,'2023-11-08',24,38,1,0,2,'2024-09-17'),(2912,'2023-11-08',25,38,1,0,2,'2024-05-29'),(2913,'2023-11-08',54,7,1,1,1,'2023-11-14'),(2914,'2023-11-08',51,7,1,1,2,'2025-03-10'),(2915,'2023-11-08',56,7,1,1,2,'2023-12-07'),(2916,'2023-11-08',57,7,1,1,2,'2024-04-05'),(2917,'2023-11-08',80,19,1,1,1,'2024-01-12'),(2918,'2023-11-08',5,27,1,0,3,'2024-09-04'),(2919,'2023-11-08',5,27,1,0,2,'2024-08-28'),(2920,'2023-11-08',5,27,1,0,1,'2024-04-17'),(2921,'2023-11-08',16,1,1,1,1,'2023-11-09'),(2922,'2023-11-08',24,38,1,0,5,'2025-04-15'),(2923,'2023-11-08',25,38,1,0,5,'2025-01-31'),(2924,'2023-11-08',81,33,1,0,1,'2023-11-09'),(2925,'2023-11-08',54,7,1,0,1,'2024-01-09'),(2926,'2023-11-08',24,38,1,0,3,'2025-02-27'),(2927,'2023-11-08',25,38,1,0,3,'2025-01-06'),(2928,'2023-11-08',24,38,3,0,1,'2023-11-13'),(2929,'2023-11-08',25,38,3,0,1,'2023-11-15'),(2930,'2023-11-08',54,7,1,1,2,'2025-04-28'),(2931,'2023-11-08',54,7,1,0,2,'2025-04-28'),(2932,'2023-11-08',24,38,1,0,4,'2025-04-15'),(2933,'2023-11-08',25,38,1,0,4,'2025-01-06'),(2934,'2023-11-08',3,34,1,1,2,'2024-05-13'),(2935,'2023-11-08',9,36,1,1,1,'2023-11-13'),(2936,'2023-11-08',7,27,1,0,1,'2024-03-27'),(2937,'2023-11-08',80,19,1,0,1,'2024-10-04'),(2938,'2023-11-08',80,19,1,1,2,'2024-09-13'),(2939,'2023-11-08',80,19,1,1,3,'2024-09-27'),(2940,'2023-11-08',3,34,1,1,1,'2023-11-15'),(2941,'2023-11-08',52,7,1,1,1,'2023-11-16'),(2942,'2023-11-08',82,35,1,0,2,'2024-01-08'),(2943,'2023-11-08',83,35,1,0,2,'2024-08-06'),(2944,'2023-11-08',10,36,1,0,1,'2024-03-25'),(2945,'2023-11-09',24,38,1,0,1,'2024-05-29'),(2946,'2023-11-09',25,38,1,0,1,'2024-08-01'),(2947,'2023-11-09',3,34,1,0,1,'2023-12-21'),(2948,'2023-11-09',51,7,1,0,2,'2024-04-11'),(2949,'2023-11-09',56,7,1,0,2,'2023-12-01'),(2950,'2023-11-09',57,7,1,0,2,'2025-01-28'),(2951,'2023-11-09',51,7,1,0,1,'2024-01-02'),(2952,'2023-11-09',56,7,1,0,1,'2024-06-06'),(2953,'2023-11-09',57,7,1,0,1,'2023-11-16'),(2954,'2023-11-09',10,36,1,1,1,'2023-11-17'),(2955,'2023-11-09',51,7,1,1,2,'2024-04-11'),(2956,'2023-11-09',56,7,1,1,2,'2023-12-05'),(2957,'2023-11-09',57,7,1,1,2,'2025-01-28'),(2958,'2023-11-09',51,7,1,1,1,'2024-04-11'),(2959,'2023-11-09',56,7,1,1,1,'2023-12-05'),(2960,'2023-11-09',57,7,1,1,1,'2023-12-11'),(2961,'2023-11-09',3,34,1,1,1,'2023-11-15'),(2962,'2023-11-09',54,7,1,1,1,'2024-07-10'),(2963,'2023-11-09',24,38,1,0,2,'2025-04-03'),(2964,'2023-11-09',25,38,1,0,2,'2024-08-01'),(2965,'2023-11-09',54,7,1,0,1,'2023-11-17'),(2966,'2023-11-09',80,19,1,1,1,'2024-01-31'),(2967,'2023-11-09',24,38,1,0,3,'2025-04-03'),(2968,'2023-11-09',25,38,1,0,3,'2024-08-01'),(2969,'2023-11-09',24,38,1,0,4,'2025-04-03'),(2970,'2023-11-09',25,38,1,0,4,'2024-08-01'),(2971,'2023-11-09',9,36,1,1,1,'2023-11-13'),(2972,'2023-11-09',80,19,1,1,2,'2024-02-02'),(2973,'2023-11-09',2,32,1,0,1,'2023-12-05'),(2974,'2023-11-09',5,27,1,0,3,'2024-01-19'),(2975,'2023-11-09',24,38,3,0,1,'2023-11-20'),(2976,'2023-11-09',25,38,3,0,1,'2023-11-21'),(2977,'2023-11-09',3,34,1,1,2,'2024-11-18'),(2978,'2023-11-09',81,33,1,0,1,'2024-02-29'),(2979,'2023-11-09',5,27,1,0,1,'2024-01-19'),(2980,'2023-11-09',82,35,1,0,2,'2024-01-04'),(2981,'2023-11-09',83,35,1,0,2,'2024-08-13'),(2982,'2023-11-09',24,38,1,0,5,'2025-04-24'),(2983,'2023-11-09',25,38,1,0,5,'2024-08-20'),(2984,'2023-11-09',5,27,1,0,2,'2024-01-19'),(2985,'2023-11-09',3,34,3,0,1,'2025-07-11'),(2986,'2023-11-09',3,34,3,1,1,'2023-12-20'),(2987,'2023-11-09',80,19,1,1,3,'2024-02-02'),(2988,'2023-11-09',54,7,1,1,2,'2025-10-06'),(2989,'2023-11-09',54,7,1,0,2,'2025-10-06'),(2990,'2023-11-09',7,27,1,0,1,'2024-03-13'),(2991,'2023-11-09',6,27,1,0,1,'2024-02-08'),(2992,'2023-11-09',52,7,1,1,1,'2023-11-16'),(2993,'2023-11-09',52,7,1,0,2,'2023-11-16'),(2994,'2023-11-09',52,7,1,1,2,'2023-11-16'),(2995,'2023-11-09',52,7,1,0,1,'2023-11-16'),(2996,'2023-11-10',3,34,1,0,1,'2023-11-17'),(2997,'2023-11-10',51,7,1,0,2,'2025-02-28'),(2998,'2023-11-10',51,7,1,0,1,'2024-04-02'),(2999,'2023-11-10',54,7,1,0,1,'2023-11-30'),(3000,'2023-11-10',54,7,1,0,2,'2025-04-25'),(3001,'2023-11-10',56,7,1,0,2,'2024-06-11'),(3002,'2023-11-10',56,7,1,0,1,'2024-06-07'),(3003,'2023-11-10',57,7,1,0,2,'2024-06-10'),(3004,'2023-11-10',57,7,1,0,1,'2024-03-27'),(3005,'2023-11-10',24,38,1,0,1,'2024-02-07'),(3006,'2023-11-10',25,38,1,0,1,'2024-07-02'),(3007,'2023-11-10',51,7,1,1,1,'2024-04-02'),(3008,'2023-11-10',54,7,1,1,1,'2024-02-26'),(3009,'2023-11-10',56,7,1,1,1,'2023-12-12'),(3010,'2023-11-10',57,7,1,1,1,'2024-03-27'),(3011,'2023-11-10',51,7,1,1,2,'2025-02-28'),(3012,'2023-11-10',54,7,1,1,2,'2025-04-25'),(3013,'2023-11-10',56,7,1,1,2,'2024-06-11'),(3014,'2023-11-10',57,7,1,1,2,'2024-04-15'),(3015,'2023-11-10',24,38,1,0,3,'2025-04-22'),(3016,'2023-11-10',25,38,1,0,3,'2024-08-01'),(3017,'2023-11-10',24,38,1,0,2,'2024-09-18'),(3018,'2023-11-10',25,38,1,0,2,'2024-08-01'),(3019,'2023-11-10',24,38,1,0,4,'2025-04-22'),(3020,'2023-11-10',25,38,1,0,4,'2024-08-01'),(3021,'2023-11-10',3,34,3,1,1,'2023-12-14'),(3022,'2023-11-10',5,27,1,0,1,'2024-07-30'),(3023,'2023-11-10',3,34,1,1,1,'2023-11-16'),(3024,'2023-11-10',24,38,3,0,1,'2023-11-20'),(3025,'2023-11-10',25,38,3,0,1,'2023-12-20'),(3026,'2023-11-10',80,19,1,1,1,'2023-11-14'),(3027,'2023-11-10',7,27,1,0,1,'2024-04-17'),(3028,'2023-11-10',24,38,1,0,5,'2025-04-28'),(3029,'2023-11-10',25,38,1,0,5,'2024-08-14'),(3030,'2023-11-10',80,19,1,1,2,'2023-11-15'),(3031,'2023-11-10',6,27,1,0,1,'2023-12-28'),(3032,'2023-11-10',82,35,1,0,2,'2023-11-28'),(3033,'2023-11-10',83,35,1,0,2,'2024-08-13'),(3034,'2023-11-10',2,32,1,0,1,'2024-03-19'),(3035,'2023-11-10',5,27,1,0,2,'2024-10-15'),(3036,'2023-11-10',52,7,1,1,1,'2023-12-05'),(3037,'2023-11-10',5,27,1,0,3,'2024-10-22'),(3038,'2023-11-10',80,19,1,1,3,'2024-10-18'),(3039,'2023-11-10',51,7,3,1,1,'2023-11-28'),(3040,'2023-11-10',52,7,3,1,1,'2023-11-28'),(3041,'2023-11-10',54,7,3,1,1,'2023-12-07'),(3042,'2023-11-10',55,7,3,1,1,'2023-12-04'),(3043,'2023-11-10',56,7,3,1,1,'2024-09-13'),(3044,'2023-11-10',57,7,3,1,1,'2023-11-28'),(3045,'2023-11-10',51,7,3,0,1,'2023-11-28'),(3046,'2023-11-10',52,7,3,0,1,'2023-11-28'),(3047,'2023-11-10',54,7,3,0,1,'2023-12-07'),(3048,'2023-11-10',55,7,3,0,1,'2023-12-04'),(3049,'2023-11-10',56,7,3,0,1,'2024-09-13'),(3050,'2023-11-10',57,7,3,0,1,'2023-11-28'),(3051,'2023-11-11',51,7,1,0,2,'2024-09-16'),(3052,'2023-11-11',56,7,1,0,2,'2025-12-11'),(3053,'2023-11-11',57,7,1,0,2,'2024-07-24'),(3054,'2023-11-11',24,38,1,0,1,'2023-11-21'),(3055,'2023-11-11',25,38,1,0,1,'2024-02-08'),(3056,'2023-11-11',3,34,1,0,1,'2024-12-19'),(3057,'2023-11-11',51,7,1,0,1,'2024-07-10'),(3058,'2023-11-11',56,7,1,0,1,'2024-02-16'),(3059,'2023-11-11',57,7,1,0,1,'2024-03-08'),(3060,'2023-11-11',51,7,1,1,2,'2024-09-16'),(3061,'2023-11-11',56,7,1,1,2,'2024-02-22'),(3062,'2023-11-11',57,7,1,1,2,'2024-07-24'),(3063,'2023-11-11',51,7,1,1,1,'2023-11-29'),(3064,'2023-11-11',56,7,1,1,1,'2024-01-11'),(3065,'2023-11-11',57,7,1,1,1,'2023-11-16'),(3066,'2023-11-11',54,7,1,1,1,'2024-05-28'),(3067,'2023-11-11',54,7,1,0,1,'2023-11-16'),(3068,'2023-11-11',3,34,1,1,1,'2023-12-21'),(3069,'2023-11-11',24,38,1,0,2,'2023-11-21'),(3070,'2023-11-11',25,38,1,0,2,'2024-08-07'),(3071,'2023-11-11',5,27,1,0,1,'2023-11-14'),(3072,'2023-11-11',80,19,1,1,1,'2023-11-15'),(3073,'2023-11-11',24,38,1,0,3,'2023-11-21'),(3074,'2023-11-11',25,38,1,0,3,'2024-08-26'),(3075,'2023-11-11',24,38,1,0,5,'2024-12-09'),(3076,'2023-11-11',25,38,1,0,5,'2025-01-22'),(3077,'2023-11-11',24,38,1,0,4,'2024-12-09'),(3078,'2023-11-11',25,38,1,0,4,'2024-11-07'),(3079,'2023-11-11',24,38,3,0,1,'2024-01-02'),(3080,'2023-11-11',25,38,3,0,1,'2023-11-20'),(3081,'2023-11-11',3,34,3,1,1,'2024-01-04'),(3082,'2023-11-11',54,7,1,1,2,'2024-11-14'),(3083,'2023-11-11',54,7,1,0,2,'2024-11-14'),(3084,'2023-11-11',51,7,3,1,1,'2023-11-28'),(3085,'2023-11-11',52,7,3,1,1,'2023-11-28'),(3086,'2023-11-11',54,7,3,1,1,'2023-12-07'),(3087,'2023-11-11',55,7,3,1,1,'2023-12-04'),(3088,'2023-11-11',56,7,3,1,1,'2024-09-13'),(3089,'2023-11-11',57,7,3,1,1,'2023-11-22'),(3090,'2023-11-11',5,27,1,0,3,'2024-10-23'),(3091,'2023-11-11',5,27,1,0,2,'2024-10-23'),(3092,'2023-11-11',51,7,3,0,1,'2023-11-28'),(3093,'2023-11-11',52,7,3,0,1,'2023-11-28'),(3094,'2023-11-11',54,7,3,0,1,'2023-12-07'),(3095,'2023-11-11',55,7,3,0,1,'2023-12-04'),(3096,'2023-11-11',56,7,3,0,1,'2024-09-13'),(3097,'2023-11-11',57,7,3,0,1,'2023-11-22'),(3098,'2023-11-11',2,32,1,0,1,'2023-11-28'),(3099,'2023-11-11',83,35,1,1,1,'2025-07-28'),(3100,'2023-11-12',24,38,1,0,1,'2024-02-28'),(3101,'2023-11-12',25,38,1,0,1,'2023-11-20'),(3102,'2023-11-12',3,34,1,0,1,'2024-07-03'),(3103,'2023-11-12',51,7,1,0,1,'2024-12-13'),(3104,'2023-11-12',56,7,1,0,1,'2024-08-30'),(3105,'2023-11-12',57,7,1,0,1,'2024-01-09'),(3106,'2023-11-12',51,7,1,0,2,'2026-02-11'),(3107,'2023-11-12',56,7,1,0,2,'2024-10-22'),(3108,'2023-11-12',57,7,1,0,2,'2024-09-12'),(3109,'2023-11-12',51,7,1,1,1,'2024-01-08'),(3110,'2023-11-12',56,7,1,1,1,'2024-01-18'),(3111,'2023-11-12',57,7,1,1,1,'2024-01-09'),(3112,'2023-11-12',24,38,1,0,5,'2025-04-08'),(3113,'2023-11-12',25,38,1,0,5,'2025-01-06'),(3114,'2023-11-12',24,38,1,0,3,'2024-05-21'),(3115,'2023-11-12',25,38,1,0,3,'2024-08-19'),(3116,'2023-11-12',24,38,1,0,2,'2024-05-21'),(3117,'2023-11-12',25,38,1,0,2,'2024-08-19'),(3118,'2023-11-12',83,35,1,1,1,'2025-07-07'),(3119,'2023-11-12',3,34,1,1,1,'2024-08-28'),(3120,'2023-11-12',24,38,1,0,4,'2025-04-08'),(3121,'2023-11-12',25,38,1,0,4,'2024-08-19'),(3122,'2023-11-12',80,19,1,1,1,'2023-11-15'),(3123,'2023-11-12',51,7,1,1,2,'2026-02-11'),(3124,'2023-11-12',56,7,1,1,2,'2024-10-22'),(3125,'2023-11-12',57,7,1,1,2,'2024-09-12'),(3126,'2023-11-12',5,27,1,0,1,'2024-09-03'),(3127,'2023-11-12',2,32,1,0,1,'2023-11-15'),(3128,'2023-11-12',24,38,3,0,1,'2024-01-03'),(3129,'2023-11-12',25,38,3,0,1,'2023-11-15'),(3130,'2023-11-12',80,19,1,1,2,'2023-12-06'),(3131,'2023-11-12',82,35,1,1,1,'2023-12-08'),(3132,'2023-11-12',51,7,3,1,1,'2023-11-28'),(3133,'2023-11-12',52,7,3,1,1,'2023-11-21'),(3134,'2023-11-12',54,7,3,1,1,'2023-11-16'),(3135,'2023-11-12',55,7,3,1,1,'2023-12-04'),(3136,'2023-11-12',56,7,3,1,1,'2024-09-13'),(3137,'2023-11-12',57,7,3,1,1,'2023-11-22'),(3138,'2023-11-12',51,7,3,0,1,'2023-11-28'),(3139,'2023-11-12',52,7,3,0,1,'2023-11-21'),(3140,'2023-11-12',54,7,3,0,1,'2023-11-16'),(3141,'2023-11-12',55,7,3,0,1,'2023-12-04'),(3142,'2023-11-12',56,7,3,0,1,'2024-09-13'),(3143,'2023-11-12',57,7,3,0,1,'2023-11-22'),(3144,'2023-11-12',82,35,1,0,2,'2024-01-08'),(3145,'2023-11-12',83,35,1,0,2,'2024-08-13'),(3146,'2023-11-12',80,19,1,1,3,'2024-10-25'),(3147,'2023-11-12',3,34,3,1,1,'2023-11-24'),(3148,'2023-11-12',54,7,1,1,1,'2025-07-22'),(3149,'2023-11-12',54,7,1,0,1,'2025-07-22'),(3150,'2023-11-13',51,7,1,0,1,'2024-11-18'),(3151,'2023-11-13',56,7,1,0,1,'2024-06-26'),(3152,'2023-11-13',57,7,1,0,1,'2024-03-26'),(3153,'2023-11-13',24,38,1,0,1,'2023-11-24'),(3154,'2023-11-13',25,38,1,0,1,'2024-04-01'),(3155,'2023-11-13',51,7,1,0,2,'2026-03-20'),(3156,'2023-11-13',56,7,1,0,2,'2024-09-09'),(3157,'2023-11-13',57,7,1,0,2,'2024-11-07'),(3158,'2023-11-13',3,34,1,0,1,'2023-11-20'),(3159,'2023-11-13',51,7,1,1,1,'2024-11-18'),(3160,'2023-11-13',56,7,1,1,1,'2024-05-08'),(3161,'2023-11-13',57,7,1,1,1,'2024-03-26'),(3162,'2023-11-13',24,38,1,0,5,'2023-11-24'),(3163,'2023-11-13',25,38,1,0,5,'2024-11-26'),(3164,'2023-11-13',51,7,1,1,2,'2026-03-20'),(3165,'2023-11-13',56,7,1,1,2,'2024-09-09'),(3166,'2023-11-13',57,7,1,1,2,'2024-11-07'),(3167,'2023-11-13',24,38,1,0,2,'2023-11-24'),(3168,'2023-11-13',25,38,1,0,2,'2024-08-08'),(3169,'2023-11-13',3,34,1,1,1,'2023-11-20'),(3170,'2023-11-13',24,38,3,0,1,'2023-11-21'),(3171,'2023-11-13',25,38,3,0,1,'2023-11-20'),(3172,'2023-11-13',24,38,1,0,3,'2023-11-24'),(3173,'2023-11-13',25,38,1,0,3,'2024-08-19'),(3174,'2023-11-13',81,33,1,0,1,'2023-11-16'),(3175,'2023-11-13',83,35,1,1,1,'2023-11-17'),(3176,'2023-11-13',80,19,1,1,1,'2023-11-15'),(3177,'2023-11-13',24,38,1,0,4,'2023-11-24'),(3178,'2023-11-13',25,38,1,0,4,'2024-08-19'),(3179,'2023-11-13',51,7,3,1,1,'2023-11-28'),(3180,'2023-11-13',52,7,3,1,1,'2023-11-21'),(3181,'2023-11-13',54,7,3,1,1,'2023-11-16'),(3182,'2023-11-13',55,7,3,1,1,'2023-12-04'),(3183,'2023-11-13',56,7,3,1,1,'2023-11-30'),(3184,'2023-11-13',57,7,3,1,1,'2023-11-20'),(3185,'2023-11-13',51,7,3,0,1,'2023-11-28'),(3186,'2023-11-13',52,7,3,0,1,'2023-11-21'),(3187,'2023-11-13',54,7,3,0,1,'2023-11-16'),(3188,'2023-11-13',55,7,3,0,1,'2023-12-04'),(3189,'2023-11-13',56,7,3,0,1,'2023-11-30'),(3190,'2023-11-13',57,7,3,0,1,'2023-11-20'),(3191,'2023-11-13',82,35,1,1,1,'2023-12-14'),(3192,'2023-11-13',3,34,3,1,1,'2023-11-17'),(3193,'2023-11-13',2,32,1,0,1,'2023-11-16'),(3194,'2023-11-13',80,19,1,0,3,'2024-11-15'),(3195,'2023-11-13',80,19,1,0,2,'2024-11-15'),(3196,'2023-11-13',80,19,1,0,1,'2023-11-17'),(3197,'2023-11-13',54,7,1,0,1,'2024-09-11'),(3198,'2023-11-13',54,7,1,1,1,'2024-09-11'),(3199,'2023-11-13',5,27,1,0,3,'2024-10-29'),(3200,'2023-11-13',80,19,1,1,2,'2023-11-17'),(3201,'2023-11-13',80,19,1,1,3,'2024-02-28'),(3202,'2023-11-13',82,35,1,0,2,'2024-01-09'),(3203,'2023-11-13',83,35,1,0,2,'2024-08-13'),(3204,'2023-11-13',5,27,1,0,2,'2024-10-29'),(3205,'2023-11-13',55,7,1,1,1,'2023-11-20'),(3206,'2023-11-13',5,27,1,0,1,'2024-01-02'),(3207,'2023-11-13',7,27,1,0,1,'2024-03-27'),(3208,'2023-11-14',80,19,1,0,2,'2023-11-17'),(3209,'2023-11-14',80,19,1,0,3,'2023-11-17'),(3210,'2023-11-14',80,19,1,0,1,'2023-11-17'),(3211,'2023-11-14',51,7,1,0,2,'2024-08-19'),(3212,'2023-11-14',51,7,1,0,1,'2024-04-25'),(3213,'2023-11-14',56,7,1,0,1,'2023-12-11'),(3214,'2023-11-14',56,7,1,0,2,'2024-09-24'),(3215,'2023-11-14',57,7,1,0,2,'2024-09-25'),(3216,'2023-11-14',57,7,1,0,1,'2023-11-22'),(3217,'2023-11-14',3,34,1,0,1,'2023-11-20'),(3218,'2023-11-14',24,38,1,0,1,'2023-11-20'),(3219,'2023-11-14',25,38,1,0,1,'2023-11-21'),(3220,'2023-11-14',24,38,1,0,2,'2023-11-20'),(3221,'2023-11-14',25,38,1,0,2,'2024-08-08'),(3222,'2023-11-14',24,38,1,0,4,'2024-07-11'),(3223,'2023-11-14',25,38,1,0,4,'2024-08-08'),(3224,'2023-11-14',3,34,1,1,1,'2023-11-17'),(3225,'2023-11-14',24,38,1,0,3,'2024-06-24'),(3226,'2023-11-14',25,38,1,0,3,'2024-08-08'),(3227,'2023-11-14',24,38,1,0,5,'2024-08-06'),(3228,'2023-11-14',25,38,1,0,5,'2025-02-12'),(3229,'2023-11-14',51,7,1,1,1,'2024-04-25'),(3230,'2023-11-14',56,7,1,1,1,'2023-12-11'),(3231,'2023-11-14',57,7,1,1,1,'2023-11-20'),(3232,'2023-11-14',51,7,1,1,2,'2024-08-19'),(3233,'2023-11-14',56,7,1,1,2,'2024-09-24'),(3234,'2023-11-14',57,7,1,1,2,'2024-09-25'),(3235,'2023-11-14',80,19,1,1,2,'2023-11-17'),(3236,'2023-11-14',80,19,1,1,1,'2023-11-15'),(3237,'2023-11-14',80,19,1,1,3,'2023-11-22'),(3238,'2023-11-14',54,7,1,0,1,'2023-11-16'),(3239,'2023-11-14',54,7,1,1,1,'2023-11-17'),(3240,'2023-11-14',5,27,1,0,1,'2024-04-16'),(3241,'2023-11-14',3,34,3,1,1,'2023-11-30'),(3242,'2023-11-14',24,38,3,0,1,'2023-11-20'),(3243,'2023-11-14',25,38,3,0,1,'2023-11-20'),(3244,'2023-11-14',81,33,1,0,1,'2023-11-15'),(3245,'2023-11-14',51,7,3,1,1,'2023-11-28'),(3246,'2023-11-14',52,7,3,1,1,'2023-11-21'),(3247,'2023-11-14',54,7,3,1,1,'2023-11-16'),(3248,'2023-11-14',55,7,3,1,1,'2023-12-04'),(3249,'2023-11-14',56,7,3,1,1,'2024-09-13'),(3250,'2023-11-14',57,7,3,1,1,'2023-11-20'),(3251,'2023-11-14',51,7,3,0,1,'2023-11-28'),(3252,'2023-11-14',52,7,3,0,1,'2023-11-21'),(3253,'2023-11-14',54,7,3,0,1,'2023-11-16'),(3254,'2023-11-14',55,7,3,0,1,'2023-12-04'),(3255,'2023-11-14',56,7,3,0,1,'2024-09-13'),(3256,'2023-11-14',57,7,3,0,1,'2023-11-20'),(3257,'2023-11-14',54,7,1,1,2,'2025-04-14'),(3258,'2023-11-14',54,7,1,0,2,'2025-04-14'),(3259,'2023-11-14',82,35,1,0,2,'2024-01-10'),(3260,'2023-11-14',83,35,1,0,2,'2024-01-18'),(3261,'2023-11-14',10,36,1,1,1,'2023-11-16'),(3262,'2023-11-14',9,36,1,1,1,'2023-11-15'),(3263,'2023-11-14',5,27,1,0,2,'2024-09-03'),(3264,'2023-11-14',55,7,1,1,1,'2023-11-20'),(3265,'2023-11-14',55,7,1,1,2,'2023-11-20'),(3266,'2023-11-14',55,7,1,0,1,'2023-11-20'),(3267,'2023-11-14',55,7,1,0,2,'2023-11-20'),(3268,'2023-11-15',56,7,1,0,2,'2024-10-01'),(3269,'2023-11-15',57,7,1,0,2,'2024-07-19'),(3270,'2023-11-15',80,19,1,0,2,'2023-11-17'),(3271,'2023-11-15',80,19,1,0,3,'2023-11-17'),(3272,'2023-11-15',24,38,3,0,1,'2023-11-20'),(3273,'2023-11-15',25,38,3,0,1,'2023-11-17'),(3274,'2023-11-15',56,7,1,0,1,'2024-05-08'),(3275,'2023-11-15',80,19,1,0,1,'2023-11-17'),(3276,'2023-11-15',57,7,1,0,1,'2024-05-06'),(3277,'2023-11-15',3,34,1,0,1,'2023-11-17'),(3278,'2023-11-15',80,19,1,1,3,'2023-12-06'),(3279,'2023-11-15',24,38,1,0,1,'2024-01-10'),(3280,'2023-11-15',25,38,1,0,1,'2024-01-17'),(3281,'2023-11-15',80,19,1,1,2,'2023-12-06'),(3282,'2023-11-15',56,7,1,1,1,'2024-06-10'),(3283,'2023-11-15',57,7,1,1,1,'2023-11-17'),(3284,'2023-11-15',80,19,1,1,1,'2023-11-17'),(3285,'2023-11-15',24,38,1,0,5,'2024-12-09'),(3286,'2023-11-15',25,38,1,0,5,'2025-01-17'),(3287,'2023-11-15',24,38,1,0,2,'2024-01-10'),(3288,'2023-11-15',25,38,1,0,2,'2025-01-07'),(3289,'2023-11-15',24,38,1,0,3,'2024-01-10'),(3290,'2023-11-15',25,38,1,0,3,'2025-01-07'),(3291,'2023-11-15',56,7,1,1,2,'2024-10-01'),(3292,'2023-11-15',57,7,1,1,2,'2024-07-19'),(3293,'2023-11-15',54,7,1,1,1,'2024-09-03'),(3294,'2023-11-15',54,7,1,0,1,'2024-09-03'),(3295,'2023-11-15',51,7,1,1,1,'2024-08-12'),(3296,'2023-11-15',51,7,1,0,1,'2024-08-12'),(3297,'2023-11-15',5,27,1,0,3,'2024-10-29'),(3298,'2023-11-15',5,27,1,0,1,'2024-07-24'),(3299,'2023-11-15',54,7,1,1,2,'2024-11-14'),(3300,'2023-11-15',54,7,1,0,2,'2024-11-14'),(3301,'2023-11-15',24,38,1,0,4,'2024-06-12'),(3302,'2023-11-15',25,38,1,0,4,'2025-01-07'),(3303,'2023-11-15',55,7,1,1,1,'2023-11-27'),(3304,'2023-11-15',55,7,1,0,1,'2023-11-20'),(3305,'2023-11-15',51,7,1,1,2,'2024-08-12'),(3306,'2023-11-15',51,7,1,0,2,'2024-08-12'),(3307,'2023-11-15',17,21,1,0,1,'2024-03-12'),(3308,'2023-11-15',81,33,1,0,1,'2023-11-17'),(3309,'2023-11-15',82,35,1,0,2,'2024-01-16'),(3310,'2023-11-15',83,35,1,0,2,'2024-08-06'),(3311,'2023-11-15',7,27,1,0,1,'2024-03-20'),(3312,'2023-11-15',5,27,1,0,2,'2024-10-30'),(3313,'2023-11-16',80,19,1,0,1,'2023-11-17'),(3314,'2023-11-16',3,34,1,0,1,'2023-11-17'),(3315,'2023-11-16',80,19,1,0,3,'2023-11-17'),(3316,'2023-11-16',51,7,1,0,1,'2025-02-13'),(3317,'2023-11-16',56,7,1,0,1,'2024-04-01'),(3318,'2023-11-16',57,7,1,0,1,'2023-12-07'),(3319,'2023-11-16',51,7,1,0,2,'2026-03-13'),(3320,'2023-11-16',56,7,1,0,2,'2024-04-01'),(3321,'2023-11-16',57,7,1,0,2,'2024-10-11'),(3322,'2023-11-16',80,19,1,0,2,'2023-11-17'),(3323,'2023-11-16',80,19,1,1,2,'2024-01-10'),(3324,'2023-11-16',80,19,1,1,1,'2023-11-17'),(3325,'2023-11-16',81,33,1,0,1,'2023-11-20'),(3326,'2023-11-16',24,38,1,0,1,'2024-04-29'),(3327,'2023-11-16',25,38,1,0,1,'2024-01-04'),(3328,'2023-11-16',24,38,1,0,5,'2024-11-07'),(3329,'2023-11-16',25,38,1,0,5,'2025-02-13'),(3330,'2023-11-16',51,7,1,1,2,'2026-03-13'),(3331,'2023-11-16',56,7,1,1,2,'2024-03-29'),(3332,'2023-11-16',57,7,1,1,2,'2023-11-22'),(3333,'2023-11-16',51,7,1,1,1,'2025-02-13'),(3334,'2023-11-16',54,7,1,1,1,'2024-10-29'),(3335,'2023-11-16',56,7,1,1,1,'2024-01-22'),(3336,'2023-11-16',57,7,1,1,1,'2023-11-22'),(3337,'2023-11-16',54,7,1,0,1,'2024-10-29'),(3338,'2023-11-16',54,7,1,1,2,'2024-11-22'),(3339,'2023-11-16',54,7,1,0,2,'2024-11-22'),(3340,'2023-11-16',24,38,1,0,4,'2024-11-07'),(3341,'2023-11-16',25,38,1,0,4,'2025-02-13'),(3342,'2023-11-16',80,19,1,1,3,'2024-05-02'),(3343,'2023-11-16',24,38,1,0,2,'2024-08-05'),(3344,'2023-11-16',25,38,1,0,2,'2024-08-28'),(3345,'2023-11-16',5,27,1,0,1,'2024-08-28'),(3346,'2023-11-16',24,38,3,0,1,'2023-11-22'),(3347,'2023-11-16',25,38,3,0,1,'2023-11-21'),(3348,'2023-11-16',17,21,1,0,1,'2023-12-05'),(3349,'2023-11-16',24,38,1,0,3,'2024-08-05'),(3350,'2023-11-16',25,38,1,0,3,'2024-08-28'),(3351,'2023-11-16',55,7,1,1,1,'2023-11-20'),(3352,'2023-11-16',5,27,1,0,2,'2024-10-22'),(3353,'2023-11-16',82,35,1,0,2,'2023-11-21'),(3354,'2023-11-16',83,35,1,0,2,'2024-08-13'),(3355,'2023-11-16',24,38,1,1,1,'2023-11-24'),(3356,'2023-11-16',25,38,1,1,1,'2023-11-21'),(3357,'2023-11-16',6,27,1,0,1,'2024-02-05'),(3358,'2023-11-17',3,34,1,0,1,'2023-11-20'),(3359,'2023-11-17',80,19,1,0,2,'2024-02-02'),(3360,'2023-11-17',80,19,1,0,1,'2024-02-02'),(3361,'2023-11-17',24,38,1,0,1,'2023-11-22'),(3362,'2023-11-17',25,38,1,0,1,'2024-05-31'),(3363,'2023-11-17',54,7,1,0,2,'2025-06-05'),(3364,'2023-11-17',56,7,1,0,2,'2024-09-17'),(3365,'2023-11-17',57,7,1,0,2,'2024-06-14'),(3366,'2023-11-17',54,7,1,0,1,'2024-06-21'),(3367,'2023-11-17',56,7,1,0,1,'2024-01-22'),(3368,'2023-11-17',57,7,1,0,1,'2023-12-08'),(3369,'2023-11-17',80,19,1,0,3,'2024-07-19'),(3370,'2023-11-17',54,7,1,1,1,'2023-12-12'),(3371,'2023-11-17',56,7,1,1,1,'2024-01-04'),(3372,'2023-11-17',57,7,1,1,1,'2024-01-09'),(3373,'2023-11-17',24,38,1,0,5,'2025-04-23'),(3374,'2023-11-17',25,38,1,0,5,'2024-08-08'),(3375,'2023-11-17',54,7,1,1,2,'2025-06-05'),(3376,'2023-11-17',56,7,1,1,2,'2024-12-10'),(3377,'2023-11-17',57,7,1,1,2,'2024-06-14'),(3378,'2023-11-17',80,19,1,1,1,'2023-11-29'),(3379,'2023-11-17',52,7,1,1,1,'2023-11-28'),(3380,'2023-11-17',5,27,1,0,1,'2024-09-04'),(3381,'2023-11-17',24,38,1,0,2,'2024-08-07'),(3382,'2023-11-17',25,38,1,0,2,'2024-08-08'),(3383,'2023-11-17',24,38,1,0,3,'2024-08-07'),(3384,'2023-11-17',25,38,1,0,3,'2024-08-08'),(3385,'2023-11-17',24,38,1,0,4,'2024-08-07'),(3386,'2023-11-17',25,38,1,0,4,'2024-08-08'),(3387,'2023-11-17',51,7,1,0,2,'2025-12-12'),(3388,'2023-11-17',51,7,1,1,1,'2023-12-04'),(3389,'2023-11-17',51,7,1,1,2,'2025-12-12'),(3390,'2023-11-17',51,7,1,0,1,'2023-12-04'),(3391,'2023-11-17',5,27,1,0,2,'2024-10-30'),(3392,'2023-11-17',24,38,3,0,1,'2023-11-22'),(3393,'2023-11-17',25,38,3,0,1,'2024-01-04'),(3394,'2023-11-17',5,27,1,0,3,'2024-10-30'),(3395,'2023-11-17',82,35,1,0,2,'2024-01-16'),(3396,'2023-11-17',83,35,1,0,2,'2024-08-13'),(3397,'2023-11-17',17,21,1,0,1,'2024-04-11'),(3398,'2023-11-17',52,7,1,0,1,'2023-11-30'),(3399,'2023-11-18',24,38,1,0,1,'2024-03-11'),(3400,'2023-11-18',25,38,1,0,1,'2024-02-02'),(3401,'2023-11-18',80,19,1,0,3,'2024-10-18'),(3402,'2023-11-18',80,19,1,0,2,'2024-08-02'),(3403,'2023-11-18',51,7,1,0,1,'2024-08-12'),(3404,'2023-11-18',54,7,1,0,1,'2025-03-14'),(3405,'2023-11-18',56,7,1,0,1,'2024-01-25'),(3406,'2023-11-18',57,7,1,0,1,'2024-02-12'),(3407,'2023-11-18',51,7,1,0,2,'2026-04-09'),(3408,'2023-11-18',54,7,1,0,2,'2025-11-06'),(3409,'2023-11-18',56,7,1,0,2,'2024-09-26'),(3410,'2023-11-18',57,7,1,0,2,'2024-10-30'),(3411,'2023-11-18',80,19,1,0,1,'2024-03-01'),(3412,'2023-11-18',3,34,1,0,1,'2024-05-30'),(3413,'2023-11-18',51,7,1,1,1,'2024-08-12'),(3414,'2023-11-18',54,7,1,1,1,'2025-03-14'),(3415,'2023-11-18',56,7,1,1,1,'2024-01-25'),(3416,'2023-11-18',57,7,1,1,1,'2024-01-08'),(3417,'2023-11-18',51,7,1,1,2,'2026-04-09'),(3418,'2023-11-18',54,7,1,1,2,'2025-11-06'),(3419,'2023-11-18',56,7,1,1,2,'2024-09-26'),(3420,'2023-11-18',57,7,1,1,2,'2024-10-30'),(3421,'2023-11-18',80,19,1,1,1,'2023-11-29'),(3422,'2023-11-18',24,38,1,0,5,'2025-04-23'),(3423,'2023-11-18',25,38,1,0,5,'2025-01-29'),(3424,'2023-11-18',17,21,1,0,1,'2024-04-30'),(3425,'2023-11-18',5,27,1,0,1,'2024-09-04'),(3426,'2023-11-18',81,33,1,0,1,'2023-11-22'),(3427,'2023-11-18',24,38,1,0,2,'2024-07-30'),(3428,'2023-11-18',25,38,1,0,2,'2024-02-02'),(3429,'2023-11-18',24,38,1,0,4,'2025-02-11'),(3430,'2023-11-18',25,38,1,0,4,'2024-11-05'),(3431,'2023-11-18',24,38,1,0,3,'2024-07-30'),(3432,'2023-11-18',25,38,1,0,3,'2024-11-05'),(3433,'2023-11-18',55,7,1,0,1,'2023-12-19'),(3434,'2023-11-18',24,38,3,0,1,'2023-11-22'),(3435,'2023-11-18',25,38,3,0,1,'2024-01-09'),(3436,'2023-11-18',5,27,1,0,2,'2024-11-05'),(3437,'2023-11-19',80,19,1,0,2,'2024-10-04'),(3438,'2023-11-19',80,19,1,0,3,'2024-10-18'),(3439,'2023-11-19',3,34,1,0,1,'2024-12-04'),(3440,'2023-11-19',24,38,1,0,1,'2024-06-03'),(3441,'2023-11-19',25,38,1,0,1,'2024-01-09'),(3442,'2023-11-19',51,7,1,0,2,'2026-03-27'),(3443,'2023-11-19',54,7,1,0,2,'2025-11-14'),(3444,'2023-11-19',56,7,1,0,2,'2025-12-16'),(3445,'2023-11-19',57,7,1,0,2,'2024-06-25'),(3446,'2023-11-19',80,19,1,0,1,'2024-10-04'),(3447,'2023-11-19',51,7,1,0,1,'2025-04-15'),(3448,'2023-11-19',54,7,1,0,1,'2023-12-11'),(3449,'2023-11-19',56,7,1,0,1,'2024-06-03'),(3450,'2023-11-19',57,7,1,0,1,'2024-01-09'),(3451,'2023-11-19',80,19,1,1,1,'2023-11-22'),(3452,'2023-11-19',51,7,1,1,2,'2026-03-27'),(3453,'2023-11-19',54,7,1,1,2,'2025-11-14'),(3454,'2023-11-19',56,7,1,1,2,'2024-07-26'),(3455,'2023-11-19',57,7,1,1,2,'2024-06-25'),(3456,'2023-11-19',24,38,1,0,5,'2025-04-28'),(3457,'2023-11-19',25,38,1,0,5,'2025-01-13'),(3458,'2023-11-19',51,7,1,1,1,'2025-04-15'),(3459,'2023-11-19',54,7,1,1,1,'2023-12-01'),(3460,'2023-11-19',56,7,1,1,1,'2024-04-05'),(3461,'2023-11-19',57,7,1,1,1,'2024-01-09'),(3462,'2023-11-19',24,38,1,0,3,'2025-01-28'),(3463,'2023-11-19',25,38,1,0,3,'2025-01-13'),(3464,'2023-11-19',24,38,1,0,2,'2025-01-28'),(3465,'2023-11-19',25,38,1,0,2,'2025-01-13'),(3466,'2023-11-19',5,27,1,0,1,'2024-10-15'),(3467,'2023-11-19',5,27,1,0,3,'2024-10-23'),(3468,'2023-11-19',55,7,1,0,1,'2023-11-27'),(3469,'2023-11-19',24,38,1,0,4,'2025-01-28'),(3470,'2023-11-19',25,38,1,0,4,'2025-01-13'),(3471,'2023-11-19',17,21,1,0,1,'2023-11-27'),(3472,'2023-11-19',80,19,1,1,3,'2024-06-14'),(3473,'2023-11-19',24,38,3,0,1,'2023-11-22'),(3474,'2023-11-19',25,38,3,0,1,'2024-01-19'),(3475,'2023-11-19',80,19,1,1,2,'2024-06-14'),(3476,'2023-11-19',3,34,1,1,1,'2025-02-13'),(3477,'2023-11-20',24,38,1,0,1,'2023-11-22'),(3478,'2023-11-20',25,38,1,0,1,'2024-01-24'),(3479,'2023-11-20',3,34,1,0,1,'2023-11-22'),(3480,'2023-11-20',80,19,1,0,2,'2024-10-04'),(3481,'2023-11-20',80,19,1,0,1,'2024-10-04'),(3482,'2023-11-20',80,19,1,0,3,'2024-11-01'),(3483,'2023-11-20',51,7,1,0,1,'2023-11-28'),(3484,'2023-11-20',51,7,1,0,2,'2024-08-29'),(3485,'2023-11-20',56,7,1,0,1,'2024-05-29'),(3486,'2023-11-20',56,7,1,0,2,'2024-12-03'),(3487,'2023-11-20',57,7,1,0,1,'2024-02-08'),(3488,'2023-11-20',57,7,1,0,2,'2024-10-15'),(3489,'2023-11-20',51,7,1,1,1,'2023-11-28'),(3490,'2023-11-20',56,7,1,1,1,'2024-04-19'),(3491,'2023-11-20',57,7,1,1,1,'2023-11-27'),(3492,'2023-11-20',3,34,1,1,1,'2024-04-18'),(3493,'2023-11-20',24,38,1,0,5,'2025-04-28'),(3494,'2023-11-20',25,38,1,0,5,'2024-04-04'),(3495,'2023-11-20',82,35,1,0,2,'2023-12-14'),(3496,'2023-11-20',83,35,1,0,2,'2024-08-06'),(3497,'2023-11-20',51,7,1,1,2,'2024-08-29'),(3498,'2023-11-20',56,7,1,1,2,'2024-12-03'),(3499,'2023-11-20',57,7,1,1,2,'2024-10-15'),(3500,'2023-11-20',24,38,1,0,2,'2024-06-06'),(3501,'2023-11-20',25,38,1,0,2,'2024-04-02'),(3502,'2023-11-20',54,7,1,1,1,'2024-10-22'),(3503,'2023-11-20',54,7,1,0,1,'2024-10-22'),(3504,'2023-11-20',80,19,1,1,1,'2023-11-22'),(3505,'2023-11-20',5,27,1,0,1,'2024-10-15'),(3506,'2023-11-20',5,27,1,0,3,'2024-11-06'),(3507,'2023-11-20',17,21,1,0,1,'2023-11-21'),(3508,'2023-11-20',24,38,3,0,1,'2023-11-22'),(3509,'2023-11-20',25,38,3,0,1,'2024-01-04'),(3510,'2023-11-20',24,38,1,0,3,'2024-08-19'),(3511,'2023-11-20',25,38,1,0,3,'2024-04-02'),(3512,'2023-11-20',80,19,1,1,2,'2023-12-09'),(3513,'2023-11-20',80,19,1,1,3,'2023-12-09'),(3514,'2023-11-20',24,38,1,0,4,'2024-08-19'),(3515,'2023-11-20',25,38,1,0,4,'2024-04-02'),(3516,'2023-11-20',52,7,1,1,1,'2023-11-30'),(3517,'2023-11-20',52,7,1,1,2,'2023-11-30'),(3518,'2023-11-20',52,7,1,0,1,'2023-11-30'),(3519,'2023-11-20',54,7,1,1,2,'2025-10-20'),(3520,'2023-11-20',54,7,1,0,2,'2025-10-20'),(3521,'2023-11-21',80,19,1,0,1,'2023-12-08'),(3522,'2023-11-21',80,19,1,0,3,'2023-12-08'),(3523,'2023-11-21',24,38,1,0,1,'2024-03-13'),(3524,'2023-11-21',25,38,1,0,1,'2024-01-10'),(3525,'2023-11-21',51,7,1,0,1,'2023-11-29'),(3526,'2023-11-21',80,19,1,0,2,'2023-12-08'),(3527,'2023-11-21',56,7,1,0,1,'2024-02-05'),(3528,'2023-11-21',57,7,1,0,1,'2023-11-28'),(3529,'2023-11-21',3,34,1,0,1,'2024-03-01'),(3530,'2023-11-21',51,7,1,0,2,'2024-11-18'),(3531,'2023-11-21',56,7,1,0,2,'2024-08-09'),(3532,'2023-11-21',57,7,1,0,2,'2024-10-23'),(3533,'2023-11-21',80,19,1,1,1,'2023-11-29'),(3534,'2023-11-21',24,38,1,0,3,'2024-05-01'),(3535,'2023-11-21',25,38,1,0,3,'2024-04-01'),(3536,'2023-11-21',24,38,1,0,2,'2024-05-01'),(3537,'2023-11-21',25,38,1,0,2,'2024-04-01'),(3538,'2023-11-21',24,38,1,0,4,'2024-05-01'),(3539,'2023-11-21',25,38,1,0,4,'2024-04-01'),(3540,'2023-11-21',51,7,1,1,1,'2023-11-28'),(3541,'2023-11-21',54,7,1,1,1,'2023-11-24'),(3542,'2023-11-21',56,7,1,1,1,'2024-06-18'),(3543,'2023-11-21',57,7,1,1,1,'2023-11-27'),(3544,'2023-11-21',54,7,1,0,1,'2023-11-24'),(3545,'2023-11-21',3,34,1,1,1,'2024-03-11'),(3546,'2023-11-21',24,38,3,0,1,'2024-01-03'),(3547,'2023-11-21',25,38,3,0,1,'2024-01-05'),(3548,'2023-11-21',51,7,1,1,2,'2024-11-18'),(3549,'2023-11-21',54,7,1,1,2,'2025-07-18'),(3550,'2023-11-21',56,7,1,1,2,'2024-08-09'),(3551,'2023-11-21',57,7,1,1,2,'2024-10-23'),(3552,'2023-11-21',54,7,1,0,2,'2025-07-18'),(3553,'2023-11-21',24,38,1,0,5,'2024-12-09'),(3554,'2023-11-21',25,38,1,0,5,'2024-05-03'),(3555,'2023-11-21',5,27,1,0,1,'2024-10-22'),(3556,'2023-11-21',82,35,1,0,2,'2024-01-16'),(3557,'2023-11-21',83,35,1,0,2,'2024-02-06'),(3558,'2023-11-21',17,21,1,0,1,'2023-12-07'),(3559,'2023-11-21',5,27,1,0,3,'2024-11-06'),(3560,'2023-11-21',80,19,1,1,2,'2023-12-01'),(3561,'2023-11-21',55,7,1,1,1,'2023-11-30'),(3562,'2023-11-21',52,7,1,1,2,'2023-12-28'),(3563,'2023-11-21',52,7,1,1,1,'2023-12-28'),(3564,'2023-11-22',80,19,1,0,3,'2024-11-08'),(3565,'2023-11-22',80,19,1,0,2,'2024-10-18'),(3566,'2023-11-22',80,19,1,0,1,'2024-02-02'),(3567,'2023-11-22',51,7,1,0,1,'2024-05-30'),(3568,'2023-11-22',56,7,1,0,1,'2023-11-29'),(3569,'2023-11-22',51,7,1,0,2,'2024-08-19'),(3570,'2023-11-22',57,7,1,0,1,'2023-12-14'),(3571,'2023-11-22',56,7,1,0,2,'2025-08-12'),(3572,'2023-11-22',57,7,1,0,2,'2024-10-31'),(3573,'2023-11-22',3,34,1,0,1,'2024-07-18'),(3574,'2023-11-22',51,7,1,1,1,'2024-05-30'),(3575,'2023-11-22',56,7,1,1,1,'2023-11-29'),(3576,'2023-11-22',57,7,1,1,1,'2023-12-14'),(3577,'2023-11-22',24,38,1,0,1,'2024-06-05'),(3578,'2023-11-22',25,38,1,0,1,'2024-01-26'),(3579,'2023-11-22',80,19,1,1,1,'2023-11-29'),(3580,'2023-11-22',17,21,1,0,1,'2023-11-27'),(3581,'2023-11-22',51,7,1,1,2,'2024-08-19'),(3582,'2023-11-22',56,7,1,1,2,'2025-08-12'),(3583,'2023-11-22',57,7,1,1,2,'2024-07-12'),(3584,'2023-11-22',80,19,1,1,2,'2023-11-29'),(3585,'2023-11-22',24,38,1,0,5,'2025-04-22'),(3586,'2023-11-22',25,38,1,0,5,'2024-04-23'),(3587,'2023-11-22',24,38,1,0,2,'2024-08-05'),(3588,'2023-11-22',25,38,1,0,2,'2024-04-15'),(3589,'2023-11-22',24,38,1,0,4,'2024-11-05'),(3590,'2023-11-22',25,38,1,0,4,'2024-04-23'),(3591,'2023-11-22',24,38,1,0,3,'2024-11-05'),(3592,'2023-11-22',25,38,1,0,3,'2024-04-15'),(3593,'2023-11-22',3,34,1,1,1,'2024-02-28'),(3594,'2023-11-22',54,7,1,1,1,'2024-05-10'),(3595,'2023-11-22',54,7,1,0,1,'2024-05-10'),(3596,'2023-11-22',5,27,1,0,3,'2024-09-10'),(3597,'2023-11-22',5,27,1,0,1,'2024-07-03'),(3598,'2023-11-22',35,13,1,1,1,'2023-11-27'),(3599,'2023-11-22',36,13,1,1,1,'2023-11-28'),(3600,'2023-11-22',37,13,1,1,1,'2024-01-16'),(3601,'2023-11-22',38,13,1,1,1,'2023-11-27'),(3602,'2023-11-22',39,13,1,1,1,'2025-07-14'),(3603,'2023-11-22',40,13,1,1,1,'2023-12-08'),(3604,'2023-11-22',42,13,1,1,1,'2024-06-27'),(3605,'2023-11-22',50,13,1,1,1,'2024-03-05'),(3606,'2023-11-22',43,13,1,1,1,'2023-11-24'),(3607,'2023-11-22',48,13,1,1,1,'2023-11-24'),(3608,'2023-11-22',24,38,3,0,1,'2024-01-04'),(3609,'2023-11-22',25,38,3,0,1,'2024-01-17'),(3610,'2023-11-22',5,27,1,0,2,'2024-09-10'),(3611,'2023-11-22',81,33,1,0,1,'2023-11-29'),(3612,'2023-11-22',55,7,1,1,2,'2023-11-30'),(3613,'2023-11-22',55,7,1,1,1,'2023-11-30'),(3614,'2023-11-22',55,7,1,0,1,'2023-11-30'),(3615,'2023-11-22',55,7,1,0,2,'2023-11-30'),(3616,'2023-11-23',80,19,1,0,3,'2024-11-08'),(3617,'2023-11-23',80,19,1,0,2,'2023-12-08'),(3618,'2023-11-23',80,19,1,0,1,'2023-12-08'),(3619,'2023-11-23',51,7,1,0,2,'2024-04-18'),(3620,'2023-11-23',56,7,1,0,2,'2025-01-13'),(3621,'2023-11-23',57,7,1,0,2,'2024-10-15'),(3622,'2023-11-23',51,7,1,1,1,'2023-12-18'),(3623,'2023-11-23',54,7,1,1,1,'2024-05-09'),(3624,'2023-11-23',56,7,1,1,1,'2024-01-10'),(3625,'2023-11-23',51,7,1,0,1,'2024-04-18'),(3626,'2023-11-23',57,7,1,1,1,'2023-12-01'),(3627,'2023-11-23',54,7,1,0,1,'2024-05-09'),(3628,'2023-11-23',24,38,1,0,1,'2024-04-29'),(3629,'2023-11-23',56,7,1,0,1,'2024-01-10'),(3630,'2023-11-23',25,38,1,0,1,'2024-04-02'),(3631,'2023-11-23',57,7,1,0,1,'2024-03-28'),(3632,'2023-11-23',3,34,1,0,1,'2023-11-29'),(3633,'2023-11-23',35,13,1,1,1,'2023-11-27'),(3634,'2023-11-23',37,13,1,1,1,'2023-11-30'),(3635,'2023-11-23',38,13,1,1,1,'2023-11-27'),(3636,'2023-11-23',39,13,1,1,1,'2024-04-01'),(3637,'2023-11-23',40,13,1,1,1,'2023-11-24'),(3638,'2023-11-23',42,13,1,1,1,'2023-11-30'),(3639,'2023-11-23',50,13,1,1,1,'2023-11-27'),(3640,'2023-11-23',43,13,1,1,1,'2023-11-24'),(3641,'2023-11-23',24,38,1,0,2,'2024-09-25'),(3642,'2023-11-23',25,38,1,0,2,'2024-04-02'),(3643,'2023-11-23',17,21,1,0,1,'2024-06-10'),(3644,'2023-11-23',3,34,1,1,1,'2024-03-13'),(3645,'2023-11-23',80,19,1,1,1,'2023-12-09'),(3646,'2023-11-23',51,7,1,1,2,'2026-01-26'),(3647,'2023-11-23',56,7,1,1,2,'2025-01-13'),(3648,'2023-11-23',57,7,1,1,2,'2024-10-15'),(3649,'2023-11-23',24,38,1,0,5,'2025-04-29'),(3650,'2023-11-23',25,38,1,0,5,'2025-01-03'),(3651,'2023-11-23',36,13,1,1,1,'2023-11-28'),(3652,'2023-11-23',5,27,1,0,1,'2024-01-02'),(3653,'2023-11-23',48,13,1,1,1,'2023-12-04'),(3654,'2023-11-23',24,38,1,0,4,'2025-01-08'),(3655,'2023-11-23',25,38,1,0,4,'2024-04-23'),(3656,'2023-11-23',24,38,1,0,3,'2024-12-12'),(3657,'2023-11-23',25,38,1,0,3,'2024-05-20'),(3658,'2023-11-23',55,7,1,1,1,'2023-12-05'),(3659,'2023-11-23',55,7,1,0,1,'2023-12-05'),(3660,'2023-11-23',5,27,1,0,2,'2024-11-05'),(3661,'2023-11-23',80,19,1,0,4,'2024-11-15'),(3662,'2023-11-23',80,19,1,1,2,'2024-05-17'),(3663,'2023-11-23',5,27,1,0,3,'2024-11-13'),(3664,'2023-11-24',51,7,1,0,1,'2024-08-19'),(3665,'2023-11-24',56,7,1,0,1,'2024-06-13'),(3666,'2023-11-24',57,7,1,0,1,'2024-05-14'),(3667,'2023-11-24',24,38,1,0,1,'2024-06-24'),(3668,'2023-11-24',25,38,1,0,1,'2024-02-13'),(3669,'2023-11-24',80,19,1,0,1,'2023-12-01'),(3670,'2023-11-24',80,19,1,0,2,'2024-11-01'),(3671,'2023-11-24',3,34,1,1,1,'2024-04-05'),(3672,'2023-11-24',35,13,1,1,1,'2023-11-27'),(3673,'2023-11-24',37,13,1,1,1,'2023-12-04'),(3674,'2023-11-24',38,13,1,1,1,'2023-11-28'),(3675,'2023-11-24',39,13,1,1,1,'2024-05-13'),(3676,'2023-11-24',40,13,1,1,1,'2023-11-27'),(3677,'2023-11-24',42,13,1,1,1,'2025-01-16'),(3678,'2023-11-24',50,13,1,1,1,'2023-11-27'),(3679,'2023-11-24',43,13,1,1,1,'2023-11-28'),(3680,'2023-11-24',3,34,1,0,1,'2023-11-29'),(3681,'2023-11-24',51,7,1,0,2,'2026-01-16'),(3682,'2023-11-24',56,7,1,0,2,'2025-10-10'),(3683,'2023-11-24',57,7,1,0,2,'2024-08-28'),(3684,'2023-11-24',80,19,1,0,4,'2024-11-22'),(3685,'2023-11-24',51,7,1,1,1,'2024-08-19'),(3686,'2023-11-24',56,7,1,1,1,'2024-01-09'),(3687,'2023-11-24',57,7,1,1,1,'2023-11-30'),(3688,'2023-11-24',24,38,1,0,2,'2024-12-09'),(3689,'2023-11-24',25,38,1,0,2,'2024-04-03'),(3690,'2023-11-24',51,7,1,1,2,'2026-01-16'),(3691,'2023-11-24',56,7,1,1,2,'2025-10-10'),(3692,'2023-11-24',57,7,1,1,2,'2024-08-28'),(3693,'2023-11-24',24,38,1,0,4,'2025-04-14'),(3694,'2023-11-24',25,38,1,0,4,'2024-05-30'),(3695,'2023-11-24',80,19,1,1,1,'2023-11-29'),(3696,'2023-11-24',24,38,1,0,5,'2025-04-14'),(3697,'2023-11-24',25,38,1,0,5,'2025-01-03'),(3698,'2023-11-24',24,38,1,0,3,'2025-03-26'),(3699,'2023-11-24',25,38,1,0,3,'2024-04-05'),(3700,'2023-11-24',48,13,1,1,1,'2023-11-27'),(3701,'2023-11-24',5,27,1,0,2,'2024-11-13'),(3702,'2023-11-24',36,13,1,1,1,'2023-11-29'),(3703,'2023-11-24',54,7,1,0,1,'2023-12-01'),(3704,'2023-11-24',54,7,1,1,1,'2025-01-16'),(3705,'2023-11-24',80,19,1,1,2,'2023-11-29'),(3706,'2023-11-24',81,33,1,0,1,'2023-12-04'),(3707,'2023-11-24',5,27,1,0,1,'2024-09-03'),(3708,'2023-11-24',17,21,1,0,1,'2023-11-28'),(3709,'2023-11-24',80,19,1,0,3,'2024-11-22'),(3710,'2023-11-24',5,27,1,0,3,'2024-11-13'),(3711,'2023-11-25',80,19,1,0,4,'2024-11-22'),(3712,'2023-11-25',80,19,1,0,3,'2024-11-22'),(3713,'2023-11-25',80,19,1,0,2,'2024-11-15'),(3714,'2023-11-25',51,7,1,0,1,'2024-05-13'),(3715,'2023-11-25',56,7,1,0,1,'2024-02-01'),(3716,'2023-11-25',57,7,1,0,1,'2024-05-03'),(3717,'2023-11-25',51,7,1,0,2,'2026-04-28'),(3718,'2023-11-25',24,38,1,0,1,'2024-02-22'),(3719,'2023-11-25',5,27,1,0,1,'2024-09-10'),(3720,'2023-11-25',3,34,1,1,1,'2024-04-10'),(3721,'2023-11-25',56,7,1,0,2,'2024-06-10'),(3722,'2023-11-25',25,38,1,0,1,'2024-04-03'),(3723,'2023-11-25',57,7,1,0,2,'2025-09-08'),(3724,'2023-11-25',80,19,1,0,1,'2024-03-22'),(3725,'2023-11-25',3,34,1,0,1,'2024-11-20'),(3726,'2023-11-25',51,7,1,1,1,'2023-12-05'),(3727,'2023-11-25',56,7,1,1,1,'2024-04-16'),(3728,'2023-11-25',57,7,1,1,1,'2024-03-01'),(3729,'2023-11-25',24,38,1,0,2,'2024-10-08'),(3730,'2023-11-25',25,38,1,0,2,'2024-04-03'),(3731,'2023-11-25',24,38,1,0,5,'2025-04-15'),(3732,'2023-11-25',25,38,1,0,5,'2025-01-13'),(3733,'2023-11-25',24,38,1,0,3,'2024-11-05'),(3734,'2023-11-25',25,38,1,0,3,'2024-04-03'),(3735,'2023-11-25',80,19,1,1,1,'2023-12-06'),(3736,'2023-11-25',5,27,1,0,3,'2024-11-19'),(3737,'2023-11-25',17,21,1,0,1,'2024-06-10'),(3738,'2023-11-25',54,7,1,1,1,'2023-11-29'),(3739,'2023-11-25',54,7,1,0,1,'2025-03-18'),(3740,'2023-11-25',24,38,1,0,4,'2025-02-05'),(3741,'2023-11-25',25,38,1,0,4,'2024-04-03'),(3742,'2023-11-25',5,27,1,0,2,'2024-10-29'),(3743,'2023-11-25',51,7,1,1,2,'2026-04-28'),(3744,'2023-11-25',56,7,1,1,2,'2025-10-10'),(3745,'2023-11-25',57,7,1,1,2,'2025-09-08'),(3746,'2023-11-25',81,33,1,0,1,'2023-12-01'),(3747,'2023-11-25',35,13,1,1,1,'2023-12-01'),(3748,'2023-11-25',36,13,1,1,1,'2023-11-29'),(3749,'2023-11-25',37,13,1,1,1,'2023-12-01'),(3750,'2023-11-25',38,13,1,1,1,'2023-11-28'),(3751,'2023-11-25',39,13,1,1,1,'2024-06-11'),(3752,'2023-11-25',40,13,1,1,1,'2023-11-29'),(3753,'2023-11-25',48,13,1,1,1,'2023-11-28'),(3754,'2023-11-25',42,13,1,1,1,'2024-12-20'),(3755,'2023-11-25',50,13,1,1,1,'2023-11-29'),(3756,'2023-11-25',43,13,1,1,1,'2023-11-28'),(3757,'2023-11-25',54,7,1,0,2,'2025-10-22'),(3758,'2023-11-25',54,7,1,1,2,'2025-10-22'),(3759,'2023-11-25',80,19,1,1,2,'2024-05-31'),(3760,'2023-11-25',55,7,1,1,1,'2023-11-30'),(3761,'2023-11-26',5,27,1,0,1,'2024-10-29'),(3762,'2023-11-26',3,34,1,0,1,'2025-06-13'),(3763,'2023-11-26',51,7,1,1,1,'2024-08-28'),(3764,'2023-11-26',56,7,1,1,1,'2024-07-09'),(3766,'2023-11-26',57,7,1,1,1,'2023-12-04'),(3768,'2023-11-26',80,19,1,0,4,'2024-11-22'),(3769,'2023-11-26',80,19,1,0,1,'2024-11-15'),(3770,'2023-11-26',80,19,1,0,2,'2024-11-15'),(3771,'2023-11-26',80,19,1,0,3,'2024-11-22'),(3772,'2023-11-26',51,7,1,0,2,'2025-02-21'),(3773,'2023-11-26',3,34,1,1,1,'2024-03-13'),(3774,'2023-11-26',56,7,1,0,2,'2025-10-24'),(3775,'2023-11-26',57,7,1,0,2,'2025-12-05'),(3776,'2023-11-26',35,13,1,1,1,'2023-12-15'),(3777,'2023-11-26',36,13,1,1,1,'2023-11-28'),(3778,'2023-11-26',37,13,1,1,1,'2023-11-28'),(3779,'2023-11-26',38,13,1,1,1,'2023-11-28'),(3780,'2023-11-26',39,13,1,1,1,'2024-06-11'),(3781,'2023-11-26',40,13,1,1,1,'2023-11-29'),(3782,'2023-11-26',51,7,1,0,1,'2024-08-28'),(3783,'2023-11-26',42,13,1,1,1,'2024-05-30'),(3784,'2023-11-26',50,13,1,1,1,'2024-04-29'),(3785,'2023-11-26',56,7,1,0,1,'2024-07-09'),(3786,'2023-11-26',43,13,1,1,1,'2023-11-28'),(3787,'2023-11-26',57,7,1,0,1,'2023-12-04'),(3788,'2023-11-26',24,38,1,0,1,'2024-06-11'),(3789,'2023-11-26',25,38,1,0,1,'2024-04-01'),(3790,'2023-11-26',24,38,1,0,2,'2024-07-02'),(3791,'2023-11-26',25,38,1,0,2,'2024-05-03'),(3792,'2023-11-26',24,38,1,0,5,'2025-04-10'),(3793,'2023-11-26',25,38,1,0,5,'2025-01-22'),(3794,'2023-11-26',24,38,1,0,4,'2024-07-02'),(3795,'2023-11-26',25,38,1,0,4,'2025-01-22'),(3796,'2023-11-26',24,38,1,0,3,'2024-07-02'),(3797,'2023-11-26',25,38,1,0,3,'2024-05-03'),(3798,'2023-11-26',80,19,1,1,1,'2023-11-29'),(3799,'2023-11-26',48,13,1,1,1,'2023-11-29'),(3800,'2023-11-26',51,7,1,1,2,'2025-02-21'),(3801,'2023-11-26',56,7,1,1,2,'2025-10-24'),(3802,'2023-11-26',57,7,1,1,2,'2025-12-05'),(3803,'2023-11-26',54,7,1,1,1,'2023-11-30'),(3804,'2023-11-26',54,7,1,0,1,'2024-11-21'),(3805,'2023-11-26',17,21,1,0,1,'2023-12-05'),(3806,'2023-11-26',54,7,1,0,2,'2024-11-21'),(3807,'2023-11-26',54,7,1,1,2,'2024-11-21'),(3808,'2023-11-26',80,19,1,1,2,'2024-06-07'),(3809,'2023-11-26',5,27,1,0,2,'2024-11-13'),(3810,'2023-11-27',3,34,1,0,1,'2025-07-25'),(3811,'2023-11-27',3,34,1,1,1,'2023-11-29'),(3812,'2023-11-27',80,19,1,0,1,'2023-12-01'),(3813,'2023-11-27',80,19,1,0,2,'2024-11-22'),(3814,'2023-11-27',51,7,1,0,1,'2023-12-12'),(3815,'2023-11-27',80,19,1,0,4,'2024-11-22'),(3816,'2023-11-27',56,7,1,0,1,'2024-01-31'),(3817,'2023-11-27',57,7,1,0,1,'2024-03-19'),(3818,'2023-11-27',80,19,1,0,3,'2024-11-22'),(3819,'2023-11-27',24,38,1,0,1,'2024-01-02'),(3820,'2023-11-27',25,38,1,0,1,'2024-04-02'),(3821,'2023-11-27',5,27,1,0,1,'2024-10-29'),(3822,'2023-11-27',51,7,1,0,2,'2026-04-30'),(3823,'2023-11-27',56,7,1,0,2,'2026-01-12'),(3824,'2023-11-27',57,7,1,0,2,'2025-12-08'),(3825,'2023-11-27',35,13,1,1,1,'2023-12-04'),(3826,'2023-11-27',36,13,1,1,1,'2023-11-30'),(3827,'2023-11-27',37,13,1,1,1,'2024-01-17'),(3828,'2023-11-27',38,13,1,1,1,'2023-11-28'),(3829,'2023-11-27',39,13,1,1,1,'2023-11-30'),(3830,'2023-11-27',40,13,1,1,1,'2024-02-06'),(3831,'2023-11-27',42,13,1,1,1,'2025-05-02'),(3832,'2023-11-27',50,13,1,1,1,'2023-11-29'),(3833,'2023-11-27',43,13,1,1,1,'2023-11-29'),(3834,'2023-11-27',51,7,1,1,1,'2024-11-18'),(3835,'2023-11-27',56,7,1,1,1,'2024-01-29'),(3836,'2023-11-27',57,7,1,1,1,'2023-12-01'),(3837,'2023-11-27',24,38,1,0,2,'2025-01-13'),(3838,'2023-11-27',25,38,1,0,2,'2024-08-07'),(3839,'2023-11-27',51,7,1,1,2,'2026-04-30'),(3840,'2023-11-27',56,7,1,1,2,'2024-10-21'),(3841,'2023-11-27',57,7,1,1,2,'2025-01-14'),(3842,'2023-11-27',24,38,1,0,5,'2025-04-23'),(3843,'2023-11-27',25,38,1,0,5,'2025-01-07'),(3844,'2023-11-27',80,19,1,1,1,'2023-11-29'),(3845,'2023-11-27',24,38,1,0,3,'2025-02-26'),(3846,'2023-11-27',25,38,1,0,3,'2024-11-04'),(3847,'2023-11-27',48,13,1,1,1,'2023-11-29'),(3848,'2023-11-27',81,33,1,0,1,'2023-12-01'),(3849,'2023-11-27',54,7,1,1,1,'2024-01-10'),(3850,'2023-11-27',54,7,1,0,1,'2025-07-21'),(3851,'2023-11-27',24,38,1,0,4,'2025-03-18'),(3852,'2023-11-27',25,38,1,0,4,'2025-01-07'),(3853,'2023-11-27',80,19,1,1,2,'2023-11-29'),(3854,'2023-11-27',17,21,1,0,1,'2023-12-04'),(3855,'2023-11-27',52,7,1,1,1,'2023-11-30'),(3856,'2023-11-27',52,7,1,0,1,'2023-11-30'),(3857,'2023-11-27',5,27,1,0,3,'2024-11-26'),(3858,'2023-11-27',54,7,1,1,2,'2025-11-17'),(3859,'2023-11-27',52,7,1,1,2,'2023-12-01'),(3860,'2023-11-27',5,27,1,0,2,'2024-11-26'),(3861,'2023-11-28',35,13,1,1,1,'2023-11-29'),(3862,'2023-11-28',36,13,1,1,1,'2023-11-29'),(3863,'2023-11-28',37,13,1,1,1,'2023-11-29'),(3864,'2023-11-28',38,13,1,1,1,'2023-11-29'),(3865,'2023-11-28',39,13,1,1,1,'2023-12-18'),(3866,'2023-11-28',40,13,1,1,1,'2023-11-29'),(3867,'2023-11-28',80,19,1,0,3,'2023-12-08'),(3868,'2023-11-28',48,13,1,1,1,'2023-11-29'),(3869,'2023-11-28',42,13,1,1,1,'2025-01-10'),(3870,'2023-11-28',50,13,1,1,1,'2023-11-29'),(3871,'2023-11-28',43,13,1,1,1,'2023-11-28'),(3872,'2023-11-28',24,38,1,0,1,'2024-03-13'),(3873,'2023-11-28',25,38,1,0,1,'2024-01-10'),(3874,'2023-11-28',80,19,1,0,4,'2024-10-18'),(3875,'2023-11-28',80,19,1,0,2,'2023-12-08'),(3876,'2023-11-28',5,27,1,0,1,'2024-08-14'),(3877,'2023-11-28',80,19,1,0,1,'2023-12-01'),(3878,'2023-11-28',54,7,1,0,1,'2024-06-12'),(3879,'2023-11-28',56,7,1,0,1,'2024-02-02'),(3880,'2023-11-28',57,7,1,0,1,'2024-05-10'),(3881,'2023-11-28',3,34,1,1,1,'2023-11-30'),(3882,'2023-11-28',3,34,1,0,1,'2024-01-26'),(3883,'2023-11-28',80,19,1,1,2,'2023-11-29'),(3884,'2023-11-28',80,19,1,1,1,'2023-11-29'),(3885,'2023-11-28',54,7,1,1,2,'2025-11-17'),(3886,'2023-11-28',56,7,1,1,2,'2025-01-21'),(3887,'2023-11-28',57,7,1,1,2,'2024-08-02'),(3888,'2023-11-28',24,38,1,0,5,'2025-04-10'),(3889,'2023-11-28',25,38,1,0,5,'2024-10-01'),(3890,'2023-11-28',51,7,1,1,1,'2023-12-04'),(3891,'2023-11-28',54,7,1,1,1,'2023-12-05'),(3892,'2023-11-28',56,7,1,1,1,'2024-04-24'),(3893,'2023-11-28',57,7,1,1,1,'2023-12-01'),(3894,'2023-11-28',51,7,1,0,1,'2024-08-19'),(3895,'2023-11-28',24,38,1,0,2,'2024-08-01'),(3896,'2023-11-28',25,38,1,0,2,'2024-04-04'),(3897,'2023-11-28',24,38,1,0,4,'2024-08-01'),(3898,'2023-11-28',25,38,1,0,4,'2024-05-08'),(3899,'2023-11-28',24,38,1,0,3,'2024-08-01'),(3900,'2023-11-28',25,38,1,0,3,'2024-04-05'),(3901,'2023-11-28',81,33,1,0,1,'2023-11-30'),(3902,'2023-11-28',17,21,1,0,1,'2023-11-30'),(3903,'2023-11-28',52,7,1,0,1,'2023-12-01'),(3904,'2023-11-28',52,7,1,1,1,'2023-12-01'),(3905,'2023-11-28',51,7,1,1,2,'2025-08-13'),(3906,'2023-11-28',5,27,1,0,2,'2024-11-27'),(3907,'2023-11-29',51,7,1,1,1,'2023-12-12'),(3908,'2023-11-29',54,7,1,1,1,'2024-07-26'),(3909,'2023-11-29',56,7,1,1,1,'2024-05-08'),(3910,'2023-11-29',57,7,1,1,1,'2024-05-08'),(3911,'2023-11-29',80,19,1,0,2,'2024-10-18'),(3912,'2023-11-29',80,19,1,0,1,'2023-12-01'),(3913,'2023-11-29',5,27,1,0,1,'2024-09-11'),(3914,'2023-11-29',51,7,1,0,1,'2023-12-13'),(3915,'2023-11-29',54,7,1,0,1,'2024-07-26'),(3916,'2023-11-29',56,7,1,0,1,'2024-08-22'),(3917,'2023-11-29',57,7,1,0,1,'2024-05-08'),(3918,'2023-11-29',80,19,1,0,3,'2024-11-22'),(3919,'2023-11-29',24,38,1,0,1,'2024-01-09'),(3920,'2023-11-29',25,38,1,0,1,'2024-04-26'),(3921,'2023-11-29',80,19,1,0,4,'2024-11-22'),(3922,'2023-11-29',35,13,1,1,1,'2023-11-30'),(3923,'2023-11-29',37,13,1,1,1,'2023-11-30'),(3924,'2023-11-29',38,13,1,1,1,'2023-12-04'),(3925,'2023-11-29',39,13,1,1,1,'2024-11-13'),(3926,'2023-11-29',48,13,1,1,1,'2023-11-30'),(3927,'2023-11-29',42,13,1,1,1,'2025-02-28'),(3928,'2023-11-29',50,13,1,1,1,'2023-12-04'),(3929,'2023-11-29',43,13,1,1,1,'2023-11-30'),(3930,'2023-11-29',3,34,1,1,1,'2023-12-01'),(3931,'2023-11-29',3,34,1,0,1,'2024-05-30'),(3932,'2023-11-29',51,7,1,1,2,'2023-12-12'),(3933,'2023-11-29',54,7,1,1,2,'2025-05-12'),(3934,'2023-11-29',56,7,1,1,2,'2024-08-22'),(3935,'2023-11-29',57,7,1,1,2,'2024-06-17'),(3936,'2023-11-29',40,13,1,1,1,'2023-11-30'),(3937,'2023-11-29',36,13,1,1,1,'2023-11-30'),(3938,'2023-11-29',80,19,1,1,1,'2023-12-01'),(3939,'2023-11-29',80,19,1,1,2,'2024-01-10'),(3940,'2023-11-29',24,38,1,0,2,'2024-08-27'),(3941,'2023-11-29',25,38,1,0,2,'2024-04-30'),(3942,'2023-11-29',24,38,1,0,5,'2025-03-06'),(3943,'2023-11-29',25,38,1,0,5,'2024-10-30'),(3944,'2023-11-29',24,38,1,0,4,'2025-03-06'),(3945,'2023-11-29',25,38,1,0,4,'2024-10-30'),(3946,'2023-11-29',24,38,1,0,3,'2025-03-06'),(3947,'2023-11-29',25,38,1,0,3,'2024-06-05'),(3948,'2023-11-29',5,27,1,0,2,'2024-11-26'),(3949,'2023-11-29',17,21,1,0,1,'2023-11-30'),(3950,'2023-11-29',81,33,1,0,1,'2023-12-04'),(3951,'2023-11-29',52,7,1,1,1,'2023-12-01'),(3952,'2023-11-29',52,7,1,0,1,'2023-12-01'),(3953,'2023-11-29',35,13,1,0,1,'2025-10-20'),(3954,'2023-11-29',36,13,1,0,1,'2024-07-15'),(3955,'2023-11-29',37,13,1,0,1,'2025-12-04'),(3956,'2023-11-29',38,13,1,0,1,'2024-01-11'),(3957,'2023-11-29',39,13,1,0,1,'2025-02-12'),(3958,'2023-11-29',40,13,1,0,1,'2025-11-13'),(3959,'2023-11-29',48,13,1,0,1,'2025-03-11'),(3960,'2023-11-29',42,13,1,0,1,'2025-12-22'),(3961,'2023-11-29',50,13,1,0,1,'2025-09-17'),(3962,'2023-11-29',43,13,1,0,1,'2025-09-10'),(3963,'2023-11-30',3,34,1,1,1,'2023-12-22'),(3964,'2023-11-30',80,19,1,0,2,'2023-12-01'),(3965,'2023-11-30',24,38,1,0,1,'2024-05-23'),(3966,'2023-11-30',5,27,1,0,1,'2024-01-16'),(3967,'2023-11-30',25,38,1,0,1,'2023-12-20'),(3968,'2023-11-30',51,7,1,0,1,'2023-12-11'),(3969,'2023-11-30',54,7,1,0,1,'2024-07-19'),(3970,'2023-11-30',56,7,1,0,1,'2024-07-18'),(3971,'2023-11-30',57,7,1,0,1,'2024-04-19'),(3972,'2023-11-30',51,7,1,1,1,'2023-12-11'),(3973,'2023-11-30',54,7,1,1,1,'2024-07-19'),(3974,'2023-11-30',56,7,1,1,1,'2024-06-06'),(3975,'2023-11-30',57,7,1,1,1,'2024-05-13'),(3976,'2023-11-30',35,13,1,1,1,'2023-12-01'),(3977,'2023-11-30',36,13,1,1,1,'2023-12-04'),(3978,'2023-11-30',37,13,1,1,1,'2023-12-04'),(3979,'2023-11-30',38,13,1,1,1,'2023-12-01'),(3980,'2023-11-30',39,13,1,1,1,'2023-12-14'),(3981,'2023-11-30',40,13,1,1,1,'2023-11-30'),(3982,'2023-11-30',48,13,1,1,1,'2023-12-01'),(3983,'2023-11-30',42,13,1,1,1,'2024-05-13'),(3984,'2023-11-30',50,13,1,1,1,'2023-12-01'),(3985,'2023-11-30',43,13,1,1,1,'2023-12-01'),(3986,'2023-11-30',80,19,1,0,4,'2024-12-06'),(3987,'2023-11-30',3,34,1,0,1,'2023-12-01'),(3988,'2023-11-30',80,19,1,0,3,'2024-11-22'),(3989,'2023-11-30',80,19,1,1,1,'2023-12-08'),(3990,'2023-11-30',80,19,1,0,1,'2023-12-01'),(3991,'2023-11-30',35,13,1,0,1,'2023-12-07'),(3992,'2023-11-30',36,13,1,0,1,'2023-12-04'),(3993,'2023-11-30',37,13,1,0,1,'2023-12-04'),(3994,'2023-11-30',38,13,1,0,1,'2023-12-01'),(3995,'2023-11-30',39,13,1,0,1,'2023-12-14'),(3996,'2023-11-30',40,13,1,0,1,'2023-11-30'),(3997,'2023-11-30',48,13,1,0,1,'2023-12-01'),(3998,'2023-11-30',42,13,1,0,1,'2024-05-13'),(3999,'2023-11-30',50,13,1,0,1,'2023-12-01'),(4000,'2023-11-30',43,13,1,0,1,'2023-12-01'),(4001,'2023-11-30',51,7,1,1,2,'2023-12-11'),(4002,'2023-11-30',54,7,1,1,2,'2025-11-10'),(4003,'2023-11-30',56,7,1,1,2,'2024-11-22'),(4004,'2023-11-30',57,7,1,1,2,'2024-08-29'),(4005,'2023-11-30',24,38,1,0,2,'2024-09-17'),(4006,'2023-11-30',25,38,1,0,2,'2024-04-05'),(4007,'2023-11-30',17,21,1,0,1,'2023-12-05'),(4008,'2023-11-30',55,7,1,1,1,'2023-12-19'),(4009,'2023-11-30',7,27,1,0,1,'2024-03-27'),(4010,'2023-11-30',5,27,1,0,2,'2024-11-26'),(4011,'2023-11-30',7,27,1,0,2,'2024-03-27'),(4012,'2023-11-30',80,19,1,1,2,'2024-01-17'),(4013,'2023-11-30',24,38,1,0,3,'2025-03-11'),(4014,'2023-11-30',25,38,1,0,3,'2025-01-27'),(4015,'2023-11-30',24,38,1,0,5,'2025-04-29'),(4016,'2023-11-30',25,38,1,0,5,'2025-02-03'),(4017,'2023-11-30',24,38,1,0,4,'2025-03-11'),(4018,'2023-11-30',25,38,1,0,4,'2025-02-03'),(4019,'2023-11-30',52,7,1,0,1,'2023-12-05'),(4020,'2023-11-30',52,7,1,1,1,'2023-12-05'),(4021,'2023-12-01',80,19,1,0,2,'2024-10-18'),(4022,'2023-12-01',51,7,1,0,1,'2024-06-10'),(4023,'2023-12-01',54,7,1,0,1,'2024-06-21'),(4024,'2023-12-01',56,7,1,0,1,'2024-07-15'),(4025,'2023-12-01',57,7,1,0,1,'2024-03-05'),(4026,'2023-12-01',80,19,1,0,1,'2023-12-15'),(4027,'2023-12-01',80,19,1,0,3,'2024-12-06'),(4028,'2023-12-01',35,13,1,1,1,'2023-12-01'),(4029,'2023-12-01',36,13,1,1,1,'2023-12-01'),(4030,'2023-12-01',37,13,1,1,1,'2023-12-04'),(4031,'2023-12-01',38,13,1,1,1,'2023-12-05'),(4032,'2023-12-01',39,13,1,1,1,'2023-12-19'),(4033,'2023-12-01',40,13,1,1,1,'2023-12-01'),(4034,'2023-12-01',48,13,1,1,1,'2023-12-01'),(4035,'2023-12-01',42,13,1,1,1,'2024-12-04'),(4036,'2023-12-01',50,13,1,1,1,'2024-01-12'),(4037,'2023-12-01',43,13,1,1,1,'2023-12-04'),(4038,'2023-12-01',5,27,1,0,1,'2024-11-13'),(4039,'2023-12-01',24,38,1,0,1,'2024-08-06'),(4040,'2023-12-01',25,38,1,0,1,'2024-04-24'),(4041,'2023-12-01',3,34,1,1,1,'2024-01-17'),(4042,'2023-12-01',24,38,1,0,3,'2025-01-27'),(4043,'2023-12-01',25,38,1,0,3,'2025-02-13'),(4044,'2023-12-01',51,7,1,1,1,'2024-06-10'),(4045,'2023-12-01',54,7,1,1,1,'2024-04-16'),(4046,'2023-12-01',56,7,1,1,1,'2024-07-15'),(4047,'2023-12-01',57,7,1,1,1,'2024-05-21'),(4048,'2023-12-01',3,34,1,0,1,'2025-05-23'),(4049,'2023-12-01',24,38,1,0,2,'2025-01-27'),(4050,'2023-12-01',25,38,1,0,2,'2025-02-13'),(4051,'2023-12-01',80,19,1,0,4,'2024-12-06'),(4052,'2023-12-01',51,7,1,1,2,'2024-11-25'),(4053,'2023-12-01',54,7,1,1,2,'2026-01-05'),(4054,'2023-12-01',56,7,1,1,2,'2024-11-25'),(4055,'2023-12-01',57,7,1,1,2,'2024-07-05'),(4056,'2023-12-01',80,19,1,1,1,'2023-12-09'),(4057,'2023-12-01',80,19,1,1,2,'2023-12-09'),(4058,'2023-12-01',24,38,1,0,5,'2025-03-06'),(4059,'2023-12-01',25,38,1,0,5,'2025-02-14'),(4060,'2023-12-01',24,38,1,0,4,'2025-01-27'),(4061,'2023-12-01',25,38,1,0,4,'2025-02-14'),(4062,'2023-12-01',17,21,1,0,1,'2023-12-07'),(4063,'2023-12-01',81,33,1,0,1,'2023-12-13'),(4064,'2023-12-01',5,27,1,0,2,'2024-12-03'),(4065,'2023-12-01',10,36,1,1,1,'2024-02-21'),(4066,'2023-12-01',9,36,1,1,1,'2023-12-04'),(4067,'2023-12-02',80,19,1,0,4,'2024-12-06'),(4068,'2023-12-02',3,34,1,0,1,'2024-05-22'),(4069,'2023-12-02',80,19,1,0,1,'2023-12-08'),(4070,'2023-12-02',80,19,1,0,2,'2023-12-08'),(4071,'2023-12-02',80,19,1,0,3,'2024-12-06'),(4072,'2023-12-02',51,7,1,0,1,'2024-06-10'),(4073,'2023-12-02',54,7,1,0,1,'2025-02-28'),(4074,'2023-12-02',56,7,1,0,1,'2024-09-05'),(4075,'2023-12-02',57,7,1,0,1,'2024-06-25'),(4076,'2023-12-02',24,38,1,0,1,'2024-04-29'),(4077,'2023-12-02',25,38,1,0,1,'2024-02-13'),(4078,'2023-12-02',5,27,1,0,1,'2024-09-11'),(4079,'2023-12-02',35,13,1,1,1,'2023-12-04'),(4080,'2023-12-02',36,13,1,1,1,'2023-12-05'),(4081,'2023-12-02',37,13,1,1,1,'2023-12-04'),(4082,'2023-12-02',38,13,1,1,1,'2023-12-05'),(4083,'2023-12-02',39,13,1,1,1,'2025-02-21'),(4084,'2023-12-02',40,13,1,1,1,'2023-12-04'),(4085,'2023-12-02',48,13,1,1,1,'2023-12-07'),(4086,'2023-12-02',42,13,1,1,1,'2024-03-19'),(4087,'2023-12-02',50,13,1,1,1,'2024-01-03'),(4088,'2023-12-02',43,13,1,1,1,'2023-12-04'),(4089,'2023-12-02',10,36,1,1,1,'2024-03-04'),(4090,'2023-12-02',80,19,1,1,1,'2023-12-09'),(4091,'2023-12-02',51,7,1,1,1,'2024-06-10'),(4092,'2023-12-02',54,7,1,1,1,'2025-02-28'),(4093,'2023-12-02',56,7,1,1,1,'2024-06-21'),(4094,'2023-12-02',57,7,1,1,1,'2024-02-22'),(4095,'2023-12-02',51,7,1,1,2,'2024-06-10'),(4096,'2023-12-02',54,7,1,1,2,'2026-01-05'),(4097,'2023-12-02',56,7,1,1,2,'2024-12-12'),(4098,'2023-12-02',57,7,1,1,2,'2024-09-20'),(4099,'2023-12-02',24,38,1,0,5,'2025-04-30'),(4100,'2023-12-02',25,38,1,0,5,'2025-02-19'),(4101,'2023-12-02',24,38,1,0,2,'2024-07-25'),(4102,'2023-12-02',25,38,1,0,2,'2024-04-22'),(4103,'2023-12-02',80,19,1,1,2,'2023-12-09'),(4104,'2023-12-02',3,34,1,1,1,'2024-03-07'),(4105,'2023-12-02',81,33,1,0,1,'2023-12-13'),(4106,'2023-12-02',24,38,1,0,3,'2025-04-08'),(4107,'2023-12-02',25,38,1,0,3,'2025-02-19'),(4108,'2023-12-02',17,21,1,0,1,'2024-04-09'),(4109,'2023-12-02',7,27,1,0,1,'2024-04-03'),(4110,'2023-12-02',29,5,1,0,2,'2023-12-07'),(4111,'2023-12-02',30,5,1,0,2,'2024-04-18'),(4112,'2023-12-02',31,5,1,0,2,'2023-12-04'),(4113,'2023-12-02',32,5,1,0,2,'2024-07-19'),(4114,'2023-12-02',33,5,1,0,2,'2024-05-14'),(4115,'2023-12-02',24,38,1,0,4,'2025-04-30'),(4116,'2023-12-02',25,38,1,0,4,'2025-02-19'),(4117,'2023-12-02',5,27,1,0,2,'2024-09-11'),(4118,'2023-12-03',5,27,1,0,1,'2024-10-23'),(4119,'2023-12-03',80,19,1,0,1,'2024-11-08'),(4120,'2023-12-03',80,19,1,0,3,'2024-12-06'),(4121,'2023-12-03',24,38,1,0,1,'2024-08-28'),(4122,'2023-12-03',25,38,1,0,1,'2024-01-30'),(4123,'2023-12-03',80,19,1,0,4,'2024-12-06'),(4124,'2023-12-03',3,34,1,0,1,'2023-12-11'),(4125,'2023-12-03',51,7,1,0,1,'2024-08-28'),(4126,'2023-12-03',54,7,1,0,1,'2025-06-26'),(4127,'2023-12-03',56,7,1,0,1,'2024-05-07'),(4128,'2023-12-03',57,7,1,0,1,'2024-07-25'),(4129,'2023-12-03',29,5,1,0,2,'2023-12-07'),(4130,'2023-12-03',30,5,1,0,2,'2023-12-07'),(4131,'2023-12-03',31,5,1,0,2,'2023-12-04'),(4132,'2023-12-03',32,5,1,0,2,'2024-06-17'),(4133,'2023-12-03',33,5,1,0,2,'2024-07-23'),(4134,'2023-12-03',80,19,1,0,2,'2024-12-06'),(4135,'2023-12-03',35,13,1,1,1,'2023-12-05'),(4136,'2023-12-03',36,13,1,1,1,'2023-12-07'),(4137,'2023-12-03',37,13,1,1,1,'2023-12-06'),(4138,'2023-12-03',38,13,1,1,1,'2023-12-06'),(4139,'2023-12-03',39,13,1,1,1,'2024-11-20'),(4140,'2023-12-03',40,13,1,1,1,'2023-12-11'),(4141,'2023-12-03',48,13,1,1,1,'2023-12-05'),(4142,'2023-12-03',42,13,1,1,1,'2024-09-30'),(4143,'2023-12-03',50,13,1,1,1,'2024-02-22'),(4144,'2023-12-03',43,13,1,1,1,'2023-12-05'),(4145,'2023-12-03',51,7,1,1,1,'2024-04-02'),(4146,'2023-12-03',54,7,1,1,1,'2025-06-26'),(4147,'2023-12-03',56,7,1,1,1,'2024-05-07'),(4148,'2023-12-03',57,7,1,1,1,'2024-06-18'),(4149,'2023-12-03',3,34,1,1,1,'2024-03-11'),(4150,'2023-12-03',51,7,1,1,2,'2026-04-08'),(4151,'2023-12-03',54,7,1,1,2,'2026-01-09'),(4152,'2023-12-03',56,7,1,1,2,'2025-03-28'),(4153,'2023-12-03',57,7,1,1,2,'2025-11-25'),(4154,'2023-12-03',24,38,1,0,5,'2025-04-30'),(4155,'2023-12-03',25,38,1,0,5,'2025-02-21'),(4156,'2023-12-03',80,19,1,1,1,'2023-12-09'),(4157,'2023-12-03',24,38,1,0,2,'2024-11-19'),(4158,'2023-12-03',25,38,1,0,2,'2025-01-07'),(4159,'2023-12-03',17,21,1,0,1,'2023-12-05'),(4160,'2023-12-03',5,27,1,0,2,'2024-11-26'),(4161,'2023-12-03',7,27,1,0,2,'2024-03-27'),(4162,'2023-12-03',7,27,1,0,1,'2024-03-27'),(4163,'2023-12-03',24,38,1,0,4,'2025-04-30'),(4164,'2023-12-03',25,38,1,0,4,'2025-02-21'),(4165,'2023-12-03',24,38,1,0,3,'2025-04-15'),(4166,'2023-12-03',25,38,1,0,3,'2025-02-21'),(4167,'2023-12-03',80,19,1,1,2,'2024-06-26'),(4168,'2023-12-03',52,7,1,1,1,'2023-12-07'),(4169,'2023-12-03',81,33,1,0,1,'2024-01-10'),(4170,'2023-12-04',3,34,1,0,1,'2024-01-29'),(4171,'2023-12-04',51,7,1,0,1,'2024-01-24'),(4172,'2023-12-04',54,7,1,0,1,'2024-10-28'),(4173,'2023-12-04',56,7,1,0,1,'2024-06-24'),(4174,'2023-12-04',57,7,1,0,1,'2024-06-28'),(4175,'2023-12-04',80,19,1,0,1,'2023-12-08'),(4176,'2023-12-04',5,27,1,0,1,'2024-08-20'),(4177,'2023-12-04',24,38,1,0,1,'2024-07-15'),(4178,'2023-12-04',25,38,1,0,1,'2024-03-12'),(4179,'2023-12-04',29,5,1,0,2,'2023-12-07'),(4180,'2023-12-04',30,5,1,0,2,'2023-12-07'),(4181,'2023-12-04',31,5,1,0,2,'2023-12-05'),(4182,'2023-12-04',32,5,1,0,2,'2024-01-19'),(4183,'2023-12-04',33,5,1,0,2,'2023-12-13'),(4184,'2023-12-04',80,19,1,0,4,'2023-12-08'),(4185,'2023-12-04',35,13,1,1,1,'2023-12-07'),(4186,'2023-12-04',36,13,1,1,1,'2023-12-18'),(4187,'2023-12-04',37,13,1,1,1,'2023-12-06'),(4188,'2023-12-04',38,13,1,1,1,'2023-12-05'),(4189,'2023-12-04',39,13,1,1,1,'2024-07-16'),(4190,'2023-12-04',40,13,1,1,1,'2023-12-06'),(4191,'2023-12-04',48,13,1,1,1,'2023-12-05'),(4192,'2023-12-04',42,13,1,1,1,'2025-05-23'),(4193,'2023-12-04',50,13,1,1,1,'2024-03-07'),(4194,'2023-12-04',43,13,1,1,1,'2023-12-06'),(4195,'2023-12-04',80,19,1,0,2,'2023-12-08'),(4196,'2023-12-04',80,19,1,0,3,'2023-12-08'),(4197,'2023-12-04',51,7,1,1,1,'2024-01-25'),(4198,'2023-12-04',54,7,1,1,1,'2024-10-28'),(4199,'2023-12-04',56,7,1,1,1,'2024-02-02'),(4200,'2023-12-04',57,7,1,1,1,'2024-05-06'),(4201,'2023-12-04',24,38,1,0,3,'2025-04-30'),(4202,'2023-12-04',25,38,1,0,3,'2025-02-21'),(4203,'2023-12-04',51,7,1,1,2,'2026-03-30'),(4204,'2023-12-04',54,7,1,1,2,'2026-01-12'),(4205,'2023-12-04',56,7,1,1,2,'2025-12-09'),(4206,'2023-12-04',57,7,1,1,2,'2024-05-16'),(4207,'2023-12-04',3,34,1,1,1,'2023-12-11'),(4208,'2023-12-04',24,38,1,0,5,'2025-04-30'),(4209,'2023-12-04',25,38,1,0,5,'2025-02-24'),(4210,'2023-12-04',24,38,1,0,2,'2024-11-18'),(4211,'2023-12-04',25,38,1,0,2,'2025-02-11'),(4212,'2023-12-04',5,27,1,0,2,'2024-11-26'),(4213,'2023-12-04',81,33,1,0,1,'2023-12-11'),(4214,'2023-12-04',80,19,1,1,1,'2023-12-06'),(4215,'2023-12-04',17,21,1,0,1,'2024-07-16'),(4216,'2023-12-04',80,19,1,1,2,'2023-12-08'),(4217,'2023-12-04',24,38,1,0,4,'2025-06-03'),(4218,'2023-12-04',25,38,1,0,4,'2025-02-24'),(4219,'2023-12-04',52,7,1,1,1,'2023-12-07'),(4220,'2023-12-04',19,25,1,1,1,'2023-12-11'),(4221,'2023-12-04',51,7,1,1,3,'2026-04-29'),(4222,'2023-12-04',54,7,1,1,3,'2026-01-13'),(4223,'2023-12-04',56,7,1,1,3,'2026-01-29'),(4224,'2023-12-04',57,7,1,1,3,'2025-12-08'),(4225,'2023-12-05',80,19,1,0,4,'2024-12-06'),(4226,'2023-12-05',3,34,1,0,1,'2024-06-07'),(4227,'2023-12-05',5,27,1,0,1,'2024-07-24'),(4228,'2023-12-05',51,7,1,0,1,'2024-05-29'),(4229,'2023-12-05',29,5,1,0,2,'2023-12-07'),(4230,'2023-12-05',30,5,1,0,2,'2023-12-08'),(4231,'2023-12-05',54,7,1,0,1,'2024-09-16'),(4232,'2023-12-05',31,5,1,0,2,'2023-12-06'),(4233,'2023-12-05',56,7,1,0,1,'2024-05-06'),(4234,'2023-12-05',32,5,1,0,2,'2024-01-12'),(4235,'2023-12-05',57,7,1,0,1,'2024-06-10'),(4236,'2023-12-05',33,5,1,0,2,'2023-12-07'),(4237,'2023-12-05',80,19,1,0,1,'2023-12-15'),(4238,'2023-12-05',80,19,1,0,3,'2024-12-06'),(4239,'2023-12-05',80,19,1,0,2,'2023-12-15'),(4240,'2023-12-05',24,38,1,0,1,'2024-01-09'),(4241,'2023-12-05',25,38,1,0,1,'2024-02-13'),(4242,'2023-12-05',35,13,1,1,1,'2023-12-06'),(4243,'2023-12-05',36,13,1,1,1,'2023-12-06'),(4244,'2023-12-05',37,13,1,1,1,'2023-12-06'),(4245,'2023-12-05',38,13,1,1,1,'2023-12-07'),(4246,'2023-12-05',39,13,1,1,1,'2023-12-11'),(4247,'2023-12-05',40,13,1,1,1,'2023-12-05'),(4248,'2023-12-05',48,13,1,1,1,'2023-12-05'),(4249,'2023-12-05',42,13,1,1,1,'2024-10-21'),(4250,'2023-12-05',50,13,1,1,1,'2024-02-08'),(4251,'2023-12-05',43,13,1,1,1,'2023-12-05'),(4252,'2023-12-05',3,34,1,1,1,'2023-12-20'),(4253,'2023-12-05',51,7,1,1,1,'2023-12-15'),(4254,'2023-12-05',54,7,1,1,1,'2023-12-12'),(4255,'2023-12-05',56,7,1,1,1,'2024-05-08'),(4256,'2023-12-05',57,7,1,1,1,'2023-12-13'),(4257,'2023-12-05',80,19,1,1,2,'2023-12-09'),(4258,'2023-12-05',51,7,1,1,2,'2024-10-28'),(4259,'2023-12-05',54,7,1,1,2,'2026-01-14'),(4260,'2023-12-05',56,7,1,1,2,'2025-12-23'),(4261,'2023-12-05',57,7,1,1,2,'2024-09-12'),(4262,'2023-12-05',80,19,1,1,1,'2023-12-06'),(4263,'2023-12-05',81,33,1,0,1,'2023-12-11'),(4264,'2023-12-05',24,38,1,0,2,'2024-01-09'),(4265,'2023-12-05',25,38,1,0,2,'2024-06-10'),(4266,'2023-12-05',51,7,1,1,3,'2025-06-23'),(4267,'2023-12-05',54,7,1,1,3,'2026-01-14'),(4268,'2023-12-05',56,7,1,1,3,'2026-01-13'),(4269,'2023-12-05',57,7,1,1,3,'2024-09-12'),(4270,'2023-12-05',24,38,1,0,5,'2025-01-30'),(4271,'2023-12-05',25,38,1,0,5,'2025-01-09'),(4272,'2023-12-05',24,38,1,0,4,'2024-03-05'),(4273,'2023-12-05',25,38,1,0,4,'2025-01-02'),(4274,'2023-12-05',24,38,1,0,3,'2024-03-05'),(4275,'2023-12-05',25,38,1,0,3,'2024-06-10'),(4276,'2023-12-05',5,27,1,0,2,'2024-12-04'),(4277,'2023-12-05',17,21,1,0,1,'2023-12-07'),(4278,'2023-12-05',52,7,1,1,1,'2023-12-07'),(4279,'2023-12-05',5,27,1,0,3,'2024-12-04'),(4280,'2023-12-05',55,7,1,1,1,'2023-12-19'),(4281,'2023-12-06',80,19,1,0,3,'2024-12-06'),(4282,'2023-12-06',5,27,1,0,3,'2024-12-04'),(4283,'2023-12-06',80,19,1,0,2,'2024-12-06'),(4284,'2023-12-06',24,38,1,0,1,'2024-03-11'),(4285,'2023-12-06',25,38,1,0,1,'2023-12-18'),(4286,'2023-12-06',51,7,1,0,1,'2024-11-27'),(4287,'2023-12-06',54,7,1,0,1,'2024-07-15'),(4288,'2023-12-06',56,7,1,0,1,'2024-09-13'),(4289,'2023-12-06',57,7,1,0,1,'2024-05-07'),(4290,'2023-12-06',35,13,1,1,1,'2023-12-08'),(4291,'2023-12-06',36,13,1,1,1,'2023-12-08'),(4292,'2023-12-06',37,13,1,1,1,'2023-12-07'),(4293,'2023-12-06',38,13,1,1,1,'2023-12-07'),(4294,'2023-12-06',39,13,1,1,1,'2023-12-08'),(4295,'2023-12-06',40,13,1,1,1,'2023-12-06'),(4296,'2023-12-06',48,13,1,1,1,'2023-12-07'),(4297,'2023-12-06',42,13,1,1,1,'2023-12-08'),(4298,'2023-12-06',50,13,1,1,1,'2024-01-18'),(4299,'2023-12-06',43,13,1,1,1,'2023-12-15'),(4300,'2023-12-06',5,27,1,0,1,'2024-09-03'),(4301,'2023-12-06',80,19,1,0,4,'2024-12-06'),(4302,'2023-12-06',3,34,1,0,1,'2024-06-07'),(4303,'2023-12-06',80,19,1,0,1,'2023-12-08'),(4304,'2023-12-06',51,7,1,1,1,'2024-11-27'),(4305,'2023-12-06',54,7,1,1,1,'2023-12-13'),(4306,'2023-12-06',56,7,1,1,1,'2024-09-13'),(4307,'2023-12-06',57,7,1,1,1,'2024-02-26'),(4308,'2023-12-06',80,19,1,1,1,'2023-12-08'),(4309,'2023-12-06',24,38,1,0,5,'2025-06-17'),(4310,'2023-12-06',25,38,1,0,5,'2024-03-14'),(4311,'2023-12-06',3,34,1,1,1,'2024-04-10'),(4312,'2023-12-06',24,38,1,0,3,'2024-11-20'),(4313,'2023-12-06',25,38,1,0,3,'2024-03-06'),(4314,'2023-12-06',24,38,1,0,4,'2024-11-20'),(4315,'2023-12-06',25,38,1,0,4,'2024-02-22'),(4316,'2023-12-06',24,38,1,0,2,'2024-11-20'),(4317,'2023-12-06',25,38,1,0,2,'2024-02-22'),(4318,'2023-12-06',54,7,1,1,2,'2026-01-14'),(4319,'2023-12-06',56,7,1,1,2,'2024-11-25'),(4320,'2023-12-06',57,7,1,1,2,'2025-01-17'),(4321,'2023-12-06',80,19,1,1,2,'2024-07-10'),(4322,'2023-12-06',51,7,1,1,2,'2025-12-08'),(4323,'2023-12-06',51,7,1,1,3,'2026-04-29'),(4324,'2023-12-06',54,7,1,1,3,'2026-01-14'),(4325,'2023-12-06',56,7,1,1,3,'2024-11-25'),(4326,'2023-12-06',57,7,1,1,3,'2025-12-08'),(4327,'2023-12-06',81,33,1,0,1,'2023-12-13'),(4328,'2023-12-06',5,27,1,0,2,'2024-11-26'),(4329,'2023-12-06',17,21,1,0,1,'2023-12-07'),(4330,'2023-12-06',52,7,1,1,1,'2023-12-12'),(4331,'2023-12-07',80,19,1,0,4,'2024-12-06'),(4332,'2023-12-07',24,38,1,0,1,'2024-04-25'),(4333,'2023-12-07',25,38,1,0,1,'2023-12-18'),(4334,'2023-12-07',5,27,1,0,3,'2024-11-06'),(4335,'2023-12-07',3,34,1,0,1,'2024-07-19'),(4336,'2023-12-07',80,19,1,0,1,'2023-12-08'),(4337,'2023-12-07',35,13,1,1,1,'2023-12-08'),(4338,'2023-12-07',36,13,1,1,1,'2023-12-07'),(4339,'2023-12-07',37,13,1,1,1,'2023-12-07'),(4340,'2023-12-07',38,13,1,1,1,'2023-12-08'),(4341,'2023-12-07',39,13,1,1,1,'2023-12-13'),(4342,'2023-12-07',40,13,1,1,1,'2023-12-08'),(4343,'2023-12-07',48,13,1,1,1,'2023-12-08'),(4344,'2023-12-07',42,13,1,1,1,'2024-10-21'),(4345,'2023-12-07',50,13,1,1,1,'2024-01-19'),(4346,'2023-12-07',43,13,1,1,1,'2023-12-08'),(4347,'2023-12-07',5,27,1,0,1,'2024-07-23'),(4348,'2023-12-07',80,19,1,0,2,'2023-12-15'),(4349,'2023-12-07',80,19,1,0,3,'2024-12-06'),(4350,'2023-12-07',51,7,1,0,1,'2024-09-11'),(4351,'2023-12-07',54,7,1,0,1,'2025-03-10'),(4352,'2023-12-07',56,7,1,0,1,'2024-09-11'),(4353,'2023-12-07',57,7,1,0,1,'2024-06-24'),(4354,'2023-12-07',51,7,1,1,1,'2023-12-15'),(4355,'2023-12-07',54,7,1,1,1,'2025-03-10'),(4356,'2023-12-07',56,7,1,1,1,'2023-12-12'),(4357,'2023-12-07',57,7,1,1,1,'2024-04-25'),(4358,'2023-12-07',3,34,1,1,1,'2024-03-21'),(4359,'2023-12-07',81,33,1,0,1,'2023-12-11'),(4360,'2023-12-07',80,19,1,1,1,'2023-12-08'),(4361,'2023-12-07',51,7,1,1,2,'2024-09-11'),(4362,'2023-12-07',54,7,1,1,2,'2026-01-08'),(4363,'2023-12-07',56,7,1,1,2,'2024-10-22'),(4364,'2023-12-07',57,7,1,1,2,'2024-12-05'),(4365,'2023-12-07',24,38,1,0,2,'2024-08-05'),(4366,'2023-12-07',25,38,1,0,2,'2024-02-05'),(4367,'2023-12-07',24,38,1,0,3,'2024-08-05'),(4368,'2023-12-07',25,38,1,0,3,'2024-02-05'),(4369,'2023-12-07',51,7,1,1,3,'2024-09-11'),(4370,'2023-12-07',54,7,1,1,3,'2026-01-09'),(4371,'2023-12-07',56,7,1,1,3,'2023-12-12'),(4372,'2023-12-07',57,7,1,1,3,'2025-09-02'),(4373,'2023-12-07',24,38,1,0,4,'2024-08-08'),(4374,'2023-12-07',25,38,1,0,4,'2024-02-05'),(4375,'2023-12-07',80,19,1,1,2,'2023-12-09'),(4376,'2023-12-07',24,38,1,0,5,'2024-08-08'),(4377,'2023-12-07',25,38,1,0,5,'2024-03-07'),(4378,'2023-12-07',17,21,1,0,1,'2023-12-14'),(4379,'2023-12-07',5,27,1,0,2,'2024-11-06'),(4380,'2023-12-07',52,7,1,1,1,'2023-12-12'),(4381,'2023-12-07',52,7,1,0,1,'2023-12-14'),(4382,'2023-12-07',3,34,3,1,1,'2023-12-18'),(4383,'2023-12-07',6,27,1,0,1,'2024-02-22'),(4384,'2023-12-08',80,19,1,0,3,'2024-12-13'),(4385,'2023-12-08',24,38,1,0,1,'2024-04-29'),(4386,'2023-12-08',25,38,1,0,1,'2024-01-09'),(4387,'2023-12-08',81,33,1,0,1,'2023-12-11'),(4388,'2023-12-08',80,19,1,0,4,'2024-12-13'),(4389,'2023-12-08',80,19,1,0,1,'2024-06-14'),(4390,'2023-12-08',3,34,1,0,1,'2023-12-13'),(4391,'2023-12-08',51,7,1,0,1,'2023-12-13'),(4392,'2023-12-08',56,7,1,0,1,'2024-01-04'),(4393,'2023-12-08',57,7,1,0,1,'2023-12-12'),(4394,'2023-12-08',80,19,1,0,2,'2024-12-06'),(4395,'2023-12-08',5,27,1,0,1,'2023-12-13'),(4396,'2023-12-08',35,13,1,1,1,'2023-12-11'),(4397,'2023-12-08',36,13,1,1,1,'2023-12-15'),(4398,'2023-12-08',37,13,1,1,1,'2023-12-11'),(4399,'2023-12-08',38,13,1,1,1,'2023-12-11'),(4400,'2023-12-08',39,13,1,1,1,'2023-12-08'),(4401,'2023-12-08',40,13,1,1,1,'2023-12-08'),(4402,'2023-12-08',48,13,1,1,1,'2023-12-13'),(4403,'2023-12-08',42,13,1,1,1,'2024-10-28'),(4404,'2023-12-08',50,13,1,1,1,'2023-12-28'),(4405,'2023-12-08',43,13,1,1,1,'2023-12-08'),(4406,'2023-12-08',3,34,1,1,1,'2023-12-15'),(4407,'2023-12-08',51,7,1,1,2,'2026-03-24'),(4408,'2023-12-08',56,7,1,1,2,'2025-04-21'),(4409,'2023-12-08',57,7,1,1,2,'2025-12-29'),(4410,'2023-12-08',51,7,1,1,1,'2023-12-13'),(4411,'2023-12-08',56,7,1,1,1,'2024-01-04'),(4412,'2023-12-08',57,7,1,1,1,'2023-12-13'),(4413,'2023-12-08',24,38,1,0,2,'2024-06-24'),(4414,'2023-12-08',25,38,1,0,2,'2024-01-12'),(4415,'2023-12-08',24,38,1,0,3,'2024-06-24'),(4416,'2023-12-08',25,38,1,0,3,'2024-03-20'),(4417,'2023-12-08',80,19,1,1,1,'2023-12-09'),(4418,'2023-12-08',24,38,1,0,4,'2024-07-16'),(4419,'2023-12-08',25,38,1,0,4,'2024-03-20'),(4420,'2023-12-08',54,7,1,1,1,'2023-12-15'),(4421,'2023-12-08',54,7,1,0,1,'2024-10-03'),(4422,'2023-12-08',51,7,1,1,3,'2026-04-22'),(4423,'2023-12-08',56,7,1,1,3,'2025-04-21'),(4424,'2023-12-08',57,7,1,1,3,'2025-12-31'),(4425,'2023-12-08',24,38,1,0,5,'2024-07-25'),(4426,'2023-12-08',25,38,1,0,5,'2025-01-07'),(4427,'2023-12-08',80,19,1,1,2,'2023-12-09'),(4428,'2023-12-08',5,27,1,0,2,'2024-08-14'),(4429,'2023-12-08',54,7,1,1,2,'2026-01-16'),(4430,'2023-12-08',17,21,1,0,1,'2024-07-01'),(4431,'2023-12-08',3,34,3,1,1,'2023-12-20'),(4432,'2023-12-08',52,7,1,1,1,'2023-12-14'),(4433,'2023-12-08',52,7,1,0,1,'2023-12-14'),(4434,'2023-12-08',35,13,1,0,1,'2023-12-15'),(4435,'2023-12-08',36,13,1,0,1,'2024-07-24'),(4436,'2023-12-08',37,13,1,0,1,'2023-12-15'),(4437,'2023-12-08',38,13,1,0,1,'2024-04-12'),(4438,'2023-12-08',39,13,1,0,1,'2024-01-10'),(4439,'2023-12-08',40,13,1,0,1,'2023-12-11'),(4440,'2023-12-08',48,13,1,0,1,'2025-03-20'),(4441,'2023-12-08',42,13,1,0,1,'2025-02-07'),(4442,'2023-12-08',50,13,1,0,1,'2025-02-10'),(4443,'2023-12-08',43,13,1,0,1,'2024-07-15'),(4444,'2023-12-09',80,19,1,0,4,'2024-12-13'),(4445,'2023-12-09',80,19,1,0,3,'2024-12-13'),(4446,'2023-12-09',24,38,1,0,1,'2024-06-03'),(4447,'2023-12-09',25,38,1,0,1,'2023-12-19'),(4448,'2023-12-09',3,34,1,1,1,'2023-12-21'),(4449,'2023-12-09',3,34,1,0,1,'2024-06-24'),(4450,'2023-12-09',51,7,1,0,1,'2024-11-18'),(4451,'2023-12-09',56,7,1,0,1,'2024-08-08'),(4452,'2023-12-09',57,7,1,0,1,'2023-12-13'),(4453,'2023-12-09',80,19,1,0,2,'2024-12-13'),(4454,'2023-12-09',81,33,1,0,1,'2023-12-14'),(4455,'2023-12-09',80,19,1,0,1,'2024-12-06'),(4456,'2023-12-09',35,13,1,0,1,'2023-12-15'),(4457,'2023-12-09',36,13,1,0,1,'2023-12-14'),(4458,'2023-12-09',37,13,1,0,1,'2023-12-20'),(4459,'2023-12-09',38,13,1,0,1,'2023-12-14'),(4460,'2023-12-09',39,13,1,0,1,'2024-10-29'),(4461,'2023-12-09',40,13,1,0,1,'2023-12-11'),(4462,'2023-12-09',48,13,1,0,1,'2023-12-21'),(4463,'2023-12-09',42,13,1,0,1,'2024-06-27'),(4464,'2023-12-09',50,13,1,0,1,'2024-01-05'),(4465,'2023-12-09',43,13,1,0,1,'2024-06-28'),(4466,'2023-12-09',51,7,1,1,1,'2023-12-14'),(4467,'2023-12-09',56,7,1,1,1,'2024-02-01'),(4468,'2023-12-09',57,7,1,1,1,'2023-12-13'),(4469,'2023-12-09',80,19,1,1,2,'2024-07-17'),(4470,'2023-12-09',51,7,1,1,2,'2024-11-18'),(4471,'2023-12-09',56,7,1,1,2,'2024-08-27'),(4472,'2023-12-09',57,7,1,1,2,'2024-01-10'),(4473,'2023-12-09',24,38,1,0,3,'2024-07-31'),(4474,'2023-12-09',25,38,1,0,3,'2024-03-01'),(4475,'2023-12-09',24,38,1,0,2,'2024-06-03'),(4476,'2023-12-09',25,38,1,0,2,'2024-03-01'),(4477,'2023-12-09',24,38,1,0,4,'2024-08-22'),(4478,'2023-12-09',25,38,1,0,4,'2024-08-06'),(4479,'2023-12-09',24,38,1,0,5,'2024-08-22'),(4480,'2023-12-09',25,38,1,0,5,'2024-10-29'),(4481,'2023-12-09',80,19,1,1,1,'2023-12-13'),(4482,'2023-12-09',54,7,1,1,1,'2023-12-13'),(4483,'2023-12-09',54,7,1,1,2,'2025-02-20'),(4484,'2023-12-09',54,7,1,0,1,'2024-10-03'),(4485,'2023-12-09',5,27,1,0,1,'2024-09-04'),(4486,'2023-12-09',51,7,1,1,3,'2024-11-18'),(4487,'2023-12-09',56,7,1,1,3,'2026-02-03'),(4488,'2023-12-09',57,7,1,1,3,'2026-01-05'),(4489,'2023-12-09',54,7,1,1,3,'2025-02-20'),(4490,'2023-12-09',5,27,1,0,2,'2024-12-10'),(4491,'2023-12-09',17,21,1,0,1,'2024-08-13'),(4492,'2023-12-10',80,19,1,0,1,'2024-12-06'),(4493,'2023-12-10',24,38,1,0,1,'2024-05-07'),(4494,'2023-12-10',25,38,1,0,1,'2024-02-02'),(4495,'2023-12-10',81,33,1,0,1,'2023-12-29'),(4496,'2023-12-10',80,19,1,0,4,'2024-12-13'),(4497,'2023-12-10',3,34,1,0,1,'2024-06-26'),(4498,'2023-12-10',80,19,1,0,3,'2024-12-13'),(4499,'2023-12-10',80,19,1,0,2,'2024-12-13'),(4500,'2023-12-10',5,27,1,0,1,'2024-12-11'),(4501,'2023-12-10',51,7,1,0,1,'2024-02-14'),(4502,'2023-12-10',56,7,1,0,1,'2024-05-14'),(4503,'2023-12-10',57,7,1,0,1,'2024-04-15'),(4504,'2023-12-10',35,13,1,0,1,'2025-08-28'),(4505,'2023-12-10',36,13,1,0,1,'2023-12-14'),(4506,'2023-12-10',37,13,1,0,1,'2023-12-11'),(4507,'2023-12-10',38,13,1,0,1,'2024-03-26'),(4508,'2023-12-10',39,13,1,0,1,'2025-06-23'),(4509,'2023-12-10',40,13,1,0,1,'2024-01-19'),(4510,'2023-12-10',48,13,1,0,1,'2023-12-13'),(4511,'2023-12-10',42,13,1,0,1,'2024-06-27'),(4512,'2023-12-10',50,13,1,0,1,'2024-12-05'),(4513,'2023-12-10',43,13,1,0,1,'2024-06-28'),(4514,'2023-12-10',17,21,1,0,1,'2024-08-13'),(4515,'2023-12-10',24,38,1,0,2,'2024-06-12'),(4516,'2023-12-10',25,38,1,0,2,'2024-04-19'),(4517,'2023-12-10',24,38,1,0,3,'2025-04-07'),(4518,'2023-12-10',25,38,1,0,3,'2024-04-19'),(4519,'2023-12-10',51,7,1,1,1,'2024-03-07'),(4520,'2023-12-10',56,7,1,1,1,'2024-07-25'),(4521,'2023-12-10',57,7,1,1,1,'2024-02-23'),(4522,'2023-12-10',54,7,1,1,1,'2025-11-21'),(4523,'2023-12-10',54,7,1,0,1,'2024-01-02'),(4524,'2023-12-10',24,38,1,0,4,'2025-04-07'),(4525,'2023-12-10',25,38,1,0,4,'2025-01-22'),(4526,'2023-12-10',24,38,1,0,5,'2025-04-24'),(4527,'2023-12-10',25,38,1,0,5,'2025-02-18'),(4528,'2023-12-10',51,7,1,1,2,'2026-05-11'),(4529,'2023-12-10',56,7,1,1,2,'2025-01-23'),(4530,'2023-12-10',57,7,1,1,2,'2026-01-06'),(4531,'2023-12-10',80,19,1,1,1,'2023-12-13'),(4532,'2023-12-10',51,7,1,1,3,'2026-05-12'),(4533,'2023-12-10',56,7,1,1,3,'2026-02-05'),(4534,'2023-12-10',57,7,1,1,3,'2026-01-06'),(4535,'2023-12-11',80,19,1,0,1,'2024-08-16'),(4536,'2023-12-11',80,19,1,0,4,'2024-08-23'),(4537,'2023-12-11',80,19,1,0,3,'2024-08-23'),(4538,'2023-12-11',80,19,1,0,2,'2024-08-23'),(4539,'2023-12-11',24,38,1,0,1,'2024-06-03'),(4540,'2023-12-11',25,38,1,0,1,'2024-01-09'),(4541,'2023-12-12',80,19,1,0,1,'2024-05-03'),(4542,'2023-12-12',80,19,1,0,3,'2024-10-25'),(4543,'2023-12-12',24,38,1,0,1,'2024-04-15'),(4544,'2023-12-12',25,38,1,0,1,'2024-01-16'),(4545,'2023-12-12',80,19,1,0,4,'2024-12-06'),(4546,'2023-12-12',80,19,1,0,2,'2024-09-13'),(4547,'2023-12-13',80,19,1,0,4,'2024-12-06'),(4548,'2023-12-13',80,19,1,0,1,'2024-10-04'),(4549,'2023-12-13',80,19,1,0,3,'2024-11-22'),(4550,'2023-12-13',24,38,1,0,1,'2024-02-06'),(4551,'2023-12-13',25,38,1,0,1,'2024-01-09'),(4552,'2023-12-13',80,19,1,0,2,'2024-11-15'),(4553,'2023-12-14',24,38,1,0,1,'2024-03-25'),(4554,'2023-12-14',25,38,1,0,1,'2023-12-19'),(4555,'2023-12-14',80,19,1,0,1,'2024-11-22'),(4556,'2023-12-14',80,19,1,0,3,'2024-12-06'),(4557,'2023-12-14',80,19,1,0,4,'2024-12-13'),(4558,'2023-12-14',80,19,1,0,2,'2024-11-22'),(4559,'2023-12-15',24,38,1,0,1,'2024-04-01'),(4560,'2023-12-15',25,38,1,0,1,'2024-02-16'),(4561,'2023-12-15',80,19,1,0,1,'2024-10-25'),(4562,'2023-12-15',80,19,1,0,3,'2024-12-13'),(4563,'2023-12-15',80,19,1,0,4,'2024-12-13'),(4564,'2023-12-15',80,19,1,0,2,'2024-12-13'),(4565,'2023-12-16',80,19,1,0,2,'2024-07-26'),(4566,'2023-12-16',80,19,1,0,1,'2024-07-26'),(4567,'2023-12-16',80,19,1,0,3,'2024-12-13'),(4568,'2023-12-16',80,19,1,0,4,'2024-12-13'),(4569,'2023-12-16',24,38,1,0,1,'2024-01-29'),(4570,'2023-12-16',25,38,1,0,1,'2024-02-01'),(4571,'2023-12-17',80,19,1,0,1,'2024-08-16'),(4572,'2023-12-17',24,38,1,0,1,'2024-03-12'),(4573,'2023-12-17',25,38,1,0,1,'2024-02-29'),(4574,'2023-12-17',80,19,1,0,2,'2024-08-16'),(4575,'2023-12-17',80,19,1,0,3,'2024-12-13'),(4576,'2023-12-17',80,19,1,0,4,'2024-12-13'),(4577,'2023-12-18',80,19,1,0,3,'2024-12-13'),(4578,'2023-12-18',80,19,1,0,4,'2024-12-13'),(4579,'2023-12-18',80,19,1,0,1,'2024-12-13'),(4580,'2023-12-18',24,38,1,0,1,'2024-03-18'),(4581,'2023-12-18',25,38,1,0,1,'2024-02-29'),(4582,'2023-12-18',80,19,1,0,2,'2024-12-13'),(4583,'2023-12-19',80,19,1,0,1,'2024-04-05'),(4584,'2023-12-19',80,19,1,0,3,'2024-12-20'),(4585,'2023-12-19',24,38,1,0,1,'2024-01-23'),(4586,'2023-12-19',25,38,1,0,1,'2024-01-16'),(4587,'2023-12-19',80,19,1,0,2,'2024-04-05'),(4588,'2023-12-19',80,19,1,0,4,'2024-12-20'),(4589,'2023-12-20',80,19,1,0,3,'2024-12-20'),(4590,'2023-12-20',24,38,1,0,1,'2024-04-01'),(4591,'2023-12-20',25,38,1,0,1,'2024-02-02'),(4592,'2023-12-20',80,19,1,0,4,'2024-12-20'),(4593,'2023-12-20',80,19,1,0,2,'2024-12-13'),(4594,'2023-12-20',80,19,1,0,1,'2024-02-09'),(4595,'2023-12-21',80,19,1,0,4,'2024-12-06'),(4596,'2023-12-21',80,19,1,0,2,'2024-03-22'),(4597,'2023-12-21',80,19,1,0,1,'2024-03-22'),(4598,'2023-12-21',24,38,1,0,1,'2024-01-16'),(4599,'2023-12-21',25,38,1,0,1,'2024-01-26'),(4600,'2023-12-21',80,19,1,0,3,'2024-12-06'),(4601,'2023-12-22',80,19,1,0,2,'2024-07-19'),(4602,'2023-12-22',24,38,1,0,1,'2024-01-03'),(4603,'2023-12-22',25,38,1,0,1,'2024-01-16'),(4604,'2023-12-22',80,19,1,0,1,'2024-07-19'),(4605,'2023-12-22',80,19,1,0,3,'2024-07-19'),(4606,'2023-12-22',80,19,1,0,4,'2024-07-19'),(4607,'2023-12-23',80,19,1,0,2,'2024-08-23'),(4608,'2023-12-23',80,19,1,0,3,'2024-12-13'),(4609,'2023-12-23',24,38,1,0,1,'2024-05-01'),(4610,'2023-12-23',80,19,1,0,1,'2024-05-24'),(4611,'2023-12-23',80,19,1,0,4,'2024-12-20'),(4612,'2023-12-23',25,38,1,0,1,'2024-03-06'),(4613,'2023-12-24',24,38,1,0,1,'2024-02-12'),(4614,'2023-12-24',25,38,1,0,1,'2024-04-05'),(4615,'2023-12-24',80,19,1,0,1,'2024-11-01'),(4616,'2023-12-24',80,19,1,0,2,'2024-12-20'),(4617,'2023-12-25',24,38,1,0,1,'2024-01-10'),(4618,'2023-12-25',25,38,1,0,1,'2024-05-02'),(4619,'2023-12-25',80,19,1,0,1,'2024-11-22'),(4620,'2023-12-25',80,19,1,0,2,'2024-12-20'),(4621,'2023-12-26',80,19,1,0,2,'2024-12-20'),(4622,'2023-12-26',24,38,1,0,1,'2024-01-02'),(4623,'2023-12-26',25,38,1,0,1,'2024-02-07'),(4624,'2023-12-26',80,19,1,0,1,'2024-01-26'),(4625,'2023-12-26',24,38,1,0,2,'2024-09-03'),(4626,'2023-12-26',25,38,1,0,2,'2024-08-20'),(4627,'2023-12-27',24,38,1,0,1,'2024-01-02'),(4628,'2023-12-27',25,38,1,0,1,'2024-01-03'),(4629,'2023-12-27',80,19,1,0,1,'2024-11-01'),(4630,'2023-12-27',80,19,1,0,2,'2024-12-20'),(4631,'2023-12-27',24,38,1,0,2,'2024-11-12'),(4632,'2023-12-27',25,38,1,0,2,'2024-02-07'),(4633,'2023-12-28',80,19,1,0,1,'2024-12-13'),(4634,'2023-12-28',80,19,1,0,2,'2024-12-20'),(4635,'2023-12-28',24,38,1,0,2,'2024-09-09'),(4636,'2023-12-28',25,38,1,0,2,'2024-03-29'),(4637,'2023-12-28',24,38,1,0,1,'2024-01-09'),(4638,'2023-12-28',25,38,1,0,1,'2024-02-01'),(4639,'2023-12-28',80,19,1,1,1,'2024-01-17'),(4640,'2023-12-29',80,19,1,0,2,'2024-12-13'),(4641,'2023-12-29',80,19,1,0,1,'2024-04-19'),(4642,'2023-12-29',24,38,1,0,2,'2024-07-16'),(4643,'2023-12-29',25,38,1,0,2,'2024-10-23'),(4644,'2023-12-29',24,38,1,0,1,'2024-03-26'),(4645,'2023-12-29',25,38,1,0,1,'2024-03-06'),(4646,'2023-12-30',24,38,1,0,1,'2024-05-01'),(4647,'2023-12-30',25,38,1,0,1,'2024-01-05'),(4648,'2023-12-30',80,19,1,0,1,'2024-12-20'),(4649,'2023-12-30',24,38,1,0,2,'2024-08-26'),(4650,'2023-12-30',25,38,1,0,2,'2024-11-07'),(4651,'2023-12-30',80,19,1,0,2,'2024-12-20'),(4652,'2023-12-31',24,38,1,0,1,'2024-10-08'),(4653,'2023-12-31',25,38,1,0,1,'2024-06-10'),(4654,'2023-12-31',80,19,1,0,1,'2024-12-20'),(4655,'2023-12-31',80,19,1,0,2,'2024-12-20'),(4656,'2023-12-31',24,38,1,0,2,'2025-02-10'),(4658,'2023-12-31',25,38,1,0,2,'2025-01-22');

--
-- Table structure for table `failed_jobs`
--

CREATE TABLE `failed_jobs` (
  `id` bigint(20) unsigned NOT NULL AUTO_INCREMENT,
  `uuid` varchar(191) NOT NULL,
  `connection` text NOT NULL,
  `queue` text NOT NULL,
  `payload` longtext NOT NULL,
  `exception` longtext NOT NULL,
  `failed_at` timestamp NOT NULL DEFAULT current_timestamp(),
  PRIMARY KEY (`id`),
  UNIQUE KEY `failed_jobs_uuid_unique` (`uuid`)
) ENGINE=InnoDB DEFAULT CHARSET=utf8mb4 COLLATE=utf8mb4_unicode_ci;

--
-- Dumping data for table `failed_jobs`
--


--
-- Table structure for table `history`
--

CREATE TABLE `history` (
  `id` bigint(20) unsigned NOT NULL AUTO_INCREMENT,
  `client_id` bigint(20) unsigned DEFAULT NULL,
  `source` enum('admin','bot','xlsx','parser') NOT NULL DEFAULT 'admin',
  `status` enum('new','processing','completed','failed','paused') NOT NULL DEFAULT 'new',
  `details` text DEFAULT NULL,
  `comments` text DEFAULT NULL,
  `created_at` timestamp NULL DEFAULT NULL,
  `updated_at` timestamp NULL DEFAULT NULL,
  PRIMARY KEY (`id`),
  KEY `history_client_id_foreign` (`client_id`),
  CONSTRAINT `history_client_id_foreign` FOREIGN KEY (`client_id`) REFERENCES `clients` (`id`) ON DELETE CASCADE
) ENGINE=InnoDB AUTO_INCREMENT=45 DEFAULT CHARSET=utf8mb4 COLLATE=utf8mb4_unicode_ci;

--
-- Dumping data for table `history`
--

INSERT INTO `history` VALUES (9,3,'admin','new','{\"time_created\":1683571763,\"account_id\":2,\"country_id\":27,\"visa_type_id\":1,\"ais_ivr_id\":98503085,\"comments\":null,\"status\":\"new\",\"days_from_today\":0,\"is_priority\":false,\"is_hidden\":false,\"is_resident\":false,\"updated_at\":\"2023-05-08T18:49:23.000000Z\",\"created_at\":\"2023-05-08T18:49:23.000000Z\",\"id\":3,\"dates\":[{\"id\":12,\"client_id\":3,\"date_from\":\"2023-05-07T21:00:00.000000Z\",\"date_to\":\"2023-05-16T21:00:00.000000Z\"}],\"cities\":[{\"client_id\":3,\"city_id\":4}]}',NULL,'2023-05-08 18:49:23','2023-05-08 18:49:23'),(10,3,'admin','new','{\"id\":3,\"agent_id\":3,\"account_id\":2,\"country_id\":27,\"ais_ivr_id\":98503085,\"visa_type_id\":1,\"ais_client_id\":48967265,\"status\":\"new\",\"is_priority\":false,\"is_hidden\":false,\"is_resident\":false,\"group_size\":1,\"ais_status\":\"Schedule Appointment\",\"ais_name\":\"Svetlana Vladyshevskaya\",\"comments\":null,\"ais_office_id\":null,\"reservation_date\":null,\"appointment_pdf\":null,\"appointment_img\":null,\"last_parsing\":1683571763,\"last_log\":\"2023-05-08 21:49:23: ===========================================START===========================================\\nClient id: 3\\nUsing proxy: 23.229.12.250:9779\\nUsing browser: Mozilla\\/5.0 (X11; Linux x86_64) AppleWebKit\\/537.36 (KHTML, like Gecko) Chrome\\/72.0.3626.121 Safari\\/537.36\\n2023-05-08 21:49:24: Login form request - 1.9817070960999 seconds.\\n2023-05-08 21:49:30: Login form loaded - 7.1268510818481 seconds.\\n2023-05-08 21:49:32: Login \'svetlana.vladyshevskaya@yandex.ru\' submit - 9.4719619750977 seconds.\\n2023-05-08 21:49:34: Account page received - 11.434447050095 seconds.\\n2023-05-08 21:49:34: Visa type ID: 1 - 11.434519052505 seconds.\\n2023-05-08 21:49:34: Account name \'Svetlana Vladyshevskaya\' received - 11.461136102676 seconds.\\n2023-05-08 21:49:34: IVR \'98503085\' found, client ID: \'48967265\' - 11.48894405365 seconds.\\n2023-05-08 21:49:34: Client status: \'Schedule Appointment\' - 11.575047969818 seconds.\\n2023-05-08 21:49:34: Group size - 1 - 11.661972999573 seconds.\\n2023-05-08 21:49:34: Requesting available dates for Florence - 11.706953048706 seconds.\\n2023-05-08 21:49:35: Office ID (8): {\\\"1\\\":null} - 12.242774963379 seconds.\\n2023-05-08 21:49:35: No available date\\/time found. - 12.242866039276 seconds.\\n\",\"time_created\":1683571763,\"time_reservation\":null,\"time_till_reservation\":null,\"days_from_today\":0,\"queue_order\":0,\"err_login\":0,\"is_delay\":false,\"created_at\":\"2023-05-08T18:49:23.000000Z\",\"updated_at\":\"2023-05-08T18:58:19.000000Z\",\"dates\":[{\"id\":13,\"client_id\":3,\"date_from\":\"2023-05-07T21:00:00.000000Z\",\"date_to\":\"2023-05-16T21:00:00.000000Z\"}],\"cities\":[{\"client_id\":3,\"city_id\":4}]}',NULL,'2023-05-08 18:58:19','2023-05-08 18:58:19'),(11,3,'admin','new','{\"id\":3,\"agent_id\":3,\"account_id\":2,\"country_id\":27,\"ais_ivr_id\":98503085,\"visa_type_id\":1,\"ais_client_id\":48967265,\"status\":\"new\",\"is_priority\":false,\"is_hidden\":false,\"is_resident\":false,\"group_size\":1,\"ais_status\":\"Schedule Appointment\",\"ais_name\":\"Svetlana Vladyshevskaya\",\"comments\":null,\"ais_office_id\":null,\"reservation_date\":null,\"appointment_pdf\":null,\"appointment_img\":null,\"last_parsing\":1683620372,\"last_log\":\"2023-05-09 11:19:32: ===========================================START===========================================\\nClient id: 3\\nUsing proxy: 45.114.15.170:6151\\nUsing browser: Mozilla\\/5.0 (Windows NT 10.0; Win64; x64) AppleWebKit\\/537.36 (KHTML, like Gecko) Chrome\\/72.0.3626.121 Safari\\/537.36\\n2023-05-09 11:19:35: Login form request - 3.9902439117432 seconds.\\n2023-05-09 11:19:47: Login form loaded - 15.378247976303 seconds.\\n2023-05-09 11:19:49: Login \'svetlana.vladyshevskaya@yandex.ru\' submit - 17.682846069336 seconds.\\n2023-05-09 11:19:52: Account page received - 20.276596069336 seconds.\\n2023-05-09 11:19:52: Visa type ID: 1 - 20.276667118073 seconds.\\n2023-05-09 11:19:52: Account name \'Svetlana Vladyshevskaya\' received - 20.473098039627 seconds.\\n2023-05-09 11:19:52: IVR \'98503085\' found, client ID: \'48967265\' - 20.550473928452 seconds.\\n2023-05-09 11:19:52: Client status: \'Schedule Appointment\' - 20.701881885529 seconds.\\n2023-05-09 11:19:52: Group size - 1 - 20.789211988449 seconds.\\n2023-05-09 11:19:52: Requesting available dates for Florence - 20.791848897934 seconds.\\n2023-05-09 11:19:54: Office ID (8): {\\\"1\\\":null} - 22.257481098175 seconds.\\n2023-05-09 11:19:54: No available date\\/time found. - 22.263494968414 seconds.\\n\",\"time_created\":1683571763,\"time_reservation\":null,\"time_till_reservation\":null,\"days_from_today\":0,\"queue_order\":0,\"err_login\":0,\"is_delay\":false,\"created_at\":\"2023-05-08T18:49:23.000000Z\",\"updated_at\":\"2023-05-09T08:19:54.000000Z\",\"dates\":[{\"id\":14,\"client_id\":3,\"date_from\":\"2023-05-07T21:00:00.000000Z\",\"date_to\":\"2023-05-16T21:00:00.000000Z\"}],\"cities\":[{\"client_id\":3,\"city_id\":4},{\"client_id\":3,\"city_id\":5},{\"client_id\":3,\"city_id\":6},{\"client_id\":3,\"city_id\":7}]}',NULL,'2023-05-09 08:23:04','2023-05-09 08:23:04'),(12,3,'admin','new','{\"id\":3,\"agent_id\":3,\"account_id\":2,\"country_id\":27,\"ais_ivr_id\":98503085,\"visa_type_id\":1,\"ais_client_id\":48967265,\"status\":\"new\",\"is_priority\":false,\"is_hidden\":false,\"is_resident\":false,\"group_size\":1,\"ais_status\":\"Schedule Appointment\",\"ais_name\":\"Svetlana Vladyshevskaya\",\"comments\":null,\"ais_office_id\":null,\"reservation_date\":null,\"appointment_pdf\":null,\"appointment_img\":null,\"last_parsing\":1683620372,\"last_log\":\"2023-05-09 11:19:32: ===========================================START===========================================\\nClient id: 3\\nUsing proxy: 45.114.15.170:6151\\nUsing browser: Mozilla\\/5.0 (Windows NT 10.0; Win64; x64) AppleWebKit\\/537.36 (KHTML, like Gecko) Chrome\\/72.0.3626.121 Safari\\/537.36\\n2023-05-09 11:19:35: Login form request - 3.9902439117432 seconds.\\n2023-05-09 11:19:47: Login form loaded - 15.378247976303 seconds.\\n2023-05-09 11:19:49: Login \'svetlana.vladyshevskaya@yandex.ru\' submit - 17.682846069336 seconds.\\n2023-05-09 11:19:52: Account page received - 20.276596069336 seconds.\\n2023-05-09 11:19:52: Visa type ID: 1 - 20.276667118073 seconds.\\n2023-05-09 11:19:52: Account name \'Svetlana Vladyshevskaya\' received - 20.473098039627 seconds.\\n2023-05-09 11:19:52: IVR \'98503085\' found, client ID: \'48967265\' - 20.550473928452 seconds.\\n2023-05-09 11:19:52: Client status: \'Schedule Appointment\' - 20.701881885529 seconds.\\n2023-05-09 11:19:52: Group size - 1 - 20.789211988449 seconds.\\n2023-05-09 11:19:52: Requesting available dates for Florence - 20.791848897934 seconds.\\n2023-05-09 11:19:54: Office ID (8): {\\\"1\\\":null} - 22.257481098175 seconds.\\n2023-05-09 11:19:54: No available date\\/time found. - 22.263494968414 seconds.\\n\",\"time_created\":1683571763,\"time_reservation\":null,\"time_till_reservation\":null,\"days_from_today\":1,\"queue_order\":0,\"err_login\":0,\"is_delay\":false,\"created_at\":\"2023-05-08T18:49:23.000000Z\",\"updated_at\":\"2023-05-09T08:24:37.000000Z\",\"dates\":[{\"id\":15,\"client_id\":3,\"date_from\":\"2023-05-07T21:00:00.000000Z\",\"date_to\":\"2023-05-16T21:00:00.000000Z\"}],\"cities\":[{\"client_id\":3,\"city_id\":4},{\"client_id\":3,\"city_id\":5},{\"client_id\":3,\"city_id\":6},{\"client_id\":3,\"city_id\":7}]}',NULL,'2023-05-09 08:24:37','2023-05-09 08:24:37'),(13,4,'admin','new','{\"time_created\":1683649045,\"agent_id\":3,\"account_id\":3,\"country_id\":35,\"visa_type_id\":1,\"ais_ivr_id\":49519147,\"comments\":null,\"status\":\"new\",\"days_from_today\":7,\"is_priority\":false,\"is_hidden\":false,\"is_resident\":false,\"updated_at\":\"2023-05-09T16:17:25.000000Z\",\"created_at\":\"2023-05-09T16:17:25.000000Z\",\"id\":4,\"dates\":[{\"id\":16,\"client_id\":4,\"date_from\":\"2023-07-19T21:00:00.000000Z\",\"date_to\":\"2023-10-29T21:00:00.000000Z\"}],\"cities\":[{\"client_id\":4,\"city_id\":83}]}',NULL,'2023-05-09 16:17:25','2023-05-09 16:17:25'),(14,4,'admin','paused','{\"id\":4,\"agent_id\":3,\"account_id\":3,\"country_id\":35,\"ais_ivr_id\":49519147,\"visa_type_id\":1,\"ais_client_id\":null,\"status\":\"paused\",\"is_priority\":false,\"is_hidden\":false,\"is_resident\":false,\"group_size\":null,\"ais_status\":null,\"ais_name\":null,\"comments\":null,\"ais_office_id\":null,\"reservation_date\":null,\"appointment_pdf\":null,\"appointment_img\":null,\"last_parsing\":null,\"last_log\":null,\"time_created\":1683649045,\"time_reservation\":null,\"time_till_reservation\":null,\"days_from_today\":7,\"queue_order\":0,\"err_login\":0,\"is_delay\":false,\"created_at\":\"2023-05-09T16:17:25.000000Z\",\"updated_at\":\"2023-05-09T16:25:46.000000Z\",\"dates\":[{\"id\":17,\"client_id\":4,\"date_from\":\"2023-07-19T21:00:00.000000Z\",\"date_to\":\"2023-10-29T21:00:00.000000Z\"}],\"cities\":[{\"client_id\":4,\"city_id\":83}]}',NULL,'2023-05-09 16:25:46','2023-05-09 16:25:46'),(15,3,'parser','completed','{\"id\":3,\"agent_id\":3,\"account_id\":2,\"country_id\":27,\"ais_ivr_id\":98503085,\"visa_type_id\":1,\"ais_client_id\":48967265,\"status\":\"completed\",\"is_priority\":false,\"is_hidden\":false,\"is_resident\":false,\"group_size\":1,\"ais_status\":\"Schedule Appointment\",\"ais_name\":\"Svetlana Vladyshevskaya\",\"comments\":null,\"ais_office_id\":11,\"reservation_date\":\"2023-05-17T05:30:00.000000Z\",\"appointment_pdf\":null,\"appointment_img\":null,\"last_parsing\":1683724526,\"last_log\":\"Start queue: [{\\\"client_id\\\":3,\\\"order\\\":1,\\\"hash\\\":\\\"b5bf6b8277b35353db19911aae3e7efc\\\"}]\\nReal, has available date: 2023-05-17\\n2023-05-10 16:15:27: ===========================================START===========================================\\nClient id: 3\\nUsing proxy: 45.136.228.118:6173\\nUsing browser: Mozilla\\/5.0 (Macintosh; Intel Mac OS X 10_15_7) AppleWebKit\\/537.36 (KHTML, like Gecko) Chrome\\/105.0.0.0 Safari\\/537.36\\n2023-05-10 16:15:27: Login form request - 0.76705694198608 seconds.\\n2023-05-10 16:15:33: Login form loaded - 6.2957689762115 seconds.\\n2023-05-10 16:15:35: Login \'svetlana.vladyshevskaya@yandex.ru\' submit - 8.2948040962219 seconds.\\n2023-05-10 16:15:37: Account page received - 10.777779102325 seconds.\\n2023-05-10 16:15:37: Visa type ID: 1 - 10.777818918228 seconds.\\n2023-05-10 16:15:37: Account name \'Svetlana Vladyshevskaya\' received - 10.804157972336 seconds.\\n2023-05-10 16:15:37: IVR \'98503085\' found, client ID: \'48967265\' - 10.874341964722 seconds.\\n2023-05-10 16:15:38: Client status: \'Schedule Appointment\' - 11.111227035522 seconds.\\n2023-05-10 16:15:38: Group size - 1 - 11.237505912781 seconds.\\n2023-05-10 16:15:38: Requesting available dates for Florence - 11.24288392067 seconds.\\n2023-05-10 16:15:39: Office ID (8): {\\\"1\\\":null} - 12.603461027145 seconds.\\n2023-05-10 16:15:39: Requesting available dates for Milan - 12.603586912155 seconds.\\n2023-05-10 16:15:40: Office ID (9): {\\\"1\\\":null} - 13.917695045471 seconds.\\n2023-05-10 16:15:40: Requesting available dates for Naples - 13.917841911316 seconds.\\n2023-05-10 16:15:42: Office ID (10): {\\\"1\\\":null} - 15.257932901382 seconds.\\n2023-05-10 16:15:42: Requesting available dates for Rome - 15.258052110672 seconds.\\n2023-05-10 16:15:43: Office ID (11): {\\\"1\\\":[\\\"2023-05-17\\\"]} - 16.642277002335 seconds.\\n2023-05-10 16:15:43: Time check started - 16.642366886139 seconds.\\n2023-05-10 16:15:43: Requesting available times for 2023-05-17 - 16.644481897354 seconds.\\n2023-05-10 16:15:45: Available times response {\\\"available_times\\\":[\\\"08:30\\\"],\\\"business_times\\\":[\\\"08:30\\\"]} - 18.001873970032 seconds.\\n2023-05-10 16:15:45: Checking that other client is not booking at 08:30 - 18.002294063568 seconds.\\n2023-05-10 16:15:45: Available date\\/time found: 2023-05-17 08:30 - 18.003509044647 seconds.\\n2023-05-10 16:15:46: Appointment form submit start - 19.618912935257 seconds.\\n2023-05-10 16:15:51: Reservation completed - 24.640682935715 seconds.\\n\\nNew dates NOT found.\\n\\n2023-05-10 16:15:52 - data saved.\",\"time_created\":1683571763,\"time_reservation\":1683724551,\"time_till_reservation\":152788,\"days_from_today\":1,\"queue_order\":0,\"err_login\":0,\"is_delay\":false,\"created_at\":\"2023-05-08T18:49:23.000000Z\",\"updated_at\":\"2023-05-10T13:15:51.000000Z\",\"clients_to_cities\":[{\"client_id\":3,\"city_id\":4},{\"client_id\":3,\"city_id\":5},{\"client_id\":3,\"city_id\":6},{\"client_id\":3,\"city_id\":7}],\"visa_type\":{\"id\":1,\"code\":\"2\",\"db_code\":\"b1b2\",\"short_name\":\"B1\\/B2\",\"name\":\"B1\\/B2 Business & Tourism (Temporary visitor)\"},\"country\":{\"id\":27,\"region\":\"Europe\",\"code\":\"it\",\"name\":\"Italy\",\"name_ru\":\"\\u0418\\u0442\\u0430\\u043b\\u0438\\u044f\",\"flag\":\"\\ud83c\\uddee\\ud83c\\uddf9\",\"is_notify\":true,\"is_parsing_fd\":true,\"count_fake\":393,\"comments\":\"\\u0420\\u0438\\u043c - RomeVisa@state.gov\\r\\n\\u041c\\u0438\\u043b\\u0430\\u043d - usvisamilan@state.gov\\r\\n\\u041d\\u0435\\u0430\\u043f\\u043e\\u043b\\u044c - NIVNaples@state.gov - \\u0434\\u0435\\u0442\\u0438 \\u043d\\u0443\\u0436\\u043d\\u044b\\r\\n\\u0424\\u043b\\u043e\\u0440\\u0435\\u043d\\u0446\\u0438\\u044f - VisaFlorence@state.gov\\r\\n\\u041f\\u0435\\u0440\\u0435\\u0432\\u043e\\u0434\\u0447\\u0438\\u043a \\u043f\\u043e \\u0437\\u0430\\u043f\\u0440\\u043e\\u0441\\u0443\"},\"account\":{\"id\":2,\"email\":\"svetlana.vladyshevskaya@yandex.ru\",\"name\":\"Svetlana Vladyshevskaya\",\"last_parsing\":1683724526,\"created_at\":\"2023-05-08T18:47:45.000000Z\",\"updated_at\":\"2023-05-10T13:15:26.000000Z\"},\"dates\":[{\"id\":15,\"client_id\":3,\"date_from\":\"2023-05-07T21:00:00.000000Z\",\"date_to\":\"2023-05-16T21:00:00.000000Z\"}],\"agent\":{\"id\":3,\"user_id\":3,\"name\":\"EasyVisaINC\",\"website\":\"https:\\/\\/easyvisainc.ru\",\"comments\":\"\\u0420\\u0443\\u043a\\u043e\\u0432\\u043e\\u0434\\u0438\\u0442\\u0435\\u043b\\u044c \\u043f\\u043e \\u043a\\u043b\\u0438\\u0435\\u043d\\u0442\\u0430\\u043c \\u043d\\u0430\\u043f\\u0438\\u0448\\u0435\\u0442 \\u0432 WhatsUp\",\"price_per_client\":5000,\"created_at\":\"2023-05-06T10:35:07.000000Z\",\"updated_at\":\"2023-05-06T10:37:29.000000Z\",\"user\":{\"id\":3,\"name\":\"Kirill\",\"email\":\"admin0@bot.com\",\"email_verified_at\":null,\"is_approved\":1,\"is_super\":1,\"created_at\":null,\"updated_at\":null}},\"cities\":[{\"client_id\":3,\"city_id\":4},{\"client_id\":3,\"city_id\":5},{\"client_id\":3,\"city_id\":6},{\"client_id\":3,\"city_id\":7}]}',NULL,'2023-05-10 13:15:52','2023-05-10 13:15:52'),(16,5,'admin','new','{\"time_created\":1683725869,\"agent_id\":6,\"account_id\":4,\"country_id\":37,\"visa_type_id\":1,\"ais_ivr_id\":30485750,\"comments\":null,\"status\":\"new\",\"days_from_today\":5,\"is_priority\":false,\"is_hidden\":false,\"is_resident\":false,\"updated_at\":\"2023-05-10T13:37:49.000000Z\",\"created_at\":\"2023-05-10T13:37:49.000000Z\",\"id\":5,\"dates\":[{\"id\":18,\"client_id\":5,\"date_from\":\"2023-06-18T21:00:00.000000Z\",\"date_to\":\"2023-07-30T21:00:00.000000Z\"}],\"cities\":[{\"client_id\":5,\"city_id\":58}]}',NULL,'2023-05-10 13:37:50','2023-05-10 13:37:50'),(17,3,'admin','completed','{\"id\":3,\"agent_id\":3,\"account_id\":2,\"country_id\":27,\"ais_ivr_id\":98503085,\"visa_type_id\":1,\"ais_client_id\":48967265,\"status\":\"completed\",\"is_priority\":false,\"is_hidden\":false,\"is_resident\":false,\"is_paid\":true,\"group_size\":1,\"ais_status\":\"Schedule Appointment\",\"ais_name\":\"Svetlana Vladyshevskaya\",\"comments\":null,\"ais_office_id\":11,\"reservation_date\":\"2023-05-17T05:30:00.000000Z\",\"appointment_pdf\":null,\"appointment_img\":null,\"last_parsing\":1683724526,\"last_log\":\"2023-05-10 16:15:27: ===========================================START===========================================\\nClient id: 3\\nUsing proxy: 45.136.228.118:6173\\nUsing browser: Mozilla\\/5.0 (Macintosh; Intel Mac OS X 10_15_7) AppleWebKit\\/537.36 (KHTML, like Gecko) Chrome\\/105.0.0.0 Safari\\/537.36\\n2023-05-10 16:15:27: Login form request - 0.76705694198608 seconds.\\n2023-05-10 16:15:33: Login form loaded - 6.2957689762115 seconds.\\n2023-05-10 16:15:35: Login \'svetlana.vladyshevskaya@yandex.ru\' submit - 8.2948040962219 seconds.\\n2023-05-10 16:15:37: Account page received - 10.777779102325 seconds.\\n2023-05-10 16:15:37: Visa type ID: 1 - 10.777818918228 seconds.\\n2023-05-10 16:15:37: Account name \'Svetlana Vladyshevskaya\' received - 10.804157972336 seconds.\\n2023-05-10 16:15:37: IVR \'98503085\' found, client ID: \'48967265\' - 10.874341964722 seconds.\\n2023-05-10 16:15:38: Client status: \'Schedule Appointment\' - 11.111227035522 seconds.\\n2023-05-10 16:15:38: Group size - 1 - 11.237505912781 seconds.\\n2023-05-10 16:15:38: Requesting available dates for Florence - 11.24288392067 seconds.\\n2023-05-10 16:15:39: Office ID (8): {\\\"1\\\":null} - 12.603461027145 seconds.\\n2023-05-10 16:15:39: Requesting available dates for Milan - 12.603586912155 seconds.\\n2023-05-10 16:15:40: Office ID (9): {\\\"1\\\":null} - 13.917695045471 seconds.\\n2023-05-10 16:15:40: Requesting available dates for Naples - 13.917841911316 seconds.\\n2023-05-10 16:15:42: Office ID (10): {\\\"1\\\":null} - 15.257932901382 seconds.\\n2023-05-10 16:15:42: Requesting available dates for Rome - 15.258052110672 seconds.\\n2023-05-10 16:15:43: Office ID (11): {\\\"1\\\":[\\\"2023-05-17\\\"]} - 16.642277002335 seconds.\\n2023-05-10 16:15:43: Time check started - 16.642366886139 seconds.\\n2023-05-10 16:15:43: Requesting available times for 2023-05-17 - 16.644481897354 seconds.\\n2023-05-10 16:15:45: Available times response {\\\"available_times\\\":[\\\"08:30\\\"],\\\"business_times\\\":[\\\"08:30\\\"]} - 18.001873970032 seconds.\\n2023-05-10 16:15:45: Checking that other client is not booking at 08:30 - 18.002294063568 seconds.\\n2023-05-10 16:15:45: Available date\\/time found: 2023-05-17 08:30 - 18.003509044647 seconds.\\n2023-05-10 16:15:46: Appointment form submit start - 19.618912935257 seconds.\\n2023-05-10 16:15:51: Reservation completed - 24.640682935715 seconds.\\n\",\"time_created\":1683571763,\"time_reservation\":1683724551,\"time_till_reservation\":152788,\"days_from_today\":1,\"queue_order\":0,\"err_login\":0,\"is_delay\":false,\"created_at\":\"2023-05-08T18:49:23.000000Z\",\"updated_at\":\"2023-05-11T06:58:19.000000Z\",\"dates\":[{\"id\":19,\"client_id\":3,\"date_from\":\"2023-05-07T21:00:00.000000Z\",\"date_to\":\"2023-05-16T21:00:00.000000Z\"}],\"cities\":[{\"client_id\":3,\"city_id\":4},{\"client_id\":3,\"city_id\":5},{\"client_id\":3,\"city_id\":6},{\"client_id\":3,\"city_id\":7}]}',NULL,'2023-05-11 06:58:20','2023-05-11 06:58:20'),(18,3,'admin','completed','{\"id\":3,\"agent_id\":3,\"account_id\":2,\"country_id\":27,\"ais_ivr_id\":98503085,\"visa_type_id\":1,\"ais_client_id\":48967265,\"status\":\"completed\",\"is_priority\":false,\"is_hidden\":false,\"is_resident\":false,\"is_paid\":false,\"group_size\":1,\"ais_status\":\"Schedule Appointment\",\"ais_name\":\"Svetlana Vladyshevskaya\",\"comments\":null,\"ais_office_id\":11,\"reservation_date\":\"2023-05-17T05:30:00.000000Z\",\"appointment_pdf\":null,\"appointment_img\":null,\"last_parsing\":1683724526,\"last_log\":\"2023-05-10 16:15:27: ===========================================START===========================================\\nClient id: 3\\nUsing proxy: 45.136.228.118:6173\\nUsing browser: Mozilla\\/5.0 (Macintosh; Intel Mac OS X 10_15_7) AppleWebKit\\/537.36 (KHTML, like Gecko) Chrome\\/105.0.0.0 Safari\\/537.36\\n2023-05-10 16:15:27: Login form request - 0.76705694198608 seconds.\\n2023-05-10 16:15:33: Login form loaded - 6.2957689762115 seconds.\\n2023-05-10 16:15:35: Login \'svetlana.vladyshevskaya@yandex.ru\' submit - 8.2948040962219 seconds.\\n2023-05-10 16:15:37: Account page received - 10.777779102325 seconds.\\n2023-05-10 16:15:37: Visa type ID: 1 - 10.777818918228 seconds.\\n2023-05-10 16:15:37: Account name \'Svetlana Vladyshevskaya\' received - 10.804157972336 seconds.\\n2023-05-10 16:15:37: IVR \'98503085\' found, client ID: \'48967265\' - 10.874341964722 seconds.\\n2023-05-10 16:15:38: Client status: \'Schedule Appointment\' - 11.111227035522 seconds.\\n2023-05-10 16:15:38: Group size - 1 - 11.237505912781 seconds.\\n2023-05-10 16:15:38: Requesting available dates for Florence - 11.24288392067 seconds.\\n2023-05-10 16:15:39: Office ID (8): {\\\"1\\\":null} - 12.603461027145 seconds.\\n2023-05-10 16:15:39: Requesting available dates for Milan - 12.603586912155 seconds.\\n2023-05-10 16:15:40: Office ID (9): {\\\"1\\\":null} - 13.917695045471 seconds.\\n2023-05-10 16:15:40: Requesting available dates for Naples - 13.917841911316 seconds.\\n2023-05-10 16:15:42: Office ID (10): {\\\"1\\\":null} - 15.257932901382 seconds.\\n2023-05-10 16:15:42: Requesting available dates for Rome - 15.258052110672 seconds.\\n2023-05-10 16:15:43: Office ID (11): {\\\"1\\\":[\\\"2023-05-17\\\"]} - 16.642277002335 seconds.\\n2023-05-10 16:15:43: Time check started - 16.642366886139 seconds.\\n2023-05-10 16:15:43: Requesting available times for 2023-05-17 - 16.644481897354 seconds.\\n2023-05-10 16:15:45: Available times response {\\\"available_times\\\":[\\\"08:30\\\"],\\\"business_times\\\":[\\\"08:30\\\"]} - 18.001873970032 seconds.\\n2023-05-10 16:15:45: Checking that other client is not booking at 08:30 - 18.002294063568 seconds.\\n2023-05-10 16:15:45: Available date\\/time found: 2023-05-17 08:30 - 18.003509044647 seconds.\\n2023-05-10 16:15:46: Appointment form submit start - 19.618912935257 seconds.\\n2023-05-10 16:15:51: Reservation completed - 24.640682935715 seconds.\\n\",\"time_created\":1683571763,\"time_reservation\":1683724551,\"time_till_reservation\":152788,\"days_from_today\":1,\"queue_order\":0,\"err_login\":0,\"is_delay\":false,\"created_at\":\"2023-05-08T18:49:23.000000Z\",\"updated_at\":\"2023-05-11T07:05:15.000000Z\",\"dates\":[{\"id\":20,\"client_id\":3,\"date_from\":\"2023-05-07T21:00:00.000000Z\",\"date_to\":\"2023-05-16T21:00:00.000000Z\"}],\"cities\":[{\"client_id\":3,\"city_id\":4},{\"client_id\":3,\"city_id\":5},{\"client_id\":3,\"city_id\":6},{\"client_id\":3,\"city_id\":7}]}',NULL,'2023-05-11 07:05:16','2023-05-11 07:05:16'),(19,3,'admin','completed','{\"id\":3,\"agent_id\":3,\"account_id\":2,\"country_id\":27,\"ais_ivr_id\":98503085,\"visa_type_id\":1,\"ais_client_id\":48967265,\"status\":\"completed\",\"is_priority\":false,\"is_hidden\":false,\"is_resident\":false,\"is_paid\":true,\"group_size\":1,\"ais_status\":\"Schedule Appointment\",\"ais_name\":\"Svetlana Vladyshevskaya\",\"comments\":null,\"ais_office_id\":11,\"reservation_date\":\"2023-05-17T05:30:00.000000Z\",\"appointment_pdf\":null,\"appointment_img\":null,\"last_parsing\":1683724526,\"last_log\":\"2023-05-10 16:15:27: ===========================================START===========================================\\nClient id: 3\\nUsing proxy: 45.136.228.118:6173\\nUsing browser: Mozilla\\/5.0 (Macintosh; Intel Mac OS X 10_15_7) AppleWebKit\\/537.36 (KHTML, like Gecko) Chrome\\/105.0.0.0 Safari\\/537.36\\n2023-05-10 16:15:27: Login form request - 0.76705694198608 seconds.\\n2023-05-10 16:15:33: Login form loaded - 6.2957689762115 seconds.\\n2023-05-10 16:15:35: Login \'svetlana.vladyshevskaya@yandex.ru\' submit - 8.2948040962219 seconds.\\n2023-05-10 16:15:37: Account page received - 10.777779102325 seconds.\\n2023-05-10 16:15:37: Visa type ID: 1 - 10.777818918228 seconds.\\n2023-05-10 16:15:37: Account name \'Svetlana Vladyshevskaya\' received - 10.804157972336 seconds.\\n2023-05-10 16:15:37: IVR \'98503085\' found, client ID: \'48967265\' - 10.874341964722 seconds.\\n2023-05-10 16:15:38: Client status: \'Schedule Appointment\' - 11.111227035522 seconds.\\n2023-05-10 16:15:38: Group size - 1 - 11.237505912781 seconds.\\n2023-05-10 16:15:38: Requesting available dates for Florence - 11.24288392067 seconds.\\n2023-05-10 16:15:39: Office ID (8): {\\\"1\\\":null} - 12.603461027145 seconds.\\n2023-05-10 16:15:39: Requesting available dates for Milan - 12.603586912155 seconds.\\n2023-05-10 16:15:40: Office ID (9): {\\\"1\\\":null} - 13.917695045471 seconds.\\n2023-05-10 16:15:40: Requesting available dates for Naples - 13.917841911316 seconds.\\n2023-05-10 16:15:42: Office ID (10): {\\\"1\\\":null} - 15.257932901382 seconds.\\n2023-05-10 16:15:42: Requesting available dates for Rome - 15.258052110672 seconds.\\n2023-05-10 16:15:43: Office ID (11): {\\\"1\\\":[\\\"2023-05-17\\\"]} - 16.642277002335 seconds.\\n2023-05-10 16:15:43: Time check started - 16.642366886139 seconds.\\n2023-05-10 16:15:43: Requesting available times for 2023-05-17 - 16.644481897354 seconds.\\n2023-05-10 16:15:45: Available times response {\\\"available_times\\\":[\\\"08:30\\\"],\\\"business_times\\\":[\\\"08:30\\\"]} - 18.001873970032 seconds.\\n2023-05-10 16:15:45: Checking that other client is not booking at 08:30 - 18.002294063568 seconds.\\n2023-05-10 16:15:45: Available date\\/time found: 2023-05-17 08:30 - 18.003509044647 seconds.\\n2023-05-10 16:15:46: Appointment form submit start - 19.618912935257 seconds.\\n2023-05-10 16:15:51: Reservation completed - 24.640682935715 seconds.\\n\",\"time_created\":1683571763,\"time_reservation\":1683724551,\"time_till_reservation\":152788,\"days_from_today\":1,\"queue_order\":0,\"err_login\":0,\"is_delay\":false,\"created_at\":\"2023-05-08T18:49:23.000000Z\",\"updated_at\":\"2023-05-11T07:05:26.000000Z\",\"dates\":[{\"id\":21,\"client_id\":3,\"date_from\":\"2023-05-07T21:00:00.000000Z\",\"date_to\":\"2023-05-16T21:00:00.000000Z\"}],\"cities\":[{\"client_id\":3,\"city_id\":4},{\"client_id\":3,\"city_id\":5},{\"client_id\":3,\"city_id\":6},{\"client_id\":3,\"city_id\":7}]}',NULL,'2023-05-11 07:05:27','2023-05-11 07:05:27'),(20,6,'admin','new','{\"time_created\":1683795887,\"agent_id\":8,\"account_id\":5,\"country_id\":19,\"visa_type_id\":1,\"ais_ivr_id\":20164038,\"comments\":null,\"status\":\"new\",\"days_from_today\":5,\"is_priority\":false,\"is_hidden\":false,\"is_resident\":false,\"is_paid\":false,\"updated_at\":\"2023-05-11T09:04:47.000000Z\",\"created_at\":\"2023-05-11T09:04:47.000000Z\",\"id\":6,\"dates\":[{\"id\":22,\"client_id\":6,\"date_from\":\"2023-07-04T21:00:00.000000Z\",\"date_to\":\"2023-08-30T21:00:00.000000Z\"}],\"cities\":[{\"client_id\":6,\"city_id\":80}]}',NULL,'2023-05-11 09:04:47','2023-05-11 09:04:47'),(21,5,'admin','new','{\"id\":5,\"agent_id\":6,\"account_id\":4,\"country_id\":37,\"ais_ivr_id\":30485750,\"visa_type_id\":1,\"ais_client_id\":48737912,\"status\":\"new\",\"is_priority\":false,\"is_hidden\":false,\"is_resident\":false,\"is_paid\":false,\"group_size\":2,\"ais_status\":\"Schedule Appointment\",\"ais_name\":\"MARINA ZUEVA\",\"comments\":null,\"total_price\":8000,\"ais_office_id\":null,\"reservation_date\":null,\"appointment_pdf\":null,\"appointment_img\":null,\"last_parsing\":1683887982,\"last_log\":\"2023-05-12 13:39:42: ===========================================START===========================================\\nClient id: 5\\nUsing proxy: 154.30.241.104:9815\\nUsing browser: Mozilla\\/5.0 (Windows NT 5.1) AppleWebKit\\/537.36 (KHTML, like Gecko) Chrome\\/46.0.2490.71 Safari\\/537.36\\n2023-05-12 13:39:42: Login form request - 0.18148398399353 seconds.\\n2023-05-12 13:39:45: Login form loaded - 3.5076539516449 seconds.\\n2023-05-12 13:39:47: Login \'zuevabliznyuk@rambler.ru\' submit - 5.9742341041565 seconds.\\n2023-05-12 13:39:49: Account page received - 7.2509241104126 seconds.\\n2023-05-12 13:39:49: Visa type ID: 1 - 7.2509899139404 seconds.\\n2023-05-12 13:39:49: Account name \'MARINA ZUEVA\' received - 7.3099269866943 seconds.\\n2023-05-12 13:39:49: IVR \'30485750\' found, client ID: \'48737912\' - 7.4086780548096 seconds.\\n2023-05-12 13:39:49: Client status: \'Schedule Appointment\' - 7.4895579814911 seconds.\\n2023-05-12 13:39:49: Group size - 2 - 7.5811378955841 seconds.\\n2023-05-12 13:39:49: Requesting available dates for Tel Aviv - 7.5823440551758 seconds.\\n2023-05-12 13:39:50: Office ID (96): {\\\"1\\\":[\\\"2024-01-18\\\",\\\"2024-01-23\\\",\\\"2024-01-24\\\",\\\"2024-01-25\\\",\\\"2024-01-29\\\",\\\"2024-01-30\\\",\\\"2024-01-31\\\",\\\"2024-02-01\\\",\\\"2024-02-05\\\",\\\"2024-02-06\\\",\\\"2024-02-07\\\",\\\"2024-02-08\\\",\\\"2024-02-12\\\",\\\"2024-02-13\\\",\\\"2024-02-14\\\",\\\"2024-02-15\\\",\\\"2024-02-20\\\",\\\"2024-02-21\\\",\\\"2024-02-22\\\",\\\"2024-03-19\\\",\\\"2024-03-21\\\",\\\"2024-03-27\\\",\\\"2024-04-01\\\",\\\"2024-04-02\\\",\\\"2024-04-08\\\",\\\"2024-05-01\\\",\\\"2024-05-06\\\",\\\"2024-05-09\\\",\\\"2024-05-21\\\",\\\"2024-05-22\\\",\\\"2024-06-06\\\",\\\"2024-06-20\\\"]} - 8.1687428951263 seconds.\\n2023-05-12 13:39:50: Time check started - 8.1688690185547 seconds.\\n2023-05-12 13:39:50: No available date\\/time found. - 8.1735858917236 seconds.\\n\",\"time_created\":1683725869,\"time_reservation\":null,\"time_till_reservation\":null,\"days_from_today\":5,\"queue_order\":0,\"err_login\":0,\"is_delay\":false,\"created_at\":\"2023-05-10T13:37:49.000000Z\",\"updated_at\":\"2023-05-12T10:43:19.000000Z\",\"dates\":[{\"id\":23,\"client_id\":5,\"date_from\":\"2023-06-18T21:00:00.000000Z\",\"date_to\":\"2023-07-30T21:00:00.000000Z\"}],\"cities\":[{\"client_id\":5,\"city_id\":58}]}',NULL,'2023-05-12 10:43:19','2023-05-12 10:43:19'),(22,3,'admin','completed','{\"id\":3,\"agent_id\":3,\"account_id\":2,\"country_id\":27,\"ais_ivr_id\":98503085,\"visa_type_id\":1,\"ais_client_id\":48967265,\"status\":\"completed\",\"is_priority\":false,\"is_hidden\":false,\"is_resident\":false,\"is_paid\":true,\"group_size\":1,\"ais_status\":\"Schedule Appointment\",\"ais_name\":\"Svetlana Vladyshevskaya\",\"comments\":null,\"total_price\":5000,\"ais_office_id\":11,\"reservation_date\":\"2023-05-17T05:30:00.000000Z\",\"appointment_pdf\":null,\"appointment_img\":null,\"last_parsing\":1683724526,\"last_log\":\"2023-05-10 16:15:27: ===========================================START===========================================\\nClient id: 3\\nUsing proxy: 45.136.228.118:6173\\nUsing browser: Mozilla\\/5.0 (Macintosh; Intel Mac OS X 10_15_7) AppleWebKit\\/537.36 (KHTML, like Gecko) Chrome\\/105.0.0.0 Safari\\/537.36\\n2023-05-10 16:15:27: Login form request - 0.76705694198608 seconds.\\n2023-05-10 16:15:33: Login form loaded - 6.2957689762115 seconds.\\n2023-05-10 16:15:35: Login \'svetlana.vladyshevskaya@yandex.ru\' submit - 8.2948040962219 seconds.\\n2023-05-10 16:15:37: Account page received - 10.777779102325 seconds.\\n2023-05-10 16:15:37: Visa type ID: 1 - 10.777818918228 seconds.\\n2023-05-10 16:15:37: Account name \'Svetlana Vladyshevskaya\' received - 10.804157972336 seconds.\\n2023-05-10 16:15:37: IVR \'98503085\' found, client ID: \'48967265\' - 10.874341964722 seconds.\\n2023-05-10 16:15:38: Client status: \'Schedule Appointment\' - 11.111227035522 seconds.\\n2023-05-10 16:15:38: Group size - 1 - 11.237505912781 seconds.\\n2023-05-10 16:15:38: Requesting available dates for Florence - 11.24288392067 seconds.\\n2023-05-10 16:15:39: Office ID (8): {\\\"1\\\":null} - 12.603461027145 seconds.\\n2023-05-10 16:15:39: Requesting available dates for Milan - 12.603586912155 seconds.\\n2023-05-10 16:15:40: Office ID (9): {\\\"1\\\":null} - 13.917695045471 seconds.\\n2023-05-10 16:15:40: Requesting available dates for Naples - 13.917841911316 seconds.\\n2023-05-10 16:15:42: Office ID (10): {\\\"1\\\":null} - 15.257932901382 seconds.\\n2023-05-10 16:15:42: Requesting available dates for Rome - 15.258052110672 seconds.\\n2023-05-10 16:15:43: Office ID (11): {\\\"1\\\":[\\\"2023-05-17\\\"]} - 16.642277002335 seconds.\\n2023-05-10 16:15:43: Time check started - 16.642366886139 seconds.\\n2023-05-10 16:15:43: Requesting available times for 2023-05-17 - 16.644481897354 seconds.\\n2023-05-10 16:15:45: Available times response {\\\"available_times\\\":[\\\"08:30\\\"],\\\"business_times\\\":[\\\"08:30\\\"]} - 18.001873970032 seconds.\\n2023-05-10 16:15:45: Checking that other client is not booking at 08:30 - 18.002294063568 seconds.\\n2023-05-10 16:15:45: Available date\\/time found: 2023-05-17 08:30 - 18.003509044647 seconds.\\n2023-05-10 16:15:46: Appointment form submit start - 19.618912935257 seconds.\\n2023-05-10 16:15:51: Reservation completed - 24.640682935715 seconds.\\n\",\"time_created\":1683571763,\"time_reservation\":1683724551,\"time_till_reservation\":152788,\"days_from_today\":1,\"queue_order\":0,\"err_login\":0,\"is_delay\":false,\"created_at\":\"2023-05-08T18:49:23.000000Z\",\"updated_at\":\"2023-05-11T07:05:26.000000Z\",\"dates\":[{\"id\":24,\"client_id\":3,\"date_from\":\"2023-05-07T21:00:00.000000Z\",\"date_to\":\"2023-05-16T21:00:00.000000Z\"}],\"cities\":[{\"client_id\":3,\"city_id\":4},{\"client_id\":3,\"city_id\":5},{\"client_id\":3,\"city_id\":6},{\"client_id\":3,\"city_id\":7}]}',NULL,'2023-05-12 10:43:44','2023-05-12 10:43:44'),(23,4,'admin','new','{\"id\":4,\"agent_id\":3,\"account_id\":3,\"country_id\":35,\"ais_ivr_id\":49519147,\"visa_type_id\":1,\"ais_client_id\":49049647,\"status\":\"new\",\"is_priority\":false,\"is_hidden\":false,\"is_resident\":false,\"is_paid\":false,\"group_size\":2,\"ais_status\":\"Schedule Appointment\",\"ais_name\":\"Mikhail Shelesnov\",\"comments\":null,\"total_price\":10000,\"ais_office_id\":null,\"reservation_date\":null,\"appointment_pdf\":null,\"appointment_img\":null,\"last_parsing\":1683887886,\"last_log\":\"2023-05-12 13:38:06: ===========================================START===========================================\\nClient id: 4\\nUsing proxy: 154.92.121.7:5026\\nUsing browser: Mozilla\\/5.0 (Windows NT 6.3; Win64; x64) AppleWebKit\\/537.36 (KHTML, like Gecko) Chrome\\/60.0.3112.113 Safari\\/537.36\\n2023-05-12 13:38:07: Login form request - 1.4533400535583 seconds.\\n2023-05-12 13:38:54: Login form loaded - 48.03470492363 seconds.\\n2023-05-12 13:38:56: Login \'shelesnovmikhaill@mail.ru\' submit - 50.047193050385 seconds.\\n2023-05-12 13:39:03: Account page received - 57.428169965744 seconds.\\n2023-05-12 13:39:03: Visa type ID: 1 - 57.428278923035 seconds.\\n2023-05-12 13:39:04: Account name \'Mikhail Shelesnov\' received - 58.405468940735 seconds.\\n2023-05-12 13:39:05: IVR \'49519147\' found, client ID: \'49049647\' - 59.172712087631 seconds.\\n2023-05-12 13:39:05: Client status: \'Schedule Appointment\' - 59.784183979034 seconds.\\n2023-05-12 13:39:06: Group size - 2 - 60.155477046967 seconds.\\n2023-05-12 13:39:06: Requesting available dates for \\u0130stanbul - 60.219321012497 seconds.\\n2023-05-12 13:39:08: Office ID (125): {\\\"1\\\":[\\\"2024-12-03\\\",\\\"2024-12-04\\\",\\\"2024-12-05\\\",\\\"2024-12-06\\\",\\\"2024-12-09\\\",\\\"2024-12-10\\\",\\\"2024-12-11\\\",\\\"2024-12-12\\\",\\\"2024-12-13\\\",\\\"2024-12-16\\\",\\\"2024-12-17\\\",\\\"2024-12-18\\\",\\\"2024-12-19\\\",\\\"2024-12-20\\\",\\\"2024-12-23\\\",\\\"2024-12-24\\\",\\\"2025-01-02\\\",\\\"2025-01-03\\\",\\\"2025-01-06\\\",\\\"2025-01-07\\\",\\\"2025-01-08\\\",\\\"2025-01-09\\\",\\\"2025-01-10\\\",\\\"2025-01-13\\\",\\\"2025-01-14\\\",\\\"2025-01-15\\\",\\\"2025-01-16\\\",\\\"2025-01-17\\\",\\\"2025-01-21\\\",\\\"2025-01-22\\\",\\\"2025-01-23\\\",\\\"2025-01-24\\\",\\\"2025-01-27\\\",\\\"2025-01-28\\\",\\\"2025-01-30\\\",\\\"2025-01-31\\\"]} - 62.544449090958 seconds.\\n2023-05-12 13:39:08: Time check started - 62.544536113739 seconds.\\n2023-05-12 13:39:08: No available date\\/time found. - 62.557818889618 seconds.\\n\",\"time_created\":1683649045,\"time_reservation\":null,\"time_till_reservation\":null,\"days_from_today\":7,\"queue_order\":0,\"err_login\":0,\"is_delay\":false,\"created_at\":\"2023-05-09T16:17:25.000000Z\",\"updated_at\":\"2023-05-12T10:43:58.000000Z\",\"dates\":[{\"id\":25,\"client_id\":4,\"date_from\":\"2023-07-19T21:00:00.000000Z\",\"date_to\":\"2023-10-29T21:00:00.000000Z\"}],\"cities\":[{\"client_id\":4,\"city_id\":83}]}',NULL,'2023-05-12 10:43:58','2023-05-12 10:43:58'),(24,6,'admin','new','{\"id\":6,\"agent_id\":8,\"account_id\":5,\"country_id\":19,\"ais_ivr_id\":20164038,\"visa_type_id\":1,\"ais_client_id\":48278206,\"status\":\"new\",\"is_priority\":false,\"is_hidden\":false,\"is_resident\":false,\"is_paid\":false,\"group_size\":1,\"ais_status\":\"Schedule Appointment\",\"ais_name\":\"ALEXANDER BAYZAROV\",\"comments\":null,\"total_price\":6000,\"ais_office_id\":null,\"reservation_date\":null,\"appointment_pdf\":null,\"appointment_img\":null,\"last_parsing\":1683887812,\"last_log\":\"2023-05-12 13:36:52: ===========================================START===========================================\\nClient id: 6\\nUsing proxy: 138.128.69.72:8141\\nUsing browser: Mozilla\\/5.0 (Windows NT 10.0; Win64; x64) AppleWebKit\\/537.36 (KHTML, like Gecko) Chrome\\/67.0.3396.99 Safari\\/537.36\\n2023-05-12 13:36:53: Login form request - 1.3882100582123 seconds.\\n2023-05-12 13:36:56: Login form loaded - 4.288202047348 seconds.\\n2023-05-12 13:36:57: Login \'reshetovalidi@yandex.ru\' submit - 5.9186179637909 seconds.\\n2023-05-12 13:36:59: Account page received - 7.0802218914032 seconds.\\n2023-05-12 13:36:59: Visa type ID: 1 - 7.0803089141846 seconds.\\n2023-05-12 13:36:59: Account name \'ALEXANDER BAYZAROV\' received - 7.099142074585 seconds.\\n2023-05-12 13:36:59: IVR \'20164038\' found, client ID: \'48278206\' - 7.1139829158783 seconds.\\n2023-05-12 13:36:59: Client status: \'Schedule Appointment\' - 7.139349937439 seconds.\\n2023-05-12 13:36:59: Group size - 1 - 7.1757960319519 seconds.\\n2023-05-12 13:36:59: Requesting available dates for Yerevan - 7.1773040294647 seconds.\\n2023-05-12 13:36:59: Office ID (122): {\\\"1\\\":[\\\"2024-04-19\\\",\\\"2024-05-03\\\",\\\"2024-05-10\\\",\\\"2024-05-17\\\",\\\"2024-05-24\\\",\\\"2024-06-07\\\",\\\"2024-06-14\\\",\\\"2024-06-21\\\"]} - 7.7212679386139 seconds.\\n2023-05-12 13:36:59: Time check started - 7.7213790416718 seconds.\\n2023-05-12 13:36:59: No available date\\/time found. - 7.7231450080872 seconds.\\n\",\"time_created\":1683795887,\"time_reservation\":null,\"time_till_reservation\":null,\"days_from_today\":5,\"queue_order\":0,\"err_login\":0,\"is_delay\":false,\"created_at\":\"2023-05-11T09:04:47.000000Z\",\"updated_at\":\"2023-05-12T10:44:20.000000Z\",\"dates\":[{\"id\":26,\"client_id\":6,\"date_from\":\"2023-07-04T21:00:00.000000Z\",\"date_to\":\"2023-08-30T21:00:00.000000Z\"}],\"cities\":[{\"client_id\":6,\"city_id\":80}]}',NULL,'2023-05-12 10:44:20','2023-05-12 10:44:20'),(25,7,'admin','paused','{\"time_created\":1683891653,\"agent_id\":6,\"account_id\":6,\"country_id\":33,\"visa_type_id\":1,\"ais_ivr_id\":94668471,\"comments\":null,\"status\":\"paused\",\"days_from_today\":2,\"total_price\":5000,\"is_priority\":false,\"is_hidden\":false,\"is_resident\":false,\"is_paid\":false,\"updated_at\":\"2023-05-12T11:40:53.000000Z\",\"created_at\":\"2023-05-12T11:40:53.000000Z\",\"id\":7,\"dates\":[{\"id\":27,\"client_id\":7,\"date_from\":\"2023-06-18T21:00:00.000000Z\",\"date_to\":\"2023-06-19T21:00:00.000000Z\"}],\"cities\":[{\"client_id\":7,\"city_id\":81}]}',NULL,'2023-05-12 11:40:53','2023-05-12 11:40:53'),(26,7,'admin','paused','{\"id\":7,\"agent_id\":6,\"account_id\":6,\"country_id\":33,\"ais_ivr_id\":94668471,\"visa_type_id\":1,\"ais_client_id\":null,\"status\":\"paused\",\"is_priority\":false,\"is_hidden\":false,\"is_resident\":false,\"is_paid\":false,\"group_size\":null,\"ais_status\":null,\"ais_name\":null,\"comments\":\"\\u041d\\u0435 \\u0437\\u0430\\u043f\\u0443\\u0441\\u043a\\u0430\\u0435\\u043c, \\u043e\\u0436\\u0438\\u0434\\u0430\\u0435\\u043c \\u0443\\u0442\\u043e\\u0447\\u043d\\u0435\\u043d\\u0438\\u0439 \\u043f\\u043e \\u0434\\u0430\\u0442\\u0430\\u043c \\u0438 \\u0442\\u043e\\u043c\\u0443 \\u0447\\u0442\\u043e \\u0434\\u0435\\u043b\\u0430\\u0435\\u043c \\u043f\\u0435\\u0440\\u0435\\u0431\\u0440\\u043e\\u043d\\u0438\\u0440\\u043e\\u0432\\u0430\\u043d\\u0438\\u0435\",\"total_price\":5000,\"ais_office_id\":null,\"reservation_date\":null,\"appointment_pdf\":null,\"appointment_img\":null,\"last_parsing\":null,\"last_log\":null,\"time_created\":1683891653,\"time_reservation\":null,\"time_till_reservation\":null,\"days_from_today\":2,\"queue_order\":0,\"err_login\":0,\"is_delay\":false,\"created_at\":\"2023-05-12T11:40:53.000000Z\",\"updated_at\":\"2023-05-12T12:01:44.000000Z\",\"dates\":[{\"id\":28,\"client_id\":7,\"date_from\":\"2023-06-18T21:00:00.000000Z\",\"date_to\":\"2023-06-19T21:00:00.000000Z\"}],\"cities\":[{\"client_id\":7,\"city_id\":81}]}',NULL,'2023-05-12 12:01:45','2023-05-12 12:01:45'),(27,7,'admin','paused','{\"id\":7,\"agent_id\":6,\"account_id\":6,\"country_id\":33,\"ais_ivr_id\":94668471,\"visa_type_id\":1,\"ais_client_id\":null,\"status\":\"paused\",\"is_priority\":false,\"is_hidden\":false,\"is_resident\":false,\"is_paid\":false,\"group_size\":null,\"ais_status\":null,\"ais_name\":null,\"comments\":null,\"total_price\":5000,\"ais_office_id\":null,\"reservation_date\":null,\"appointment_pdf\":null,\"appointment_img\":null,\"last_parsing\":null,\"last_log\":null,\"time_created\":1683891653,\"time_reservation\":null,\"time_till_reservation\":null,\"days_from_today\":2,\"queue_order\":0,\"err_login\":0,\"is_delay\":false,\"created_at\":\"2023-05-12T11:40:53.000000Z\",\"updated_at\":\"2023-05-12T12:22:50.000000Z\",\"dates\":[{\"id\":29,\"client_id\":7,\"date_from\":\"2023-06-18T21:00:00.000000Z\",\"date_to\":\"2023-06-19T21:00:00.000000Z\"},{\"id\":30,\"client_id\":7,\"date_from\":\"2023-07-02T21:00:00.000000Z\",\"date_to\":\"2023-07-02T21:00:00.000000Z\"}],\"cities\":[{\"client_id\":7,\"city_id\":81}]}',NULL,'2023-05-12 12:22:50','2023-05-12 12:22:50'),(28,4,'admin','new','{\"id\":4,\"agent_id\":3,\"account_id\":3,\"country_id\":35,\"ais_ivr_id\":49519147,\"visa_type_id\":1,\"ais_client_id\":49049647,\"status\":\"new\",\"is_priority\":false,\"is_hidden\":false,\"is_resident\":false,\"is_paid\":false,\"group_size\":2,\"ais_status\":\"Schedule Appointment\",\"ais_name\":\"Mikhail Shelesnov\",\"comments\":null,\"total_price\":10000,\"ais_office_id\":null,\"reservation_date\":null,\"appointment_pdf\":null,\"appointment_img\":null,\"last_parsing\":1684331079,\"last_log\":\"2023-05-17 16:44:39: ===========================================START===========================================\\nClient id: 4\\nUsing proxy: 23.229.12.250:9779\\nUsing browser: Mozilla\\/5.0 (Windows NT 10.0; Win64; x64) AppleWebKit\\/537.36 (KHTML, like Gecko) Chrome\\/72.0.3626.121 Safari\\/537.36\\n2023-05-17 16:44:39: Login form request - 0.24586606025696 seconds.\\n2023-05-17 16:44:42: Login form loaded - 3.9467539787292 seconds.\\n2023-05-17 16:44:44: Login \'shelesnovmikhaill@mail.ru\' submit - 5.3619899749756 seconds.\\n2023-05-17 16:44:45: Account page received - 6.6722700595856 seconds.\\n2023-05-17 16:44:45: Visa type ID: 1 - 6.6723608970642 seconds.\\n2023-05-17 16:44:45: Account name \'Mikhail Shelesnov\' received - 6.6917479038239 seconds.\\n2023-05-17 16:44:45: IVR \'49519147\' found, client ID: \'49049647\' - 6.7197079658508 seconds.\\n2023-05-17 16:44:45: Client status: \'Schedule Appointment\' - 6.7505230903625 seconds.\\n2023-05-17 16:44:45: Group size - 2 - 6.7714331150055 seconds.\\n2023-05-17 16:44:45: Requesting available dates for \\u0130stanbul - 6.773176908493 seconds.\\n2023-05-17 16:44:46: Office ID (125): {\\\"1\\\":[\\\"2024-12-03\\\",\\\"2024-12-04\\\",\\\"2024-12-05\\\",\\\"2024-12-06\\\",\\\"2024-12-09\\\",\\\"2024-12-10\\\",\\\"2024-12-11\\\",\\\"2024-12-12\\\",\\\"2024-12-13\\\",\\\"2024-12-16\\\",\\\"2024-12-17\\\",\\\"2024-12-18\\\",\\\"2024-12-19\\\",\\\"2024-12-20\\\",\\\"2024-12-23\\\",\\\"2024-12-24\\\",\\\"2025-01-02\\\",\\\"2025-01-03\\\",\\\"2025-01-06\\\",\\\"2025-01-07\\\",\\\"2025-01-08\\\",\\\"2025-01-09\\\",\\\"2025-01-10\\\",\\\"2025-01-13\\\",\\\"2025-01-14\\\",\\\"2025-01-15\\\",\\\"2025-01-16\\\",\\\"2025-01-17\\\",\\\"2025-01-21\\\",\\\"2025-01-22\\\",\\\"2025-01-23\\\",\\\"2025-01-24\\\",\\\"2025-01-27\\\",\\\"2025-01-28\\\",\\\"2025-01-30\\\",\\\"2025-01-31\\\"]} - 7.535346031189 seconds.\\n2023-05-17 16:44:46: Time check started - 7.5354290008545 seconds.\\n2023-05-17 16:44:46: No available date\\/time found. - 7.5400679111481 seconds.\\n\",\"time_created\":1683649045,\"time_reservation\":null,\"time_till_reservation\":null,\"days_from_today\":7,\"queue_order\":0,\"err_login\":0,\"is_delay\":false,\"created_at\":\"2023-05-09T16:17:25.000000Z\",\"updated_at\":\"2023-05-17T13:44:46.000000Z\",\"dates\":[{\"id\":31,\"client_id\":4,\"date_from\":\"2023-07-19T21:00:00.000000Z\",\"date_to\":\"2023-10-29T21:00:00.000000Z\"}],\"cities\":[{\"client_id\":4,\"city_id\":83}]}',NULL,'2023-05-17 14:27:26','2023-05-17 14:27:26'),(29,5,'parser','completed','{\"id\":5,\"agent_id\":6,\"account_id\":4,\"country_id\":37,\"ais_ivr_id\":30485750,\"visa_type_id\":1,\"ais_client_id\":48737912,\"status\":\"completed\",\"is_priority\":false,\"is_hidden\":false,\"is_resident\":false,\"is_paid\":false,\"group_size\":2,\"ais_status\":\"Schedule Appointment\",\"ais_name\":\"MARINA ZUEVA\",\"comments\":null,\"total_price\":8000,\"ais_office_id\":96,\"reservation_date\":\"2023-06-20T06:00:00.000000Z\",\"appointment_pdf\":null,\"appointment_img\":null,\"last_parsing\":1684464949,\"last_log\":\"Start queue: [{\\\"client_id\\\":5,\\\"order\\\":1,\\\"hash\\\":\\\"d5f661658e6de0391915a1996b4dcc29\\\"}]\\nReal, has available date: 2023-06-20\\n2023-05-19 05:55:49: ===========================================START===========================================\\nClient id: 5\\nUsing proxy: 45.114.15.170:6151\\nUsing browser: Mozilla\\/5.0 (Windows NT 10.0; Win64; x64) AppleWebKit\\/537.36 (KHTML, like Gecko) Chrome\\/65.0.3325.181 Safari\\/537.36\\n2023-05-19 05:55:49: Login form request - 0.3404541015625 seconds.\\n2023-05-19 05:55:54: Login form loaded - 5.0678780078888 seconds.\\n2023-05-19 05:55:54: Login \'zuevabliznyuk@rambler.ru\' submit - 5.8415389060974 seconds.\\n2023-05-19 05:55:56: Account page received - 7.8823399543762 seconds.\\n2023-05-19 05:55:56: Visa type ID: 1 - 7.8824119567871 seconds.\\n2023-05-19 05:55:56: Account name \'MARINA ZUEVA\' received - 7.9081809520721 seconds.\\n2023-05-19 05:55:56: IVR \'30485750\' found, client ID: \'48737912\' - 7.9234290122986 seconds.\\n2023-05-19 05:55:56: Client status: \'Schedule Appointment\' - 7.9685471057892 seconds.\\n2023-05-19 05:55:56: Group size - 2 - 7.9871809482574 seconds.\\n2023-05-19 05:55:56: Requesting available dates for Tel Aviv - 7.9901819229126 seconds.\\n2023-05-19 05:55:58: Office ID (96): {\\\"1\\\":[\\\"2023-06-20\\\",\\\"2024-01-25\\\",\\\"2024-01-29\\\",\\\"2024-01-30\\\",\\\"2024-01-31\\\",\\\"2024-02-01\\\",\\\"2024-02-05\\\",\\\"2024-02-06\\\",\\\"2024-02-07\\\",\\\"2024-02-08\\\",\\\"2024-02-12\\\",\\\"2024-02-13\\\",\\\"2024-02-14\\\",\\\"2024-02-15\\\",\\\"2024-02-20\\\",\\\"2024-02-21\\\",\\\"2024-02-22\\\",\\\"2024-03-21\\\",\\\"2024-03-27\\\",\\\"2024-04-02\\\",\\\"2024-04-08\\\",\\\"2024-05-01\\\",\\\"2024-05-06\\\",\\\"2024-05-09\\\",\\\"2024-05-21\\\",\\\"2024-05-22\\\",\\\"2024-06-06\\\",\\\"2024-06-20\\\"]} - 9.4251799583435 seconds.\\n2023-05-19 05:55:58: Time check started - 9.4252729415894 seconds.\\n2023-05-19 05:55:58: Requesting available times for 2023-06-20 - 9.428297996521 seconds.\\n2023-05-19 05:55:59: Available times response {\\\"available_times\\\":[\\\"09:00\\\"],\\\"business_times\\\":[\\\"09:00\\\"]} - 10.903996944427 seconds.\\n2023-05-19 05:55:59: Checking that other client is not booking at 09:00 - 10.904370069504 seconds.\\n2023-05-19 05:55:59: Available date\\/time found: 2023-06-20 09:00 - 10.905245065689 seconds.\\n2023-05-19 05:56:01: Appointment form submit start - 12.360892057419 seconds.\\n2023-05-19 05:56:07: Reservation completed - 18.063731908798 seconds.\\n\\n2023-05-19 05:56:07 - data saved.\",\"time_created\":1683725869,\"time_reservation\":1684464967,\"time_till_reservation\":739098,\"days_from_today\":5,\"queue_order\":0,\"err_login\":0,\"is_delay\":false,\"created_at\":\"2023-05-10T13:37:49.000000Z\",\"updated_at\":\"2023-05-19T02:56:07.000000Z\",\"country\":{\"id\":37,\"region\":\"Middle East\",\"code\":\"il\",\"name\":\"Israel\",\"name_ru\":\"\\u0418\\u0437\\u0440\\u0430\\u0438\\u043b\\u044c\",\"flag\":\"\\ud83c\\uddee\\ud83c\\uddf1\",\"is_notify\":true,\"is_parsing_fd\":true,\"count_fake\":480,\"comments\":\"set-up - Russia, no residence\"},\"account\":{\"id\":4,\"email\":\"zuevabliznyuk@rambler.ru\",\"name\":\"MARINA ZUEVA\",\"last_parsing\":1684464949,\"created_at\":\"2023-05-10T13:36:12.000000Z\",\"updated_at\":\"2023-05-19T02:55:49.000000Z\"},\"clients_to_cities\":[{\"client_id\":5,\"city_id\":58}],\"dates\":[{\"id\":23,\"client_id\":5,\"date_from\":\"2023-06-18T21:00:00.000000Z\",\"date_to\":\"2023-07-30T21:00:00.000000Z\"}],\"agent\":{\"id\":6,\"user_id\":3,\"name\":\"Uway\",\"website\":\"https:\\/\\/visatravel.ru\",\"comments\":\"\\u0422\\u0435\\u043b\\u0435\\u0433\\u0440\\u0430\\u043c:\\r\\n\\u043e\\u0431\\u0449\\u0430\\u043b\\u0438\\u0441\\u044c 05 \\u0438 06 \\u043c\\u0430\\u044f\\r\\n@shipkovdenis1 - \\u0421\\u0415\\u041e\\r\\n\\u0413\\u043e\\u0440\\u044f\\u0438\\u043d\\u043e\\u0432\\u0430 \\u0410\\u043d\\u0430\\u0441\\u0442\\u0430\\u0441\\u0438\\u044f, \\u0431\\u0435\\u0437 \\u044e\\u0437\\u0435\\u0440\\u043d\\u0435\\u0439\\u043c\\u0430 - \\u0440\\u0443\\u043a\\u043e\\u0432\\u043e\\u0434\\u0438\\u0442\\u0435\\u043b\\u044c \\u043e\\u0442\\u0434\\u0435\\u043b\\u0430 \\u0441\\u043e\\u043f\\u0440\\u043e\\u0432\\u043e\\u0436\\u0434\\u0435\\u043d\\u0438\\u044f \\u043a\\u043b\\u0438\\u0435\\u043d\\u0442\\u043e\\u0432 \\u043a\\u043e\\u043c\\u043f\\u0430\\u043d\\u0438\\u044f Uway\\r\\n\\u0422\\u0430\\u043a \\u0436\\u0435 \\u0441 \\u042e\\u0434\\u0436\\u0438\\u043d\\u043e\\u043c \\u0434\\u043e\\u043b\\u0436\\u0435\\u043d \\u0441\\u0432\\u044f\\u0437\\u0430\\u0442\\u044c\\u0441\\u044f \\u043c\\u0435\\u043d\\u0435\\u0434\\u0436\\u0435\\u0440 \\u043d\\u0430\\u043f\\u0440\\u0430\\u0432\\u043b\\u0435\\u043d\\u0438\\u044f.\\r\\n\\r\\n\\u0426\\u0435\\u043d\\u0430: 5000 - 1\\u044b\\u0439 \\u0447\\u0435\\u043b\\u043e\\u0432\\u0435\\u043a \\u0432 \\u0433\\u0440\\u0443\\u043f\\u043f\\u0435, \\u043a\\u0430\\u0436\\u0434\\u044b\\u0439 \\u043f\\u043e\\u0441\\u043b\\u0435\\u0434\\u0443\\u044e\\u0449\\u0438\\u0439 \\u0432 \\u0442\\u043e\\u0439 \\u0436\\u0435 \\u0433\\u0440\\u0443\\u043f\\u043f\\u0435 +3000\\r\\n\\r\\n\\u041e\\u0431\\u0435\\u0449\\u0430\\u044e\\u0442 - \\u0432 \\u0441\\u0440\\u0435\\u0434\\u043d\\u0435\\u043c 50-70 \\u0447\\u0435\\u043b\\u043e\\u0432\\u0435\\u043a \\u0421\\u0428\\u0410\\r\\n\\u041f\\u0440\\u043e\\u0441\\u0438\\u043b\\u0438 \\u0432\\u0438\\u0437\\u0443 \\u0414(\\u0421\\u0428\\u0410) - \\u043a\\u0430\\u043a \\u043d\\u0430\\u0447\\u043d\\u0435\\u043c \\u0440\\u0430\\u0431\\u043e\\u0442\\u0430\\u0442\\u044c - \\u0441\\u0440\\u0430\\u0437\\u0443 \\u043d\\u0443\\u0436\\u043d\\u043e \\u0431\\u0443\\u0434\\u0435\\u0442 \\u0443\\u0442\\u043e\\u0447\\u043d\\u0438\\u0442\\u044c, \\u044d\\u0442\\u043e \\u0441\\u043c\\u043e\\u0436\\u0435\\u043c \\u0437\\u0430 \\u043d\\u0435\\u0441\\u043a\\u043e\\u043b\\u044c\\u043a\\u043e \\u0434\\u043d\\u0435\\u0439 \\u043f\\u0440\\u0438 \\u043d\\u0435\\u043e\\u0431\\u0445\\u043e\\u0434\\u0438\\u043c\\u043e\\u0441\\u0442\\u0438 \\u0441\\u0434\\u0435\\u043b\\u0430\\u0442\\u044c\\r\\n\\u0438 \\u041a\\u0438\\u0442\\u0430\\u0439, \\u043e\\u0431\\u044a\\u0435\\u043c 200-300 \\u0447\\u0435\\u043b\\u043e\\u0432\\u0435\\u043a.\",\"price_per_client\":5000,\"created_at\":\"2023-05-06T14:10:52.000000Z\",\"updated_at\":\"2023-05-12T10:40:29.000000Z\",\"user\":{\"id\":3,\"name\":\"Kirill\",\"email\":\"admin0@bot.com\",\"email_verified_at\":null,\"is_approved\":1,\"is_super\":1,\"created_at\":null,\"updated_at\":null}},\"cities\":[{\"client_id\":5,\"city_id\":58}]}',NULL,'2023-05-19 02:56:08','2023-05-19 02:56:08'),(30,5,'admin','completed','{\"id\":5,\"agent_id\":6,\"account_id\":4,\"country_id\":37,\"ais_ivr_id\":30485750,\"visa_type_id\":1,\"ais_client_id\":48737912,\"status\":\"completed\",\"is_priority\":false,\"is_hidden\":false,\"is_resident\":false,\"is_paid\":true,\"group_size\":2,\"ais_status\":\"Schedule Appointment\",\"ais_name\":\"MARINA ZUEVA\",\"comments\":null,\"total_price\":8000,\"ais_office_id\":96,\"reservation_date\":\"2023-06-20T06:00:00.000000Z\",\"appointment_pdf\":null,\"appointment_img\":null,\"last_parsing\":1684464949,\"last_log\":\"2023-05-19 05:55:49: ===========================================START===========================================\\nClient id: 5\\nUsing proxy: 45.114.15.170:6151\\nUsing browser: Mozilla\\/5.0 (Windows NT 10.0; Win64; x64) AppleWebKit\\/537.36 (KHTML, like Gecko) Chrome\\/65.0.3325.181 Safari\\/537.36\\n2023-05-19 05:55:49: Login form request - 0.3404541015625 seconds.\\n2023-05-19 05:55:54: Login form loaded - 5.0678780078888 seconds.\\n2023-05-19 05:55:54: Login \'zuevabliznyuk@rambler.ru\' submit - 5.8415389060974 seconds.\\n2023-05-19 05:55:56: Account page received - 7.8823399543762 seconds.\\n2023-05-19 05:55:56: Visa type ID: 1 - 7.8824119567871 seconds.\\n2023-05-19 05:55:56: Account name \'MARINA ZUEVA\' received - 7.9081809520721 seconds.\\n2023-05-19 05:55:56: IVR \'30485750\' found, client ID: \'48737912\' - 7.9234290122986 seconds.\\n2023-05-19 05:55:56: Client status: \'Schedule Appointment\' - 7.9685471057892 seconds.\\n2023-05-19 05:55:56: Group size - 2 - 7.9871809482574 seconds.\\n2023-05-19 05:55:56: Requesting available dates for Tel Aviv - 7.9901819229126 seconds.\\n2023-05-19 05:55:58: Office ID (96): {\\\"1\\\":[\\\"2023-06-20\\\",\\\"2024-01-25\\\",\\\"2024-01-29\\\",\\\"2024-01-30\\\",\\\"2024-01-31\\\",\\\"2024-02-01\\\",\\\"2024-02-05\\\",\\\"2024-02-06\\\",\\\"2024-02-07\\\",\\\"2024-02-08\\\",\\\"2024-02-12\\\",\\\"2024-02-13\\\",\\\"2024-02-14\\\",\\\"2024-02-15\\\",\\\"2024-02-20\\\",\\\"2024-02-21\\\",\\\"2024-02-22\\\",\\\"2024-03-21\\\",\\\"2024-03-27\\\",\\\"2024-04-02\\\",\\\"2024-04-08\\\",\\\"2024-05-01\\\",\\\"2024-05-06\\\",\\\"2024-05-09\\\",\\\"2024-05-21\\\",\\\"2024-05-22\\\",\\\"2024-06-06\\\",\\\"2024-06-20\\\"]} - 9.4251799583435 seconds.\\n2023-05-19 05:55:58: Time check started - 9.4252729415894 seconds.\\n2023-05-19 05:55:58: Requesting available times for 2023-06-20 - 9.428297996521 seconds.\\n2023-05-19 05:55:59: Available times response {\\\"available_times\\\":[\\\"09:00\\\"],\\\"business_times\\\":[\\\"09:00\\\"]} - 10.903996944427 seconds.\\n2023-05-19 05:55:59: Checking that other client is not booking at 09:00 - 10.904370069504 seconds.\\n2023-05-19 05:55:59: Available date\\/time found: 2023-06-20 09:00 - 10.905245065689 seconds.\\n2023-05-19 05:56:01: Appointment form submit start - 12.360892057419 seconds.\\n2023-05-19 05:56:07: Reservation completed - 18.063731908798 seconds.\\n\",\"time_created\":1683725869,\"time_reservation\":1684464967,\"time_till_reservation\":739098,\"days_from_today\":5,\"queue_order\":0,\"err_login\":0,\"is_delay\":false,\"created_at\":\"2023-05-10T13:37:49.000000Z\",\"updated_at\":\"2023-05-20T14:08:15.000000Z\",\"dates\":[{\"id\":32,\"client_id\":5,\"date_from\":\"2023-06-18T21:00:00.000000Z\",\"date_to\":\"2023-07-30T21:00:00.000000Z\"}],\"cities\":[{\"client_id\":5,\"city_id\":58}]}',NULL,'2023-05-20 14:08:15','2023-05-20 14:08:15'),(31,4,'parser','completed','{\"id\":4,\"agent_id\":3,\"account_id\":3,\"country_id\":35,\"ais_ivr_id\":49519147,\"visa_type_id\":1,\"ais_client_id\":49049647,\"status\":\"completed\",\"is_priority\":false,\"is_hidden\":false,\"is_resident\":false,\"is_paid\":false,\"group_size\":2,\"ais_status\":\"Schedule Appointment\",\"ais_name\":\"Mikhail Shelesnov\",\"comments\":null,\"total_price\":10000,\"ais_office_id\":125,\"reservation_date\":\"2023-07-21T05:45:00.000000Z\",\"appointment_pdf\":null,\"appointment_img\":null,\"last_parsing\":1684800038,\"last_log\":\"Start queue: [{\\\"client_id\\\":4,\\\"order\\\":1,\\\"hash\\\":\\\"a6b44d1410ee3452159584ae2b7662f5\\\"}]\\nReal, has available date: 2023-07-21\\n2023-05-23 03:00:38: ===========================================START===========================================\\nClient id: 4\\nUsing proxy: 161.123.151.67:6051\\nUsing browser: Mozilla\\/5.0 (Windows NT 6.2; WOW64) AppleWebKit\\/537.36 (KHTML, like Gecko) Chrome\\/42.0.2311.90 Safari\\/537.36\\n2023-05-23 03:00:41: Login form request - 3.222482919693 seconds.\\n2023-05-23 03:00:43: Login form loaded - 5.9623589515686 seconds.\\n2023-05-23 03:00:45: Login \'shelesnovmikhaill@mail.ru\' submit - 7.2443270683289 seconds.\\n2023-05-23 03:00:46: Account page received - 8.4035658836365 seconds.\\n2023-05-23 03:00:46: Visa type ID: 1 - 8.4037170410156 seconds.\\n2023-05-23 03:00:46: Account name \'Mikhail Shelesnov\' received - 8.4217200279236 seconds.\\n2023-05-23 03:00:46: IVR \'49519147\' found, client ID: \'49049647\' - 8.4490940570831 seconds.\\n2023-05-23 03:00:46: Client status: \'Schedule Appointment\' - 8.483283996582 seconds.\\n2023-05-23 03:00:46: Group size - 2 - 8.5227439403534 seconds.\\n2023-05-23 03:00:46: Requesting available dates for \\u0130stanbul - 8.5276000499725 seconds.\\n2023-05-23 03:00:47: Office ID (125): {\\\"1\\\":[\\\"2023-07-21\\\",\\\"2024-12-04\\\",\\\"2024-12-05\\\",\\\"2024-12-06\\\",\\\"2024-12-09\\\",\\\"2024-12-10\\\",\\\"2024-12-11\\\",\\\"2024-12-12\\\",\\\"2024-12-13\\\",\\\"2024-12-16\\\",\\\"2024-12-17\\\",\\\"2024-12-18\\\",\\\"2024-12-19\\\",\\\"2024-12-20\\\",\\\"2024-12-23\\\",\\\"2024-12-24\\\",\\\"2025-01-02\\\",\\\"2025-01-03\\\",\\\"2025-01-06\\\",\\\"2025-01-07\\\",\\\"2025-01-08\\\",\\\"2025-01-09\\\",\\\"2025-01-10\\\",\\\"2025-01-13\\\",\\\"2025-01-14\\\",\\\"2025-01-15\\\",\\\"2025-01-16\\\",\\\"2025-01-17\\\",\\\"2025-01-21\\\",\\\"2025-01-22\\\",\\\"2025-01-23\\\",\\\"2025-01-24\\\",\\\"2025-01-27\\\",\\\"2025-01-28\\\",\\\"2025-01-30\\\",\\\"2025-01-31\\\",\\\"2025-08-01\\\",\\\"2025-08-04\\\",\\\"2025-08-05\\\",\\\"2025-08-06\\\",\\\"2025-08-07\\\",\\\"2025-08-08\\\",\\\"2025-08-11\\\",\\\"2025-08-12\\\",\\\"2025-08-13\\\",\\\"2025-08-14\\\",\\\"2025-08-15\\\",\\\"2025-08-18\\\",\\\"2025-08-19\\\",\\\"2025-08-20\\\",\\\"2025-08-21\\\",\\\"2025-08-22\\\",\\\"2025-08-25\\\",\\\"2025-08-26\\\",\\\"2025-08-27\\\",\\\"2025-08-28\\\",\\\"2025-08-29\\\"]} - 9.0644979476929 seconds.\\n2023-05-23 03:00:47: Time check started - 9.0645849704742 seconds.\\n2023-05-23 03:00:47: Requesting available times for 2023-07-21 - 9.0675799846649 seconds.\\n2023-05-23 03:00:47: Available times response {\\\"available_times\\\":[\\\"08:45\\\"],\\\"business_times\\\":[\\\"08:45\\\"]} - 9.5496311187744 seconds.\\n2023-05-23 03:00:47: Checking that other client is not booking at 08:45 - 9.551374912262 seconds.\\n2023-05-23 03:00:47: Available date\\/time found: 2023-07-21 08:45 - 9.552237033844 seconds.\\n2023-05-23 03:00:48: Appointment form submit start - 10.381884098053 seconds.\\n2023-05-23 03:00:52: Reservation completed - 14.57047700882 seconds.\\n\\n2023-05-23 03:00:53 - data saved.\",\"time_created\":1683649045,\"time_reservation\":1684800052,\"time_till_reservation\":1151007,\"days_from_today\":7,\"queue_order\":0,\"err_login\":0,\"is_delay\":false,\"created_at\":\"2023-05-09T16:17:25.000000Z\",\"updated_at\":\"2023-05-23T00:00:52.000000Z\",\"country\":{\"id\":35,\"region\":\"Europe\",\"code\":\"tr\",\"name\":\"Turkiye\",\"name_ru\":\"\\u0422\\u0443\\u0440\\u0446\\u0438\\u044f\",\"flag\":\"\\ud83c\\uddf9\\ud83c\\uddf7\",\"is_notify\":true,\"is_parsing_fd\":true,\"count_fake\":501,\"comments\":\"\\u0411\\u0435\\u0437 \\u043f\\u0435\\u0440\\u0435\\u0432\\u043e\\u0434\\u0447\\u0438\\u043a\\u0430\\r\\nesee_contactus+tr+info+en@visaops.net\"},\"account\":{\"id\":3,\"email\":\"shelesnovmikhaill@mail.ru\",\"name\":\"Mikhail Shelesnov\",\"last_parsing\":1684800038,\"created_at\":\"2023-05-09T16:15:31.000000Z\",\"updated_at\":\"2023-05-23T00:00:38.000000Z\"},\"clients_to_cities\":[{\"client_id\":4,\"city_id\":83}],\"dates\":[{\"id\":31,\"client_id\":4,\"date_from\":\"2023-07-19T21:00:00.000000Z\",\"date_to\":\"2023-10-29T21:00:00.000000Z\"}],\"agent\":{\"id\":3,\"user_id\":3,\"name\":\"EasyVisaINC\",\"website\":\"https:\\/\\/easyvisainc.ru\",\"comments\":\"\\u0420\\u0443\\u043a\\u043e\\u0432\\u043e\\u0434\\u0438\\u0442\\u0435\\u043b\\u044c \\u043f\\u043e \\u043a\\u043b\\u0438\\u0435\\u043d\\u0442\\u0430\\u043c \\u043d\\u0430\\u043f\\u0438\\u0448\\u0435\\u0442 \\u0432 WhatsUp\",\"price_per_client\":5000,\"created_at\":\"2023-05-06T10:35:07.000000Z\",\"updated_at\":\"2023-05-06T10:37:29.000000Z\",\"user\":{\"id\":3,\"name\":\"Kirill\",\"email\":\"admin0@bot.com\",\"email_verified_at\":null,\"is_approved\":1,\"is_super\":1,\"created_at\":null,\"updated_at\":null}},\"cities\":[{\"client_id\":4,\"city_id\":83}]}',NULL,'2023-05-23 00:00:53','2023-05-23 00:00:53'),(32,4,'admin','completed','{\"id\":4,\"agent_id\":3,\"account_id\":3,\"country_id\":35,\"ais_ivr_id\":49519147,\"visa_type_id\":1,\"ais_client_id\":49049647,\"status\":\"completed\",\"is_priority\":false,\"is_hidden\":false,\"is_resident\":false,\"is_paid\":true,\"group_size\":2,\"ais_status\":\"Schedule Appointment\",\"ais_name\":\"Mikhail Shelesnov\",\"comments\":null,\"total_price\":10000,\"ais_office_id\":125,\"reservation_date\":\"2023-07-21T05:45:00.000000Z\",\"appointment_pdf\":null,\"appointment_img\":null,\"last_parsing\":1684800038,\"last_log\":\"2023-05-23 03:00:38: ===========================================START===========================================\\nClient id: 4\\nUsing proxy: 161.123.151.67:6051\\nUsing browser: Mozilla\\/5.0 (Windows NT 6.2; WOW64) AppleWebKit\\/537.36 (KHTML, like Gecko) Chrome\\/42.0.2311.90 Safari\\/537.36\\n2023-05-23 03:00:41: Login form request - 3.222482919693 seconds.\\n2023-05-23 03:00:43: Login form loaded - 5.9623589515686 seconds.\\n2023-05-23 03:00:45: Login \'shelesnovmikhaill@mail.ru\' submit - 7.2443270683289 seconds.\\n2023-05-23 03:00:46: Account page received - 8.4035658836365 seconds.\\n2023-05-23 03:00:46: Visa type ID: 1 - 8.4037170410156 seconds.\\n2023-05-23 03:00:46: Account name \'Mikhail Shelesnov\' received - 8.4217200279236 seconds.\\n2023-05-23 03:00:46: IVR \'49519147\' found, client ID: \'49049647\' - 8.4490940570831 seconds.\\n2023-05-23 03:00:46: Client status: \'Schedule Appointment\' - 8.483283996582 seconds.\\n2023-05-23 03:00:46: Group size - 2 - 8.5227439403534 seconds.\\n2023-05-23 03:00:46: Requesting available dates for \\u0130stanbul - 8.5276000499725 seconds.\\n2023-05-23 03:00:47: Office ID (125): {\\\"1\\\":[\\\"2023-07-21\\\",\\\"2024-12-04\\\",\\\"2024-12-05\\\",\\\"2024-12-06\\\",\\\"2024-12-09\\\",\\\"2024-12-10\\\",\\\"2024-12-11\\\",\\\"2024-12-12\\\",\\\"2024-12-13\\\",\\\"2024-12-16\\\",\\\"2024-12-17\\\",\\\"2024-12-18\\\",\\\"2024-12-19\\\",\\\"2024-12-20\\\",\\\"2024-12-23\\\",\\\"2024-12-24\\\",\\\"2025-01-02\\\",\\\"2025-01-03\\\",\\\"2025-01-06\\\",\\\"2025-01-07\\\",\\\"2025-01-08\\\",\\\"2025-01-09\\\",\\\"2025-01-10\\\",\\\"2025-01-13\\\",\\\"2025-01-14\\\",\\\"2025-01-15\\\",\\\"2025-01-16\\\",\\\"2025-01-17\\\",\\\"2025-01-21\\\",\\\"2025-01-22\\\",\\\"2025-01-23\\\",\\\"2025-01-24\\\",\\\"2025-01-27\\\",\\\"2025-01-28\\\",\\\"2025-01-30\\\",\\\"2025-01-31\\\",\\\"2025-08-01\\\",\\\"2025-08-04\\\",\\\"2025-08-05\\\",\\\"2025-08-06\\\",\\\"2025-08-07\\\",\\\"2025-08-08\\\",\\\"2025-08-11\\\",\\\"2025-08-12\\\",\\\"2025-08-13\\\",\\\"2025-08-14\\\",\\\"2025-08-15\\\",\\\"2025-08-18\\\",\\\"2025-08-19\\\",\\\"2025-08-20\\\",\\\"2025-08-21\\\",\\\"2025-08-22\\\",\\\"2025-08-25\\\",\\\"2025-08-26\\\",\\\"2025-08-27\\\",\\\"2025-08-28\\\",\\\"2025-08-29\\\"]} - 9.0644979476929 seconds.\\n2023-05-23 03:00:47: Time check started - 9.0645849704742 seconds.\\n2023-05-23 03:00:47: Requesting available times for 2023-07-21 - 9.0675799846649 seconds.\\n2023-05-23 03:00:47: Available times response {\\\"available_times\\\":[\\\"08:45\\\"],\\\"business_times\\\":[\\\"08:45\\\"]} - 9.5496311187744 seconds.\\n2023-05-23 03:00:47: Checking that other client is not booking at 08:45 - 9.551374912262 seconds.\\n2023-05-23 03:00:47: Available date\\/time found: 2023-07-21 08:45 - 9.552237033844 seconds.\\n2023-05-23 03:00:48: Appointment form submit start - 10.381884098053 seconds.\\n2023-05-23 03:00:52: Reservation completed - 14.57047700882 seconds.\\n\",\"time_created\":1683649045,\"time_reservation\":1684800052,\"time_till_reservation\":1151007,\"days_from_today\":7,\"queue_order\":0,\"err_login\":0,\"is_delay\":false,\"created_at\":\"2023-05-09T16:17:25.000000Z\",\"updated_at\":\"2023-05-23T09:53:07.000000Z\",\"dates\":[{\"id\":33,\"client_id\":4,\"date_from\":\"2023-07-19T21:00:00.000000Z\",\"date_to\":\"2023-10-29T21:00:00.000000Z\"}],\"cities\":[{\"client_id\":4,\"city_id\":83}]}',NULL,'2023-05-23 09:53:07','2023-05-23 09:53:07'),(33,8,'admin','new','{\"time_created\":1684835811,\"agent_id\":3,\"account_id\":7,\"country_id\":35,\"visa_type_id\":1,\"ais_ivr_id\":50422812,\"comments\":null,\"status\":\"new\",\"days_from_today\":7,\"total_price\":5000,\"is_priority\":false,\"is_hidden\":false,\"is_resident\":false,\"is_paid\":false,\"updated_at\":\"2023-05-23T09:56:51.000000Z\",\"created_at\":\"2023-05-23T09:56:51.000000Z\",\"id\":8,\"dates\":[{\"id\":34,\"client_id\":8,\"date_from\":\"2023-06-25T21:00:00.000000Z\",\"date_to\":\"2023-07-17T21:00:00.000000Z\"}],\"cities\":[{\"client_id\":8,\"city_id\":83}]}',NULL,'2023-05-23 09:56:51','2023-05-23 09:56:51'),(34,9,'admin','new','{\"time_created\":1684849430,\"agent_id\":6,\"account_id\":8,\"country_id\":33,\"visa_type_id\":1,\"ais_ivr_id\":33028056,\"comments\":null,\"status\":\"new\",\"days_from_today\":14,\"total_price\":5000,\"is_priority\":false,\"is_hidden\":false,\"is_resident\":false,\"is_paid\":false,\"updated_at\":\"2023-05-23T13:43:50.000000Z\",\"created_at\":\"2023-05-23T13:43:50.000000Z\",\"id\":9,\"dates\":[{\"id\":35,\"client_id\":9,\"date_from\":\"2023-06-04T21:00:00.000000Z\",\"date_to\":\"2023-06-29T21:00:00.000000Z\"}],\"cities\":[{\"client_id\":9,\"city_id\":81}]}',NULL,'2023-05-23 13:43:50','2023-05-23 13:43:50'),(35,10,'admin','new','{\"time_created\":1684849756,\"agent_id\":6,\"account_id\":9,\"country_id\":37,\"visa_type_id\":1,\"ais_ivr_id\":10044542,\"comments\":null,\"status\":\"new\",\"days_from_today\":14,\"total_price\":5000,\"is_priority\":false,\"is_hidden\":false,\"is_resident\":false,\"is_paid\":false,\"updated_at\":\"2023-05-23T13:49:16.000000Z\",\"created_at\":\"2023-05-23T13:49:16.000000Z\",\"id\":10,\"dates\":[{\"id\":36,\"client_id\":10,\"date_from\":\"2023-05-30T21:00:00.000000Z\",\"date_to\":\"2023-07-04T21:00:00.000000Z\"}],\"cities\":[{\"client_id\":10,\"city_id\":58}]}',NULL,'2023-05-23 13:49:16','2023-05-23 13:49:16'),(36,11,'admin','new','{\"time_created\":1684850242,\"agent_id\":3,\"account_id\":10,\"country_id\":19,\"visa_type_id\":1,\"ais_ivr_id\":58261847,\"comments\":null,\"status\":\"new\",\"days_from_today\":2,\"total_price\":10000,\"is_priority\":false,\"is_hidden\":false,\"is_resident\":false,\"is_paid\":false,\"updated_at\":\"2023-05-23T13:57:22.000000Z\",\"created_at\":\"2023-05-23T13:57:22.000000Z\",\"id\":11,\"dates\":[{\"id\":37,\"client_id\":11,\"date_from\":\"2023-05-28T21:00:00.000000Z\",\"date_to\":\"2023-06-08T21:00:00.000000Z\"}],\"cities\":[{\"client_id\":11,\"city_id\":80}]}',NULL,'2023-05-23 13:57:22','2023-05-23 13:57:22'),(37,12,'admin','new','{\"time_created\":1684916377,\"agent_id\":6,\"account_id\":11,\"country_id\":33,\"visa_type_id\":1,\"ais_ivr_id\":50507407,\"comments\":null,\"status\":\"new\",\"days_from_today\":4,\"total_price\":8000,\"is_priority\":false,\"is_hidden\":false,\"is_resident\":false,\"is_paid\":false,\"updated_at\":\"2023-05-24T08:19:37.000000Z\",\"created_at\":\"2023-05-24T08:19:37.000000Z\",\"id\":12,\"dates\":[{\"id\":38,\"client_id\":12,\"date_from\":\"2023-06-11T21:00:00.000000Z\",\"date_to\":\"2023-06-29T21:00:00.000000Z\"}],\"cities\":[{\"client_id\":12,\"city_id\":81}]}',NULL,'2023-05-24 08:19:38','2023-05-24 08:19:38'),(38,13,'admin','new','{\"time_created\":1684916481,\"agent_id\":6,\"account_id\":11,\"country_id\":33,\"visa_type_id\":1,\"ais_ivr_id\":94476868,\"comments\":null,\"status\":\"new\",\"days_from_today\":4,\"total_price\":5000,\"is_priority\":false,\"is_hidden\":false,\"is_resident\":false,\"is_paid\":false,\"updated_at\":\"2023-05-24T08:21:21.000000Z\",\"created_at\":\"2023-05-24T08:21:21.000000Z\",\"id\":13,\"dates\":[{\"id\":39,\"client_id\":13,\"date_from\":\"2023-06-11T21:00:00.000000Z\",\"date_to\":\"2023-06-29T21:00:00.000000Z\"}],\"cities\":[{\"client_id\":13,\"city_id\":81}]}',NULL,'2023-05-24 08:21:21','2023-05-24 08:21:21'),(39,10,'parser','completed','{\"id\":10,\"agent_id\":6,\"account_id\":9,\"country_id\":37,\"ais_ivr_id\":10044542,\"visa_type_id\":1,\"ais_client_id\":49206594,\"status\":\"completed\",\"is_priority\":false,\"is_hidden\":false,\"is_resident\":false,\"is_paid\":false,\"group_size\":1,\"ais_status\":\"Attend Appointment\",\"ais_name\":\"STANISLAV GRUZDEV\",\"comments\":null,\"total_price\":5000,\"ais_office_id\":96,\"reservation_date\":\"2023-06-26T06:15:00.000000Z\",\"appointment_pdf\":null,\"appointment_img\":null,\"last_parsing\":1684974256,\"last_log\":\"Start queue: [{\\\"client_id\\\":10,\\\"order\\\":1,\\\"hash\\\":\\\"8651fa4237419523795d2dba62685a17\\\"}]\\nReal, has available date: 2023-06-26\\n2023-05-25 03:24:16: ===========================================START===========================================\\nClient id: 10\\nUsing proxy: 181.177.94.22:7596\\nUsing browser: Mozilla\\/5.0 (Windows NT 10.0; Win64; x64) AppleWebKit\\/537.36 (KHTML, like Gecko) Chrome\\/74.0.3729.131 Safari\\/537.36\\n2023-05-25 03:24:16: Login form request - 0.49319195747375 seconds.\\n2023-05-25 03:24:20: Login form loaded - 4.4932909011841 seconds.\\n2023-05-25 03:24:21: Login \'10091996nas@gofortravel.ru\' submit - 5.4515330791473 seconds.\\n2023-05-25 03:24:22: Account page received - 6.5631649494171 seconds.\\n2023-05-25 03:24:22: Visa type ID: 1 - 6.5632419586182 seconds.\\n2023-05-25 03:24:22: Account name \'STANISLAV GRUZDEV\' received - 6.5865080356598 seconds.\\n2023-05-25 03:24:22: IVR \'10044542\' found, client ID: \'49206594\' - 6.6701490879059 seconds.\\n2023-05-25 03:24:22: Client status: \'Attend Appointment\' - 6.7402029037476 seconds.\\n2023-05-25 03:24:22: Group size - 1 - 6.7626860141754 seconds.\\n2023-05-25 03:24:22: Requesting available dates for Tel Aviv - 6.764121055603 seconds.\\n2023-05-25 03:24:23: Office ID (96): {\\\"1\\\":[\\\"2023-06-26\\\",\\\"2024-01-11\\\",\\\"2024-01-18\\\",\\\"2024-01-24\\\",\\\"2024-01-25\\\",\\\"2024-01-30\\\",\\\"2024-01-31\\\",\\\"2024-02-01\\\",\\\"2024-02-05\\\",\\\"2024-02-06\\\",\\\"2024-02-07\\\",\\\"2024-02-08\\\",\\\"2024-02-12\\\",\\\"2024-02-13\\\",\\\"2024-02-14\\\",\\\"2024-02-15\\\",\\\"2024-02-20\\\",\\\"2024-02-21\\\",\\\"2024-02-22\\\",\\\"2024-03-21\\\",\\\"2024-03-27\\\",\\\"2024-04-01\\\",\\\"2024-04-02\\\",\\\"2024-04-17\\\",\\\"2024-04-22\\\",\\\"2024-04-24\\\",\\\"2024-04-29\\\",\\\"2024-05-01\\\",\\\"2024-05-06\\\",\\\"2024-05-07\\\",\\\"2024-05-09\\\",\\\"2024-05-21\\\",\\\"2024-05-22\\\",\\\"2024-05-28\\\",\\\"2024-05-30\\\",\\\"2024-06-06\\\",\\\"2024-06-11\\\",\\\"2024-06-12\\\",\\\"2024-06-20\\\"]} - 7.3510229587555 seconds.\\n2023-05-25 03:24:23: Time check started - 7.3511021137238 seconds.\\n2023-05-25 03:24:23: Requesting available times for 2023-06-26 - 7.3543689250946 seconds.\\n2023-05-25 03:24:23: Available times response {\\\"available_times\\\":[\\\"09:15\\\"],\\\"business_times\\\":[\\\"09:15\\\"]} - 7.8833169937134 seconds.\\n2023-05-25 03:24:23: Checking that other client is not booking at 09:15 - 7.8857378959656 seconds.\\n2023-05-25 03:24:23: Available date\\/time found: 2023-06-26 09:15 - 7.886461019516 seconds.\\n2023-05-25 03:24:24: Appointment form submit start - 8.8707931041718 seconds.\\n2023-05-25 03:24:27: Reservation completed - 11.359348058701 seconds.\\n\\nNew dates NOT found.\\n\\n2023-05-25 03:24:27 - data saved.\",\"time_created\":1684849756,\"time_reservation\":1684974267,\"time_till_reservation\":124511,\"days_from_today\":14,\"queue_order\":0,\"err_login\":0,\"is_delay\":false,\"created_at\":\"2023-05-23T13:49:16.000000Z\",\"updated_at\":\"2023-05-25T00:24:27.000000Z\",\"clients_to_cities\":[{\"client_id\":10,\"city_id\":58}],\"visa_type\":{\"id\":1,\"code\":\"2\",\"db_code\":\"b1b2\",\"short_name\":\"B1\\/B2\",\"name\":\"B1\\/B2 Business & Tourism (Temporary visitor)\"},\"country\":{\"id\":37,\"region\":\"Middle East\",\"code\":\"il\",\"name\":\"Israel\",\"name_ru\":\"\\u0418\\u0437\\u0440\\u0430\\u0438\\u043b\\u044c\",\"flag\":\"\\ud83c\\uddee\\ud83c\\uddf1\",\"is_notify\":true,\"is_parsing_fd\":true,\"count_fake\":480,\"comments\":\"set-up - Russia, no residence\"},\"account\":{\"id\":9,\"email\":\"10091996nas@gofortravel.ru\",\"name\":\"STANISLAV GRUZDEV\",\"last_parsing\":1684974256,\"created_at\":\"2023-05-23T13:47:21.000000Z\",\"updated_at\":\"2023-05-25T00:24:16.000000Z\"},\"dates\":[{\"id\":36,\"client_id\":10,\"date_from\":\"2023-05-30T21:00:00.000000Z\",\"date_to\":\"2023-07-04T21:00:00.000000Z\"}],\"agent\":{\"id\":6,\"user_id\":3,\"name\":\"Uway\",\"website\":\"https:\\/\\/visatravel.ru\",\"comments\":\"\\u0422\\u0435\\u043b\\u0435\\u0433\\u0440\\u0430\\u043c:\\r\\n\\u043e\\u0431\\u0449\\u0430\\u043b\\u0438\\u0441\\u044c 05 \\u0438 06 \\u043c\\u0430\\u044f\\r\\n@shipkovdenis1 - \\u0421\\u0415\\u041e\\r\\n\\u0413\\u043e\\u0440\\u044f\\u0438\\u043d\\u043e\\u0432\\u0430 \\u0410\\u043d\\u0430\\u0441\\u0442\\u0430\\u0441\\u0438\\u044f, \\u0431\\u0435\\u0437 \\u044e\\u0437\\u0435\\u0440\\u043d\\u0435\\u0439\\u043c\\u0430 - \\u0440\\u0443\\u043a\\u043e\\u0432\\u043e\\u0434\\u0438\\u0442\\u0435\\u043b\\u044c \\u043e\\u0442\\u0434\\u0435\\u043b\\u0430 \\u0441\\u043e\\u043f\\u0440\\u043e\\u0432\\u043e\\u0436\\u0434\\u0435\\u043d\\u0438\\u044f \\u043a\\u043b\\u0438\\u0435\\u043d\\u0442\\u043e\\u0432 \\u043a\\u043e\\u043c\\u043f\\u0430\\u043d\\u0438\\u044f Uway\\r\\n\\u0422\\u0430\\u043a \\u0436\\u0435 \\u0441 \\u042e\\u0434\\u0436\\u0438\\u043d\\u043e\\u043c \\u0434\\u043e\\u043b\\u0436\\u0435\\u043d \\u0441\\u0432\\u044f\\u0437\\u0430\\u0442\\u044c\\u0441\\u044f \\u043c\\u0435\\u043d\\u0435\\u0434\\u0436\\u0435\\u0440 \\u043d\\u0430\\u043f\\u0440\\u0430\\u0432\\u043b\\u0435\\u043d\\u0438\\u044f.\\r\\n\\r\\n\\u0426\\u0435\\u043d\\u0430: 5000 - 1\\u044b\\u0439 \\u0447\\u0435\\u043b\\u043e\\u0432\\u0435\\u043a \\u0432 \\u0433\\u0440\\u0443\\u043f\\u043f\\u0435, \\u043a\\u0430\\u0436\\u0434\\u044b\\u0439 \\u043f\\u043e\\u0441\\u043b\\u0435\\u0434\\u0443\\u044e\\u0449\\u0438\\u0439 \\u0432 \\u0442\\u043e\\u0439 \\u0436\\u0435 \\u0433\\u0440\\u0443\\u043f\\u043f\\u0435 +3000\\r\\n\\r\\n\\u041e\\u0431\\u0435\\u0449\\u0430\\u044e\\u0442 - \\u0432 \\u0441\\u0440\\u0435\\u0434\\u043d\\u0435\\u043c 50-70 \\u0447\\u0435\\u043b\\u043e\\u0432\\u0435\\u043a \\u0421\\u0428\\u0410\\r\\n\\u041f\\u0440\\u043e\\u0441\\u0438\\u043b\\u0438 \\u0432\\u0438\\u0437\\u0443 \\u0414(\\u0421\\u0428\\u0410) - \\u043a\\u0430\\u043a \\u043d\\u0430\\u0447\\u043d\\u0435\\u043c \\u0440\\u0430\\u0431\\u043e\\u0442\\u0430\\u0442\\u044c - \\u0441\\u0440\\u0430\\u0437\\u0443 \\u043d\\u0443\\u0436\\u043d\\u043e \\u0431\\u0443\\u0434\\u0435\\u0442 \\u0443\\u0442\\u043e\\u0447\\u043d\\u0438\\u0442\\u044c, \\u044d\\u0442\\u043e \\u0441\\u043c\\u043e\\u0436\\u0435\\u043c \\u0437\\u0430 \\u043d\\u0435\\u0441\\u043a\\u043e\\u043b\\u044c\\u043a\\u043e \\u0434\\u043d\\u0435\\u0439 \\u043f\\u0440\\u0438 \\u043d\\u0435\\u043e\\u0431\\u0445\\u043e\\u0434\\u0438\\u043c\\u043e\\u0441\\u0442\\u0438 \\u0441\\u0434\\u0435\\u043b\\u0430\\u0442\\u044c\\r\\n\\u0438 \\u041a\\u0438\\u0442\\u0430\\u0439, \\u043e\\u0431\\u044a\\u0435\\u043c 200-300 \\u0447\\u0435\\u043b\\u043e\\u0432\\u0435\\u043a.\",\"price_per_client\":5000,\"created_at\":\"2023-05-06T14:10:52.000000Z\",\"updated_at\":\"2023-05-12T10:40:29.000000Z\",\"user\":{\"id\":3,\"name\":\"Kirill\",\"email\":\"admin0@bot.com\",\"email_verified_at\":null,\"is_approved\":1,\"is_super\":1,\"created_at\":null,\"updated_at\":null}},\"cities\":[{\"client_id\":10,\"city_id\":58}]}',NULL,'2023-05-25 00:24:27','2023-05-25 00:24:27'),(40,14,'admin','new','{\"time_created\":1685008326,\"agent_id\":3,\"account_id\":12,\"country_id\":19,\"visa_type_id\":1,\"ais_ivr_id\":82519293,\"comments\":null,\"status\":\"new\",\"days_from_today\":21,\"total_price\":5000,\"is_priority\":false,\"is_hidden\":false,\"is_resident\":false,\"is_paid\":false,\"updated_at\":\"2023-05-25T09:52:06.000000Z\",\"created_at\":\"2023-05-25T09:52:06.000000Z\",\"id\":14,\"dates\":[{\"id\":40,\"client_id\":14,\"date_from\":\"2023-05-24T21:00:00.000000Z\",\"date_to\":\"2023-12-21T21:00:00.000000Z\"}],\"cities\":[{\"client_id\":14,\"city_id\":80}]}',NULL,'2023-05-25 09:52:06','2023-05-25 09:52:06'),(41,15,'admin','new','{\"time_created\":1685034014,\"agent_id\":3,\"account_id\":13,\"country_id\":19,\"visa_type_id\":1,\"ais_ivr_id\":83698846,\"comments\":null,\"status\":\"new\",\"days_from_today\":14,\"total_price\":10000,\"is_priority\":false,\"is_hidden\":false,\"is_resident\":false,\"is_paid\":false,\"updated_at\":\"2023-05-25T17:00:14.000000Z\",\"created_at\":\"2023-05-25T17:00:14.000000Z\",\"id\":15,\"dates\":[{\"id\":41,\"client_id\":15,\"date_from\":\"2023-07-02T21:00:00.000000Z\",\"date_to\":\"2023-07-23T21:00:00.000000Z\"}],\"cities\":[{\"client_id\":15,\"city_id\":80}]}',NULL,'2023-05-25 17:00:15','2023-05-25 17:00:15'),(42,10,'admin','completed','{\"id\":10,\"agent_id\":6,\"account_id\":9,\"country_id\":37,\"ais_ivr_id\":10044542,\"visa_type_id\":1,\"ais_client_id\":49206594,\"status\":\"completed\",\"is_priority\":false,\"is_hidden\":false,\"is_resident\":false,\"is_paid\":true,\"group_size\":1,\"ais_status\":\"Attend Appointment\",\"ais_name\":\"STANISLAV GRUZDEV\",\"comments\":null,\"total_price\":5000,\"ais_office_id\":96,\"reservation_date\":\"2023-06-26T06:15:00.000000Z\",\"appointment_pdf\":null,\"appointment_img\":null,\"last_parsing\":1684974256,\"last_log\":\"2023-05-25 03:24:16: ===========================================START===========================================\\nClient id: 10\\nUsing proxy: 181.177.94.22:7596\\nUsing browser: Mozilla\\/5.0 (Windows NT 10.0; Win64; x64) AppleWebKit\\/537.36 (KHTML, like Gecko) Chrome\\/74.0.3729.131 Safari\\/537.36\\n2023-05-25 03:24:16: Login form request - 0.49319195747375 seconds.\\n2023-05-25 03:24:20: Login form loaded - 4.4932909011841 seconds.\\n2023-05-25 03:24:21: Login \'10091996nas@gofortravel.ru\' submit - 5.4515330791473 seconds.\\n2023-05-25 03:24:22: Account page received - 6.5631649494171 seconds.\\n2023-05-25 03:24:22: Visa type ID: 1 - 6.5632419586182 seconds.\\n2023-05-25 03:24:22: Account name \'STANISLAV GRUZDEV\' received - 6.5865080356598 seconds.\\n2023-05-25 03:24:22: IVR \'10044542\' found, client ID: \'49206594\' - 6.6701490879059 seconds.\\n2023-05-25 03:24:22: Client status: \'Attend Appointment\' - 6.7402029037476 seconds.\\n2023-05-25 03:24:22: Group size - 1 - 6.7626860141754 seconds.\\n2023-05-25 03:24:22: Requesting available dates for Tel Aviv - 6.764121055603 seconds.\\n2023-05-25 03:24:23: Office ID (96): {\\\"1\\\":[\\\"2023-06-26\\\",\\\"2024-01-11\\\",\\\"2024-01-18\\\",\\\"2024-01-24\\\",\\\"2024-01-25\\\",\\\"2024-01-30\\\",\\\"2024-01-31\\\",\\\"2024-02-01\\\",\\\"2024-02-05\\\",\\\"2024-02-06\\\",\\\"2024-02-07\\\",\\\"2024-02-08\\\",\\\"2024-02-12\\\",\\\"2024-02-13\\\",\\\"2024-02-14\\\",\\\"2024-02-15\\\",\\\"2024-02-20\\\",\\\"2024-02-21\\\",\\\"2024-02-22\\\",\\\"2024-03-21\\\",\\\"2024-03-27\\\",\\\"2024-04-01\\\",\\\"2024-04-02\\\",\\\"2024-04-17\\\",\\\"2024-04-22\\\",\\\"2024-04-24\\\",\\\"2024-04-29\\\",\\\"2024-05-01\\\",\\\"2024-05-06\\\",\\\"2024-05-07\\\",\\\"2024-05-09\\\",\\\"2024-05-21\\\",\\\"2024-05-22\\\",\\\"2024-05-28\\\",\\\"2024-05-30\\\",\\\"2024-06-06\\\",\\\"2024-06-11\\\",\\\"2024-06-12\\\",\\\"2024-06-20\\\"]} - 7.3510229587555 seconds.\\n2023-05-25 03:24:23: Time check started - 7.3511021137238 seconds.\\n2023-05-25 03:24:23: Requesting available times for 2023-06-26 - 7.3543689250946 seconds.\\n2023-05-25 03:24:23: Available times response {\\\"available_times\\\":[\\\"09:15\\\"],\\\"business_times\\\":[\\\"09:15\\\"]} - 7.8833169937134 seconds.\\n2023-05-25 03:24:23: Checking that other client is not booking at 09:15 - 7.8857378959656 seconds.\\n2023-05-25 03:24:23: Available date\\/time found: 2023-06-26 09:15 - 7.886461019516 seconds.\\n2023-05-25 03:24:24: Appointment form submit start - 8.8707931041718 seconds.\\n2023-05-25 03:24:27: Reservation completed - 11.359348058701 seconds.\\n\",\"time_created\":1684849756,\"time_reservation\":1684974267,\"time_till_reservation\":124511,\"days_from_today\":14,\"queue_order\":0,\"err_login\":0,\"is_delay\":false,\"created_at\":\"2023-05-23T13:49:16.000000Z\",\"updated_at\":\"2023-05-25T17:12:04.000000Z\",\"dates\":[{\"id\":42,\"client_id\":10,\"date_from\":\"2023-05-30T21:00:00.000000Z\",\"date_to\":\"2023-07-04T21:00:00.000000Z\"}],\"cities\":[{\"client_id\":10,\"city_id\":58}]}',NULL,'2023-05-25 17:12:04','2023-05-25 17:12:04'),(43,9,'parser','completed','{\"id\":9,\"agent_id\":6,\"account_id\":8,\"country_id\":33,\"ais_ivr_id\":33028056,\"visa_type_id\":1,\"ais_client_id\":49200007,\"status\":\"completed\",\"is_priority\":false,\"is_hidden\":false,\"is_resident\":false,\"is_paid\":false,\"group_size\":1,\"ais_status\":\"Schedule Appointment\",\"ais_name\":\"LUNEV MIKHAIL\",\"comments\":null,\"total_price\":5000,\"ais_office_id\":123,\"reservation_date\":\"2023-06-12T05:45:00.000000Z\",\"appointment_pdf\":null,\"appointment_img\":null,\"last_parsing\":1685035220,\"last_log\":\"Start queue: [{\\\"client_id\\\":9,\\\"order\\\":1,\\\"hash\\\":\\\"fed7da1a7965cd520026981a233c7734\\\"},{\\\"client_id\\\":12,\\\"order\\\":2,\\\"hash\\\":null},{\\\"client_id\\\":13,\\\"order\\\":3,\\\"hash\\\":null}]\\nReal, has available date: 2023-06-12\\n2023-05-25 20:20:20: ===========================================START===========================================\\nClient id: 9\\nUsing proxy: 154.30.248.107:5432\\nUsing browser: Mozilla\\/5.0 (Windows NT 10.0; Win64; x64) AppleWebKit\\/537.36 (KHTML, like Gecko) Chrome\\/60.0.3112.113 Safari\\/537.36\\n2023-05-25 20:20:20: Login form request - 0.36961698532104 seconds.\\n2023-05-25 20:20:25: Login form loaded - 5.4332358837128 seconds.\\n2023-05-25 20:20:27: Login \'Lunev.Mikhail@rambler.ru\' submit - 7.6978409290314 seconds.\\n2023-05-25 20:20:29: Account page received - 9.1741681098938 seconds.\\n2023-05-25 20:20:29: Visa type ID: 1 - 9.1742300987244 seconds.\\n2023-05-25 20:20:29: Account name \'LUNEV MIKHAIL\' received - 9.2835710048676 seconds.\\n2023-05-25 20:20:29: IVR \'33028056\' found, client ID: \'49200007\' - 9.3258199691772 seconds.\\n2023-05-25 20:20:29: Client status: \'Schedule Appointment\' - 9.4374649524689 seconds.\\n2023-05-25 20:20:29: Group size - 1 - 9.5045130252838 seconds.\\n2023-05-25 20:20:29: Requesting available dates for Belgrade - 9.5059061050415 seconds.\\n2023-05-25 20:20:30: Office ID (123): {\\\"1\\\":[\\\"2023-06-12\\\"]} - 10.275970935822 seconds.\\n2023-05-25 20:20:30: Time check started - 10.27608704567 seconds.\\n2023-05-25 20:20:30: Requesting available times for 2023-06-12 - 10.278815984726 seconds.\\n2023-05-25 20:20:30: Available times response {\\\"available_times\\\":[\\\"08:45\\\"],\\\"business_times\\\":[\\\"08:45\\\"]} - 10.874365091324 seconds.\\n2023-05-25 20:20:30: Checking that other client is not booking at 08:45 - 10.875565052032 seconds.\\n2023-05-25 20:20:30: Available date\\/time found: 2023-06-12 08:45 - 10.876163959503 seconds.\\n2023-05-25 20:20:31: Appointment form submit start - 11.769362926483 seconds.\\n2023-05-25 20:20:35: Reservation completed - 15.478178024292 seconds.\\n\\nNew dates NOT found.\\n\\n2023-05-25 20:20:36 - data saved.\",\"time_created\":1684849430,\"time_reservation\":1685035235,\"time_till_reservation\":185805,\"days_from_today\":14,\"queue_order\":0,\"err_login\":0,\"is_delay\":false,\"created_at\":\"2023-05-23T13:43:50.000000Z\",\"updated_at\":\"2023-05-25T17:20:35.000000Z\",\"clients_to_cities\":[{\"client_id\":9,\"city_id\":81}],\"visa_type\":{\"id\":1,\"code\":\"2\",\"db_code\":\"b1b2\",\"short_name\":\"B1\\/B2\",\"name\":\"B1\\/B2 Business & Tourism (Temporary visitor)\"},\"country\":{\"id\":33,\"region\":\"Europe\",\"code\":\"rs\",\"name\":\"Serbia\",\"name_ru\":\"\\u0421\\u0435\\u0440\\u0431\\u0438\\u044f\",\"flag\":\"\\ud83c\\uddf7\\ud83c\\uddf8\",\"is_notify\":true,\"is_parsing_fd\":true,\"count_fake\":498,\"count_real\":4,\"comments\":null},\"account\":{\"id\":8,\"email\":\"Lunev.Mikhail@rambler.ru\",\"name\":\"LUNEV MIKHAIL\",\"last_parsing\":1685035220,\"created_at\":\"2023-05-23T13:42:12.000000Z\",\"updated_at\":\"2023-05-25T17:20:20.000000Z\"},\"dates\":[{\"id\":35,\"client_id\":9,\"date_from\":\"2023-06-04T21:00:00.000000Z\",\"date_to\":\"2023-06-29T21:00:00.000000Z\"}],\"agent\":{\"id\":6,\"user_id\":3,\"name\":\"Uway\",\"website\":\"https:\\/\\/visatravel.ru\",\"comments\":\"\\u0422\\u0435\\u043b\\u0435\\u0433\\u0440\\u0430\\u043c:\\r\\n\\u043e\\u0431\\u0449\\u0430\\u043b\\u0438\\u0441\\u044c 05 \\u0438 06 \\u043c\\u0430\\u044f\\r\\n@shipkovdenis1 - \\u0421\\u0415\\u041e\\r\\n\\u0413\\u043e\\u0440\\u044f\\u0438\\u043d\\u043e\\u0432\\u0430 \\u0410\\u043d\\u0430\\u0441\\u0442\\u0430\\u0441\\u0438\\u044f, \\u0431\\u0435\\u0437 \\u044e\\u0437\\u0435\\u0440\\u043d\\u0435\\u0439\\u043c\\u0430 - \\u0440\\u0443\\u043a\\u043e\\u0432\\u043e\\u0434\\u0438\\u0442\\u0435\\u043b\\u044c \\u043e\\u0442\\u0434\\u0435\\u043b\\u0430 \\u0441\\u043e\\u043f\\u0440\\u043e\\u0432\\u043e\\u0436\\u0434\\u0435\\u043d\\u0438\\u044f \\u043a\\u043b\\u0438\\u0435\\u043d\\u0442\\u043e\\u0432 \\u043a\\u043e\\u043c\\u043f\\u0430\\u043d\\u0438\\u044f Uway\\r\\n\\u0422\\u0430\\u043a \\u0436\\u0435 \\u0441 \\u042e\\u0434\\u0436\\u0438\\u043d\\u043e\\u043c \\u0434\\u043e\\u043b\\u0436\\u0435\\u043d \\u0441\\u0432\\u044f\\u0437\\u0430\\u0442\\u044c\\u0441\\u044f \\u043c\\u0435\\u043d\\u0435\\u0434\\u0436\\u0435\\u0440 \\u043d\\u0430\\u043f\\u0440\\u0430\\u0432\\u043b\\u0435\\u043d\\u0438\\u044f.\\r\\n\\r\\n\\u0426\\u0435\\u043d\\u0430: 5000 - 1\\u044b\\u0439 \\u0447\\u0435\\u043b\\u043e\\u0432\\u0435\\u043a \\u0432 \\u0433\\u0440\\u0443\\u043f\\u043f\\u0435, \\u043a\\u0430\\u0436\\u0434\\u044b\\u0439 \\u043f\\u043e\\u0441\\u043b\\u0435\\u0434\\u0443\\u044e\\u0449\\u0438\\u0439 \\u0432 \\u0442\\u043e\\u0439 \\u0436\\u0435 \\u0433\\u0440\\u0443\\u043f\\u043f\\u0435 +3000\\r\\n\\r\\n\\u041e\\u0431\\u0435\\u0449\\u0430\\u044e\\u0442 - \\u0432 \\u0441\\u0440\\u0435\\u0434\\u043d\\u0435\\u043c 50-70 \\u0447\\u0435\\u043b\\u043e\\u0432\\u0435\\u043a \\u0421\\u0428\\u0410\\r\\n\\u041f\\u0440\\u043e\\u0441\\u0438\\u043b\\u0438 \\u0432\\u0438\\u0437\\u0443 \\u0414(\\u0421\\u0428\\u0410) - \\u043a\\u0430\\u043a \\u043d\\u0430\\u0447\\u043d\\u0435\\u043c \\u0440\\u0430\\u0431\\u043e\\u0442\\u0430\\u0442\\u044c - \\u0441\\u0440\\u0430\\u0437\\u0443 \\u043d\\u0443\\u0436\\u043d\\u043e \\u0431\\u0443\\u0434\\u0435\\u0442 \\u0443\\u0442\\u043e\\u0447\\u043d\\u0438\\u0442\\u044c, \\u044d\\u0442\\u043e \\u0441\\u043c\\u043e\\u0436\\u0435\\u043c \\u0437\\u0430 \\u043d\\u0435\\u0441\\u043a\\u043e\\u043b\\u044c\\u043a\\u043e \\u0434\\u043d\\u0435\\u0439 \\u043f\\u0440\\u0438 \\u043d\\u0435\\u043e\\u0431\\u0445\\u043e\\u0434\\u0438\\u043c\\u043e\\u0441\\u0442\\u0438 \\u0441\\u0434\\u0435\\u043b\\u0430\\u0442\\u044c\\r\\n\\u0438 \\u041a\\u0438\\u0442\\u0430\\u0439, \\u043e\\u0431\\u044a\\u0435\\u043c 200-300 \\u0447\\u0435\\u043b\\u043e\\u0432\\u0435\\u043a.\",\"price_per_client\":5000,\"created_at\":\"2023-05-06T14:10:52.000000Z\",\"updated_at\":\"2023-05-12T10:40:29.000000Z\",\"user\":{\"id\":3,\"name\":\"Kirill\",\"email\":\"admin0@bot.com\",\"email_verified_at\":null,\"is_approved\":1,\"is_super\":1,\"created_at\":null,\"updated_at\":null}},\"cities\":[{\"client_id\":9,\"city_id\":81}]}',NULL,'2023-05-25 17:20:36','2023-05-25 17:20:36'),(44,9,'admin','completed','{\"id\":9,\"agent_id\":6,\"account_id\":8,\"country_id\":33,\"ais_ivr_id\":33028056,\"visa_type_id\":1,\"ais_client_id\":49200007,\"status\":\"completed\",\"is_priority\":false,\"is_hidden\":false,\"is_resident\":false,\"is_paid\":true,\"group_size\":1,\"ais_status\":\"Schedule Appointment\",\"ais_name\":\"LUNEV MIKHAIL\",\"comments\":null,\"total_price\":5000,\"ais_office_id\":123,\"reservation_date\":\"2023-06-12T05:45:00.000000Z\",\"appointment_pdf\":null,\"appointment_img\":null,\"last_parsing\":1685035220,\"last_log\":\"2023-05-25 20:20:20: ===========================================START===========================================\\nClient id: 9\\nUsing proxy: 154.30.248.107:5432\\nUsing browser: Mozilla\\/5.0 (Windows NT 10.0; Win64; x64) AppleWebKit\\/537.36 (KHTML, like Gecko) Chrome\\/60.0.3112.113 Safari\\/537.36\\n2023-05-25 20:20:20: Login form request - 0.36961698532104 seconds.\\n2023-05-25 20:20:25: Login form loaded - 5.4332358837128 seconds.\\n2023-05-25 20:20:27: Login \'Lunev.Mikhail@rambler.ru\' submit - 7.6978409290314 seconds.\\n2023-05-25 20:20:29: Account page received - 9.1741681098938 seconds.\\n2023-05-25 20:20:29: Visa type ID: 1 - 9.1742300987244 seconds.\\n2023-05-25 20:20:29: Account name \'LUNEV MIKHAIL\' received - 9.2835710048676 seconds.\\n2023-05-25 20:20:29: IVR \'33028056\' found, client ID: \'49200007\' - 9.3258199691772 seconds.\\n2023-05-25 20:20:29: Client status: \'Schedule Appointment\' - 9.4374649524689 seconds.\\n2023-05-25 20:20:29: Group size - 1 - 9.5045130252838 seconds.\\n2023-05-25 20:20:29: Requesting available dates for Belgrade - 9.5059061050415 seconds.\\n2023-05-25 20:20:30: Office ID (123): {\\\"1\\\":[\\\"2023-06-12\\\"]} - 10.275970935822 seconds.\\n2023-05-25 20:20:30: Time check started - 10.27608704567 seconds.\\n2023-05-25 20:20:30: Requesting available times for 2023-06-12 - 10.278815984726 seconds.\\n2023-05-25 20:20:30: Available times response {\\\"available_times\\\":[\\\"08:45\\\"],\\\"business_times\\\":[\\\"08:45\\\"]} - 10.874365091324 seconds.\\n2023-05-25 20:20:30: Checking that other client is not booking at 08:45 - 10.875565052032 seconds.\\n2023-05-25 20:20:30: Available date\\/time found: 2023-06-12 08:45 - 10.876163959503 seconds.\\n2023-05-25 20:20:31: Appointment form submit start - 11.769362926483 seconds.\\n2023-05-25 20:20:35: Reservation completed - 15.478178024292 seconds.\\n\",\"time_created\":1684849430,\"time_reservation\":1685035235,\"time_till_reservation\":185805,\"days_from_today\":14,\"queue_order\":0,\"err_login\":0,\"is_delay\":false,\"created_at\":\"2023-05-23T13:43:50.000000Z\",\"updated_at\":\"2023-05-26T11:05:49.000000Z\",\"dates\":[{\"id\":43,\"client_id\":9,\"date_from\":\"2023-06-04T21:00:00.000000Z\",\"date_to\":\"2023-06-29T21:00:00.000000Z\"}],\"cities\":[{\"client_id\":9,\"city_id\":81}]}',NULL,'2023-05-26 11:05:49','2023-05-26 11:05:49');

--
