-- Table structure for table `settings`
--

CREATE TABLE `settings` (
  `code` varchar(191) DEFAULT NULL,
  `name` varchar(191) DEFAULT NULL,
  `value` varchar(191) DEFAULT NULL,
  UNIQUE KEY `settings_code_unique` (`code`)
) ENGINE=InnoDB DEFAULT CHARSET=utf8mb4 COLLATE=utf8mb4_unicode_ci;

--
-- Dumping data for table `settings`
--

INSERT INTO `settings` VALUES ('watermark_active','Вотермарк активен: 1 или 0','1'),('watermark_fontsize','Вотермарк: размер шрифта','30'),('watermark_margin_x','Вотермарк: горизонтальный отступ','150'),('watermark_margin_y','Вотермарк: вертикальный отступ','150'),('watermark_angle','Вотермарк: угол наклона','45'),('watermark_opacity','Вотермарк: прозрачность, от 0 до 1, через . (0.33)','0.15'),('parser_on','Парсер включен: 1 или 0','0'),('parser_first_client_on','Парсер первого клиента включен: 1 или 0','1'),('client_warn_days','Выделение клиентов за Х дней до окончания записи','7'),('max_logs_count','Максимальное количество логов','20000'),('client_sleep_time','Время ожидания реального клиента, минуты','120'),('client_hidden_sleep_time','Время ожидания скрытого клиента, минуты','80'),('notify_till_date','Нотификации для дат до YYYY-MM-DD, пример (2023-03-05)','2023-12-31'),('login_err_notify','Нотификация после N неуспешных попыток логина подряд','7'),('parse_delay_notify','Нотификация при отсутствии парсинга реала (кол-во IVR на акке * интервал + N) мин','20'),('proxy_err_notify','Нотификация о прокси N неуспешных попыток инициализации подряд','3'),('maintenance_err_notify','Нотификация о работах на сайте после N страниц','3'),('init_delay','Интервал между запросами страницы логина в секундах','0.85'),('sys_maintenance_count','Dont change','0'),('no_clients_min_delay','Минимальная пауза для страны у которой нет клиентов','60');

--
-- Table structure for table `stats`
--

CREATE TABLE `stats` (
  `id` bigint(20) unsigned NOT NULL AUTO_INCREMENT,
  `date` date NOT NULL,
  `clients_new` bigint(20) unsigned NOT NULL DEFAULT 0,
  `clients_completed` bigint(20) unsigned NOT NULL DEFAULT 0,
  PRIMARY KEY (`id`),
  UNIQUE KEY `stats_date_unique` (`date`)
) ENGINE=InnoDB AUTO_INCREMENT=12 DEFAULT CHARSET=utf8mb4 COLLATE=utf8mb4_unicode_ci;

--
-- Dumping data for table `stats`
--

INSERT INTO `stats` VALUES (1,'2023-05-05',1,0),(2,'2023-05-06',1,0),(3,'2023-05-08',1,0),(4,'2023-05-09',1,0),(5,'2023-05-10',1,1),(6,'2023-05-11',1,0),(7,'2023-05-12',1,0),(8,'2023-05-19',0,1),(9,'2023-05-23',4,1),(10,'2023-05-24',2,0),(11,'2023-05-25',2,2);

--
-- Table structure for table `tusers`
--

CREATE TABLE `tusers` (
  `id` bigint(20) unsigned NOT NULL AUTO_INCREMENT,
  `inviter_id` bigint(20) unsigned DEFAULT NULL,
  `tid` bigint(20) unsigned DEFAULT NULL,
  `lang` char(2) NOT NULL DEFAULT 'en',
  `is_admin` tinyint(1) NOT NULL DEFAULT 0,
  `is_notify` tinyint(1) NOT NULL DEFAULT 0,
  `is_agent` tinyint(1) NOT NULL DEFAULT 0,
  `is_subscribed_notify` tinyint(1) NOT NULL DEFAULT 0,
  `is_subscribed_channel` tinyint(1) NOT NULL DEFAULT 0,
  `is_verified` tinyint(1) NOT NULL DEFAULT 0,
  `name` varchar(191) DEFAULT NULL,
  `agent_watermark` varchar(191) DEFAULT NULL,
  `details` text DEFAULT NULL,
  `wallet_usdt_trc20` varchar(191) DEFAULT NULL,
  `created_at` timestamp NULL DEFAULT NULL,
  `updated_at` timestamp NULL DEFAULT NULL,
  PRIMARY KEY (`id`),
  UNIQUE KEY `tid` (`tid`),
  KEY `tusers_inviter_id_foreign` (`inviter_id`),
  CONSTRAINT `tusers_inviter_id_foreign` FOREIGN KEY (`inviter_id`) REFERENCES `tusers` (`id`) ON DELETE SET NULL
) ENGINE=InnoDB AUTO_INCREMENT=384 DEFAULT CHARSET=utf8mb4 COLLATE=utf8mb4_unicode_ci;

--
-- Dumping data for table `tusers`
--

INSERT INTO `tusers` VALUES (1,NULL,5999632440,'en',1,1,0,1,1,1,'Eugene',NULL,'{\"id\":5999632440,\"is_bot\":false,\"first_name\":\"Eugene\",\"username\":\"EugeneVisaMaker\",\"language_code\":\"en\"}',NULL,'2023-04-11 20:11:37','2023-06-07 10:05:40'),(2,NULL,391874448,'ru',1,1,0,0,1,1,'Kirill',NULL,'{\"id\":391874448,\"is_bot\":false,\"first_name\":\"Kirill\",\"username\":\"kirillolikhov\",\"language_code\":\"ru\",\"is_premium\":true}',NULL,'2023-04-16 13:40:14','2023-12-26 09:48:07'),(6,NULL,5803145848,'en',1,1,0,1,1,1,'Kirill',NULL,'{\"id\":5803145848,\"is_bot\":false,\"first_name\":\"Kirill\",\"username\":\"Kirill_visa_maker\",\"language_code\":\"en\"}',NULL,'2023-04-22 14:02:29','2023-07-26 15:43:49'),(7,NULL,818786859,'ru',0,0,0,0,0,0,'VSE VISY Moscow',NULL,'{\"id\":818786859,\"is_bot\":false,\"first_name\":\"VSE VISY\",\"last_name\":\"Moscow\",\"username\":\"vsevisy\",\"language_code\":\"ru\"}',NULL,'2023-04-28 13:55:08','2023-12-26 09:48:07'),(8,1,5191446606,'en',0,0,0,1,1,1,'I FOMO Everytime',NULL,'{\"id\":5191446606,\"is_bot\":false,\"first_name\":\"I FOMO Everytime\",\"username\":\"IFOMOEverytime\",\"language_code\":\"en\"}',NULL,'2023-04-28 13:55:27','2023-05-06 11:29:41'),(9,NULL,326965062,'ru',0,0,0,0,0,0,'Анна',NULL,'{\"id\":326965062,\"is_bot\":false,\"first_name\":\"\\u0410\\u043d\\u043d\\u0430\",\"username\":\"filipchukanna\",\"language_code\":\"ru\"}',NULL,'2023-05-04 08:27:07','2023-12-26 09:48:07'),(10,NULL,390078242,'ru',0,0,0,0,0,0,'Alina',NULL,'{\"id\":390078242,\"is_bot\":false,\"first_name\":\"Alina\",\"username\":\"gudbae\",\"language_code\":\"ru\"}',NULL,'2023-05-04 12:20:35','2023-12-26 09:48:07'),(11,NULL,218866628,'en',0,0,0,0,1,1,'Julia ✈️ твой визовый агент',NULL,'{\"id\":218866628,\"is_bot\":false,\"first_name\":\"Julia\",\"last_name\":\"\\u2708\\ufe0f \\u0442\\u0432\\u043e\\u0439 \\u0432\\u0438\\u0437\\u043e\\u0432\\u044b\\u0439 \\u0430\\u0433\\u0435\\u043d\\u0442\",\"username\":\"destroythisworld\",\"language_code\":\"en\",\"is_premium\":true}',NULL,'2023-05-04 15:34:57','2023-06-10 18:29:10'),(12,NULL,1779155162,'ru',0,0,0,1,1,1,'EV manager',NULL,'{\"id\":1779155162,\"is_bot\":false,\"first_name\":\"EV manager\",\"username\":\"EV_manager\",\"language_code\":\"ru\"}',NULL,'2023-05-06 13:00:19','2023-12-26 09:48:07'),(13,NULL,2065416915,'ru',0,0,0,0,0,0,'ВИЗАМИРА',NULL,'{\"id\":2065416915,\"is_bot\":false,\"first_name\":\"\\u0412\\u0418\\u0417\\u0410\\u041c\\u0418\\u0420\\u0410\",\"username\":\"vizamira1\",\"language_code\":\"ru\"}',NULL,'2023-05-06 13:35:41','2023-12-26 09:48:07'),(14,NULL,837477418,'ru',0,0,0,1,1,1,'Юрий',NULL,'{\"id\":837477418,\"is_bot\":false,\"first_name\":\"\\u042e\\u0440\\u0438\\u0439\",\"username\":\"xnizzx\",\"language_code\":\"ru\"}',NULL,'2023-05-06 13:42:45','2023-12-26 09:48:07'),(15,NULL,512001339,'ru',0,0,0,0,0,0,'Константин Визовый 15',NULL,'{\"id\":512001339,\"is_bot\":false,\"first_name\":\"\\u041a\\u043e\\u043d\\u0441\\u0442\\u0430\\u043d\\u0442\\u0438\\u043d\",\"last_name\":\"\\u0412\\u0438\\u0437\\u043e\\u0432\\u044b\\u0439 15\",\"username\":\"izhvisa15\",\"language_code\":\"ru\"}',NULL,'2023-05-06 14:30:24','2023-12-26 09:48:07'),(16,NULL,1623782628,'ru',0,0,0,0,0,0,'Игорь Иванов',NULL,'{\"id\":1623782628,\"is_bot\":false,\"first_name\":\"\\u0418\\u0433\\u043e\\u0440\\u044c\",\"last_name\":\"\\u0418\\u0432\\u0430\\u043d\\u043e\\u0432\",\"username\":\"igor_bot_usa\",\"language_code\":\"ru\"}',NULL,'2023-05-07 06:07:59','2023-12-26 09:48:07'),(17,NULL,1782043265,'ru',0,0,0,0,0,0,'Polina Stepanova',NULL,'{\"id\":1782043265,\"is_bot\":false,\"first_name\":\"Polina\",\"last_name\":\"Stepanova\",\"username\":\"stepolundra\",\"language_code\":\"ru\"}',NULL,'2023-05-11 12:19:45','2023-12-26 09:48:07'),(18,NULL,5721788335,'ru',0,0,0,0,0,0,'Наталья Менеджер',NULL,'{\"id\":5721788335,\"is_bot\":false,\"first_name\":\"\\u041d\\u0430\\u0442\\u0430\\u043b\\u044c\\u044f\",\"last_name\":\"\\u041c\\u0435\\u043d\\u0435\\u0434\\u0436\\u0435\\u0440\",\"username\":\"EV_visa_manager\",\"language_code\":\"ru\"}',NULL,'2023-05-14 09:38:41','2023-12-26 09:48:07'),(19,NULL,330233637,'ru',0,0,0,0,0,0,'Максим Гундоров',NULL,'{\"id\":330233637,\"is_bot\":false,\"first_name\":\"\\u041c\\u0430\\u043a\\u0441\\u0438\\u043c\",\"last_name\":\"\\u0413\\u0443\\u043d\\u0434\\u043e\\u0440\\u043e\\u0432\",\"username\":\"prostomaxim1\",\"language_code\":\"ru\"}',NULL,'2023-05-15 11:15:25','2023-12-26 09:48:07'),(20,NULL,1075858663,'en',0,0,0,0,0,0,'Enrique Tejeda',NULL,'{\"id\":1075858663,\"is_bot\":false,\"first_name\":\"Enrique\",\"last_name\":\"Tejeda\",\"username\":\"EnriqueTejeda\",\"language_code\":\"en\"}',NULL,'2023-05-18 18:37:55','2023-05-18 18:37:55'),(21,NULL,354100767,'ru',0,0,0,1,1,1,'Visa-5 🇪🇺🇺🇸 шенген срочно! Запись на завтра дорого!',NULL,'{\"id\":354100767,\"is_bot\":false,\"first_name\":\"Visa-5\",\"last_name\":\"\\ud83c\\uddea\\ud83c\\uddfa\\ud83c\\uddfa\\ud83c\\uddf8 \\u0448\\u0435\\u043d\\u0433\\u0435\\u043d \\u0441\\u0440\\u043e\\u0447\\u043d\\u043e! \\u0417\\u0430\\u043f\\u0438\\u0441\\u044c \\u043d\\u0430 \\u0437\\u0430\\u0432\\u0442\\u0440\\u0430 \\u0434\\u043e\\u0440\\u043e\\u0433\\u043e!\",\"username\":\"visa5v\",\"language_code\":\"ru\"}',NULL,'2023-05-29 11:24:18','2023-12-26 09:48:07'),(22,NULL,340862822,'ru',0,0,0,0,0,0,'Анастасия',NULL,'{\"id\":340862822,\"is_bot\":false,\"first_name\":\"\\u0410\\u043d\\u0430\\u0441\\u0442\\u0430\\u0441\\u0438\\u044f\",\"language_code\":\"ru\"}',NULL,'2023-06-07 13:43:31','2023-12-26 09:48:07'),(23,NULL,5781502945,'ru',0,0,0,0,1,1,'Easyvisa Оксана',NULL,'{\"id\":5781502945,\"is_bot\":false,\"first_name\":\"Easyvisa \\u041e\\u043a\\u0441\\u0430\\u043d\\u0430\",\"language_code\":\"ru\"}',NULL,'2023-06-07 14:05:45','2023-12-26 09:48:07'),(24,NULL,5603148654,'en',0,0,0,0,1,1,'Наташа Easyvisa',NULL,'{\"id\":5603148654,\"is_bot\":false,\"first_name\":\"\\u041d\\u0430\\u0442\\u0430\\u0448\\u0430\",\"last_name\":\"Easyvisa\",\"language_code\":\"en\"}',NULL,'2023-06-07 14:08:45','2023-07-12 09:39:51'),(25,NULL,1087849320,'ru',0,0,0,0,0,0,'Mikaella Markarian',NULL,'{\"id\":1087849320,\"is_bot\":false,\"first_name\":\"Mikaella\",\"last_name\":\"Markarian\",\"language_code\":\"ru\"}',NULL,'2023-06-10 20:02:08','2023-12-26 09:48:07'),(26,NULL,1638454311,'en',0,0,0,0,0,0,'𝒋𝒖𝒍𝒊𝒂𝒏𖤛',NULL,'{\"id\":1638454311,\"is_bot\":false,\"first_name\":\"\\ud835\\udc8b\\ud835\\udc96\\ud835\\udc8d\\ud835\\udc8a\\ud835\\udc82\\ud835\\udc8f\\ud81a\\udd1b\",\"username\":\"CJ_CA\",\"language_code\":\"ar\"}',NULL,'2023-06-15 08:18:27','2023-06-15 08:18:27'),(28,NULL,524677889,'ru',0,0,0,0,0,0,'Elizaveta',NULL,'{\"id\":524677889,\"is_bot\":false,\"first_name\":\"Elizaveta\",\"username\":\"ielissi\",\"language_code\":\"ru\"}',NULL,'2023-06-16 09:02:15','2023-12-26 09:48:07'),(29,NULL,5859028214,'ru',0,0,0,0,0,0,'Любовь',NULL,'{\"id\":5859028214,\"is_bot\":false,\"first_name\":\"\\u041b\\u044e\\u0431\\u043e\\u0432\\u044c\",\"language_code\":\"ru\"}',NULL,'2023-06-16 14:00:09','2023-12-26 09:48:07'),(30,NULL,5757373056,'ru',0,0,0,0,0,0,'Визовый центр',NULL,'{\"id\":5757373056,\"is_bot\":false,\"first_name\":\"\\u0412\\u0438\\u0437\\u043e\\u0432\\u044b\\u0439 \\u0446\\u0435\\u043d\\u0442\\u0440\",\"username\":\"bezgranic_anastasiia\",\"language_code\":\"ru\",\"is_premium\":true}',NULL,'2023-06-29 09:15:03','2023-12-26 09:48:07'),(31,NULL,490549193,'ru',0,0,0,0,1,1,'Tanya',NULL,'{\"id\":490549193,\"is_bot\":false,\"first_name\":\"Tanya\",\"username\":\"moon_drago_n\",\"language_code\":\"ru\",\"is_premium\":true}',NULL,'2023-06-29 10:23:15','2023-12-26 09:48:07'),(32,NULL,933425163,'en',0,0,0,0,0,0,':)',NULL,'{\"id\":933425163,\"is_bot\":false,\"first_name\":\":)\",\"username\":\"mo_on0_0\",\"language_code\":\"en\"}',NULL,'2023-06-29 12:01:53','2023-06-29 12:01:53'),(33,NULL,6200948892,'en',0,0,0,0,1,1,'EV Дарья',NULL,'{\"id\":6200948892,\"is_bot\":false,\"first_name\":\"EV \\u0414\\u0430\\u0440\\u044c\\u044f\",\"language_code\":\"en\"}',NULL,'2023-06-29 15:03:51','2023-07-24 12:11:32'),(34,NULL,273005525,'ru',0,0,0,0,0,0,'Darya Visa',NULL,'{\"id\":273005525,\"is_bot\":false,\"first_name\":\"Darya Visa\",\"username\":\"DARYA_VISA\",\"language_code\":\"ru\",\"is_premium\":true}',NULL,'2023-07-02 18:16:32','2023-12-26 09:48:07'),(35,NULL,1015121677,'ru',0,0,0,0,1,1,'Denis',NULL,'{\"id\":1015121677,\"is_bot\":false,\"first_name\":\"Denis\",\"username\":\"Denis_23d\",\"language_code\":\"ru\",\"is_premium\":true}',NULL,'2023-07-03 14:07:46','2023-12-27 07:16:51'),(36,NULL,1436676424,'en',0,0,0,0,0,0,'Davinder ਦਵਿੰਦਰ',NULL,'{\"id\":1436676424,\"is_bot\":false,\"first_name\":\"Davinder \\u0a26\\u0a35\\u0a3f\\u0a70\\u0a26\\u0a30\",\"username\":\"davchana\",\"language_code\":\"en\"}',NULL,'2023-07-05 06:15:39','2023-07-05 06:15:39'),(37,NULL,238167154,'ru',0,0,0,0,1,1,'Юлия',NULL,'{\"id\":238167154,\"is_bot\":false,\"first_name\":\"\\u042e\\u043b\\u0438\\u044f\",\"username\":\"sokololove86\",\"language_code\":\"ru\"}',NULL,'2023-07-06 07:08:15','2023-12-26 09:48:07'),(38,NULL,526638041,'ru',0,0,0,0,1,1,'Zhanna',NULL,'{\"id\":526638041,\"is_bot\":false,\"first_name\":\"Zhanna\",\"username\":\"zzhannkaa\",\"language_code\":\"ru\"}',NULL,'2023-07-08 14:23:00','2023-12-26 09:48:07'),(39,NULL,146860977,'en',0,0,0,0,1,1,'Anna',NULL,'{\"id\":146860977,\"is_bot\":false,\"first_name\":\"Anna\",\"username\":\"ann_io\",\"language_code\":\"en\",\"is_premium\":true}',NULL,'2023-07-13 09:39:11','2023-07-13 09:48:58'),(40,NULL,6293359509,'ru',0,0,0,0,1,1,'Визовый Центр «EASYVISA agency»',NULL,'{\"id\":6293359509,\"is_bot\":false,\"first_name\":\"\\u0412\\u0438\\u0437\\u043e\\u0432\\u044b\\u0439 \\u0426\\u0435\\u043d\\u0442\\u0440\",\"last_name\":\"\\u00abEASYVISA agency\\u00bb\",\"username\":\"easyvisamoscow\",\"language_code\":\"ru\"}',NULL,'2023-07-17 12:41:34','2023-12-26 09:48:07'),(41,NULL,142234966,'ru',0,0,0,0,0,0,'Irina Soboleva (Sapozhkova)',NULL,'{\"id\":142234966,\"is_bot\":false,\"first_name\":\"Irina\",\"last_name\":\"Soboleva (Sapozhkova)\",\"username\":\"irenesa\",\"language_code\":\"ru\",\"is_premium\":true}',NULL,'2023-07-17 14:23:11','2023-12-26 09:48:07'),(42,NULL,82996551,'ru',0,0,1,0,0,0,'Varvara',NULL,'{\"id\":82996551,\"is_bot\":false,\"first_name\":\"Varvara\",\"username\":\"vasusha_25\",\"language_code\":\"ru\",\"is_premium\":true}',NULL,'2023-07-20 11:10:43','2023-12-26 09:48:07'),(43,NULL,710947057,'ru',0,0,0,0,0,0,'Бегунова Дарья',NULL,'{\"id\":710947057,\"is_bot\":false,\"first_name\":\"\\u0411\\u0435\\u0433\\u0443\\u043d\\u043e\\u0432\\u0430\",\"last_name\":\"\\u0414\\u0430\\u0440\\u044c\\u044f\",\"username\":\"daryabegunova\",\"language_code\":\"ru\"}',NULL,'2023-07-21 07:40:07','2023-12-26 09:48:07'),(44,NULL,5116216681,'ru',0,0,1,0,0,0,'Agent Olga🗼🗽🛩',NULL,'{\"id\":5116216681,\"is_bot\":false,\"first_name\":\"Agent Olga\\ud83d\\uddfc\\ud83d\\uddfd\\ud83d\\udee9\",\"username\":\"visanewsOlga\",\"language_code\":\"ru\"}',NULL,'2023-07-22 09:02:55','2023-12-26 09:48:07'),(45,NULL,519934671,'ru',0,0,0,0,0,0,'Владислав',NULL,'{\"id\":519934671,\"is_bot\":false,\"first_name\":\"\\u0412\\u043b\\u0430\\u0434\\u0438\\u0441\\u043b\\u0430\\u0432\",\"username\":\"immortal_russo\",\"language_code\":\"ru\"}',NULL,'2023-07-25 10:04:57','2023-12-26 09:48:07'),(46,NULL,1065221678,'ru',0,0,0,0,0,0,'AlbinaМ',NULL,'{\"id\":1065221678,\"is_bot\":false,\"first_name\":\"Albina\\u041c\",\"username\":\"AlbinaD_m\",\"language_code\":\"ru\"}',NULL,'2023-07-25 14:55:04','2023-12-26 09:48:07'),(47,NULL,805703656,'en',0,0,0,0,0,0,'Khrystyna 🇺🇦',NULL,'{\"id\":805703656,\"is_bot\":false,\"first_name\":\"Khrystyna\",\"last_name\":\"\\ud83c\\uddfa\\ud83c\\udde6\",\"username\":\"kim_brox\",\"language_code\":\"uk\"}',NULL,'2023-08-02 13:00:29','2023-08-02 13:00:29'),(48,NULL,1419217877,'ru',0,0,0,0,1,1,'Uway',NULL,'{\"id\":1419217877,\"is_bot\":false,\"first_name\":\"Uway\",\"username\":\"uwayrussia\",\"language_code\":\"ru\"}',NULL,'2023-08-03 06:29:38','2023-12-26 09:48:07'),(49,NULL,408635412,'ru',0,0,0,0,1,1,'Алёна Соколова',NULL,'{\"id\":408635412,\"is_bot\":false,\"first_name\":\"\\u0410\\u043b\\u0451\\u043d\\u0430\",\"last_name\":\"\\u0421\\u043e\\u043a\\u043e\\u043b\\u043e\\u0432\\u0430\",\"username\":\"sokolova303\",\"language_code\":\"ru\"}',NULL,'2023-08-03 13:53:59','2023-12-26 09:48:07'),(50,NULL,635515569,'ru',0,0,0,0,0,0,'karina',NULL,'{\"id\":635515569,\"is_bot\":false,\"first_name\":\"karina\",\"language_code\":\"ru\"}',NULL,'2023-08-04 13:17:27','2023-12-26 09:48:07'),(51,NULL,6158041384,'ru',0,0,0,0,1,1,'Ольга',NULL,'{\"id\":6158041384,\"is_bot\":false,\"first_name\":\"\\u041e\\u043b\\u044c\\u0433\\u0430\",\"language_code\":\"ru\"}',NULL,'2023-08-05 07:31:05','2023-12-26 09:48:08'),(52,NULL,1238621588,'ru',0,0,0,0,0,0,'Alena Jivova',NULL,'{\"id\":1238621588,\"is_bot\":false,\"first_name\":\"Alena\",\"last_name\":\"Jivova\",\"username\":\"alenakot30\",\"language_code\":\"ru\"}',NULL,'2023-08-08 15:14:14','2023-12-26 09:48:08'),(53,NULL,91754515,'en',0,0,0,0,0,0,'Masoud',NULL,'{\"id\":91754515,\"is_bot\":false,\"first_name\":\"Masoud\",\"username\":\"masoudshd\",\"language_code\":\"en\"}',NULL,'2023-08-15 13:03:11','2023-08-15 13:03:11'),(54,NULL,5312794675,'ru',0,0,0,0,0,0,'Алексей',NULL,'{\"id\":5312794675,\"is_bot\":false,\"first_name\":\"\\u0410\\u043b\\u0435\\u043a\\u0441\\u0435\\u0439\",\"username\":\"albelov69\",\"language_code\":\"ru\"}',NULL,'2023-08-19 14:54:42','2023-12-26 09:48:08'),(55,NULL,5463423107,'ru',0,0,0,0,0,0,'💎',NULL,'{\"id\":5463423107,\"is_bot\":false,\"first_name\":\"\\ud83d\\udc8e\",\"username\":\"mikky9990\",\"language_code\":\"ru\"}',NULL,'2023-08-19 16:18:19','2023-12-26 09:48:08'),(56,NULL,5354277082,'en',0,0,0,0,0,0,'Ghiles Ait Abdesslam',NULL,'{\"id\":5354277082,\"is_bot\":false,\"first_name\":\"Ghiles\",\"last_name\":\"Ait Abdesslam\",\"username\":\"ghiiiless\",\"language_code\":\"fr\"}',NULL,'2023-08-22 03:41:43','2023-08-22 03:41:43'),(57,NULL,544301839,'en',0,0,0,0,0,0,'Мари',NULL,'{\"id\":544301839,\"is_bot\":false,\"first_name\":\"\\u041c\\u0430\\u0440\\u0438\",\"username\":\"masherika\",\"language_code\":\"en\"}',NULL,'2023-08-29 14:38:10','2023-08-29 14:38:10'),(58,NULL,5850133471,'ru',0,0,0,0,0,0,'TIGER',NULL,'{\"id\":5850133471,\"is_bot\":false,\"first_name\":\"TIGER\",\"username\":\"IMTIGER00\",\"language_code\":\"ru\",\"is_premium\":true}',NULL,'2023-09-01 06:58:10','2023-12-26 09:48:08'),(59,NULL,636985032,'en',0,0,0,0,0,0,'Aimen nouar',NULL,'{\"id\":636985032,\"is_bot\":false,\"first_name\":\"Aimen\",\"last_name\":\"nouar\",\"username\":\"Ai_men99\",\"language_code\":\"ar\"}',NULL,'2023-09-04 07:54:13','2023-09-04 07:54:13'),(60,NULL,5637706432,'en',0,0,0,0,0,0,'Khum Saru',NULL,'{\"id\":5637706432,\"is_bot\":false,\"first_name\":\"Khum\",\"last_name\":\"Saru\",\"language_code\":\"en\"}',NULL,'2023-09-08 03:32:57','2023-09-08 03:32:57'),(61,NULL,104965965,'ru',0,0,0,0,1,1,'Konstantin',NULL,'{\"id\":104965965,\"is_bot\":false,\"first_name\":\"Konstantin\",\"username\":\"smetter\",\"language_code\":\"ru\"}',NULL,'2023-09-08 05:48:25','2023-12-26 09:48:08'),(62,NULL,553792528,'ru',0,0,0,0,0,0,'Елена',NULL,'{\"id\":553792528,\"is_bot\":false,\"first_name\":\"\\u0415\\u043b\\u0435\\u043d\\u0430\",\"username\":\"malelya_lena\",\"language_code\":\"ru\"}',NULL,'2023-09-08 13:53:15','2023-12-26 09:48:08'),(63,NULL,1745283138,'en',0,0,0,0,0,0,'Ma Ria',NULL,'{\"id\":1745283138,\"is_bot\":false,\"first_name\":\"Ma\",\"last_name\":\"Ria\",\"username\":\"mariaaf23\",\"language_code\":\"en\"}',NULL,'2023-09-10 15:05:12','2023-09-10 15:05:12'),(64,NULL,91577720,'en',0,0,0,0,0,0,'Gosharynd',NULL,'{\"id\":91577720,\"is_bot\":false,\"first_name\":\"Gosharynd\",\"username\":\"GoshaRynd\",\"language_code\":\"en\",\"is_premium\":true}',NULL,'2023-09-14 15:42:52','2023-09-14 15:42:52'),(66,NULL,6370142097,'ru',0,0,1,0,0,0,'Michael','VisaBots','{\"id\":6370142097,\"is_bot\":false,\"first_name\":\"Michael\",\"username\":\"VisaBots_admin\",\"language_code\":\"en\"}',NULL,'2023-09-15 12:23:05','2023-12-29 09:31:29'),(67,NULL,42065394,'ru',0,0,0,0,0,0,'Александр',NULL,'{\"id\":42065394,\"is_bot\":false,\"first_name\":\"\\u0410\\u043b\\u0435\\u043a\\u0441\\u0430\\u043d\\u0434\\u0440\",\"username\":\"lightfrag\",\"language_code\":\"ru\",\"is_premium\":true}',NULL,'2023-09-18 12:08:00','2023-12-26 09:48:08'),(68,NULL,387886324,'ru',0,0,0,0,0,0,'Кейт',NULL,'{\"id\":387886324,\"is_bot\":false,\"first_name\":\"\\u041a\\u0435\\u0439\\u0442\",\"username\":\"olsenkate\",\"language_code\":\"ru\",\"is_premium\":true}',NULL,'2023-09-18 12:08:27','2023-12-26 09:48:08'),(69,NULL,1505486215,'ru',0,0,0,0,0,0,'Michael',NULL,'{\"id\":1505486215,\"is_bot\":false,\"first_name\":\"Michael\",\"username\":\"czar_michael\",\"language_code\":\"en\"}',NULL,'2023-09-18 12:41:01','2023-12-26 13:42:11'),(70,NULL,5331277876,'en',0,0,0,0,0,0,'ramin sherwani',NULL,'{\"id\":5331277876,\"is_bot\":false,\"first_name\":\"ramin sherwani\",\"language_code\":\"en\"}',NULL,'2023-09-19 22:00:42','2023-09-19 22:00:42'),(71,NULL,2084425157,'en',0,0,0,0,0,0,'Sri Sampath',NULL,'{\"id\":2084425157,\"is_bot\":false,\"first_name\":\"Sri Sampath\",\"language_code\":\"en\"}',NULL,'2023-09-20 08:52:11','2023-09-20 08:52:11'),(72,NULL,1055410888,'ru',0,0,0,0,0,0,'Юлия visavisa.by',NULL,'{\"id\":1055410888,\"is_bot\":false,\"first_name\":\"\\u042e\\u043b\\u0438\\u044f visavisa.by\",\"username\":\"yulia_visavisaby\",\"language_code\":\"ru\"}',NULL,'2023-09-20 11:21:51','2023-12-26 09:48:08'),(73,NULL,321644585,'ru',0,0,0,0,0,0,'Tutvisa.by Визы. Гражданство.',NULL,'{\"id\":321644585,\"is_bot\":false,\"first_name\":\"Tutvisa.by\",\"last_name\":\"\\u0412\\u0438\\u0437\\u044b. \\u0413\\u0440\\u0430\\u0436\\u0434\\u0430\\u043d\\u0441\\u0442\\u0432\\u043e.\",\"username\":\"Tutvisa\",\"language_code\":\"ru\",\"is_premium\":true}',NULL,'2023-09-21 09:29:30','2023-12-26 09:48:08'),(74,NULL,104314119,'ru',0,0,0,0,0,0,'Я 55°',NULL,'{\"id\":104314119,\"is_bot\":false,\"first_name\":\"\\u042f 55\\u00b0\",\"username\":\"unknownenemy\",\"language_code\":\"ru\",\"is_premium\":true}',NULL,'2023-09-23 13:30:40','2023-12-26 09:48:08'),(75,NULL,5049908821,'en',0,0,0,0,0,0,'.. ..',NULL,'{\"id\":5049908821,\"is_bot\":false,\"first_name\":\"..\",\"last_name\":\"..\",\"language_code\":\"en\"}',NULL,'2023-09-24 16:24:54','2023-09-24 16:24:54'),(76,NULL,470419692,'en',0,0,1,0,0,0,'Victoria',NULL,'{\"id\":470419692,\"is_bot\":false,\"first_name\":\"Victoria\",\"username\":\"Victoria_Ptk\",\"language_code\":\"en\",\"input\":\"watermark\"}',NULL,'2023-09-24 20:41:35','2023-09-28 04:22:19'),(77,NULL,5392073703,'ru',0,0,0,0,0,0,'Виктор',NULL,'{\"id\":5392073703,\"is_bot\":false,\"first_name\":\"\\u0412\\u0438\\u043a\\u0442\\u043e\\u0440\",\"username\":\"viktor_forbes\",\"language_code\":\"ru\"}',NULL,'2023-09-25 02:01:26','2023-12-26 09:48:08'),(78,NULL,5933801380,'en',0,0,0,0,0,0,'Delete Account',NULL,'{\"id\":5933801380,\"is_bot\":false,\"first_name\":\"Delete Account\",\"username\":\"svx_m4x\",\"language_code\":\"en\"}',NULL,'2023-09-25 04:57:04','2023-09-25 04:57:04'),(79,NULL,6408017803,'es',0,0,0,0,0,0,'Anna',NULL,'{\"id\":6408017803,\"is_bot\":false,\"first_name\":\"Anna\",\"language_code\":\"es\"}',NULL,'2023-09-25 14:33:09','2023-12-26 09:48:08'),(80,NULL,1393590007,'ru',0,0,0,0,0,0,'Ruslan Gurbatov',NULL,'{\"id\":1393590007,\"is_bot\":false,\"first_name\":\"Ruslan\",\"last_name\":\"Gurbatov\",\"username\":\"RuslanGurbatov\",\"language_code\":\"ru\"}',NULL,'2023-09-25 22:07:53','2023-12-26 09:48:08'),(81,NULL,6366796760,'ru',0,0,0,0,0,0,'Margarita Timofeeva',NULL,'{\"id\":6366796760,\"is_bot\":false,\"first_name\":\"Margarita\",\"last_name\":\"Timofeeva\",\"username\":\"Margarita_visaUSA\",\"language_code\":\"ru\"}',NULL,'2023-09-26 10:11:20','2023-12-26 09:48:08'),(82,NULL,2034942688,'ru',0,0,0,0,0,0,'visavisa.by Оформление',NULL,'{\"id\":2034942688,\"is_bot\":false,\"first_name\":\"visavisa.by\",\"last_name\":\"\\u041e\\u0444\\u043e\\u0440\\u043c\\u043b\\u0435\\u043d\\u0438\\u0435\",\"username\":\"oformleniegikalo\",\"language_code\":\"ru\"}',NULL,'2023-09-27 10:03:12','2023-12-26 09:48:08'),(83,NULL,908157318,'en',0,0,0,0,0,0,'حسين',NULL,'{\"id\":908157318,\"is_bot\":false,\"first_name\":\"\\u062d\\u0633\\u064a\\u0646\",\"username\":\"sbnsdb\",\"language_code\":\"ar\"}',NULL,'2023-09-27 11:06:50','2023-09-27 11:06:50'),(84,NULL,6250596893,'en',0,0,0,0,0,0,'Islam .',NULL,'{\"id\":6250596893,\"is_bot\":false,\"first_name\":\"Islam\",\"last_name\":\".\",\"language_code\":\"en\"}',NULL,'2023-09-28 05:44:13','2023-09-28 05:44:13'),(85,NULL,6285464625,'en',0,0,0,0,0,0,'Sami Bajwa',NULL,'{\"id\":6285464625,\"is_bot\":false,\"first_name\":\"Sami\",\"last_name\":\"Bajwa\",\"language_code\":\"en\"}',NULL,'2023-09-28 11:42:10','2023-09-28 11:42:10'),(86,NULL,5501129603,'en',0,0,0,0,0,0,'穆库 新加坡',NULL,'{\"id\":5501129603,\"is_bot\":false,\"first_name\":\"\\u7a46\\u5e93\",\"last_name\":\"\\u65b0\\u52a0\\u5761\",\"language_code\":\"en\"}',NULL,'2023-09-28 16:58:46','2023-09-28 16:58:46'),(87,NULL,2103470360,'en',0,0,0,0,0,0,'FACILETOOL Team',NULL,'{\"id\":2103470360,\"is_bot\":false,\"first_name\":\"FACILETOOL\",\"last_name\":\"Team\",\"username\":\"FACILETEAM\",\"language_code\":\"en\"}',NULL,'2023-09-29 02:23:58','2023-09-29 02:23:58'),(88,NULL,6353153936,'en',0,0,0,0,0,0,'Ramkumar Kannan',NULL,'{\"id\":6353153936,\"is_bot\":false,\"first_name\":\"Ramkumar\",\"last_name\":\"Kannan\",\"language_code\":\"en\"}',NULL,'2023-09-29 03:40:14','2023-09-29 03:40:14'),(89,NULL,6580202806,'en',0,0,0,0,0,0,'Prathiksha Prakash',NULL,'{\"id\":6580202806,\"is_bot\":false,\"first_name\":\"Prathiksha\",\"last_name\":\"Prakash\",\"language_code\":\"en\"}',NULL,'2023-09-29 07:19:05','2023-09-29 07:19:05'),(90,NULL,1099471805,'en',0,0,0,0,0,0,'Waroo Sendi',NULL,'{\"id\":1099471805,\"is_bot\":false,\"first_name\":\"Waroo\",\"last_name\":\"Sendi\",\"username\":\"waroo_sendi\",\"language_code\":\"ar\"}',NULL,'2023-09-29 15:58:01','2023-09-29 15:58:01'),(91,NULL,813444003,'ru',0,0,0,0,0,0,'Анна Федосик',NULL,'{\"id\":813444003,\"is_bot\":false,\"first_name\":\"\\u0410\\u043d\\u043d\\u0430\",\"last_name\":\"\\u0424\\u0435\\u0434\\u043e\\u0441\\u0438\\u043a\",\"username\":\"annie_zench\",\"language_code\":\"ru\"}',NULL,'2023-09-29 19:46:07','2023-12-26 09:48:08'),(92,NULL,5634913301,'en',0,0,0,0,0,0,'𝐖𝐄𝐒𝐓𝐎𝐍',NULL,'{\"id\":5634913301,\"is_bot\":false,\"first_name\":\"\\ud835\\udc16\\ud835\\udc04\\ud835\\udc12\\ud835\\udc13\\ud835\\udc0e\\ud835\\udc0d\",\"username\":\"rffr3\",\"language_code\":\"ar\",\"is_premium\":true}',NULL,'2023-09-29 22:20:38','2023-09-29 22:20:38'),(93,NULL,5440723606,'en',0,0,0,0,0,0,'Adrian',NULL,'{\"id\":5440723606,\"is_bot\":false,\"first_name\":\"Adrian\",\"username\":\"RChemicals7\",\"language_code\":\"en\"}',NULL,'2023-09-30 02:15:39','2023-09-30 02:15:39'),(94,NULL,6101110025,'en',0,0,0,0,0,0,'➺ᖇᗩᒍY',NULL,'{\"id\":6101110025,\"is_bot\":false,\"first_name\":\"\\u27ba\\u1587\\u15e9\\u148dY\",\"username\":\"R_A_J_Y\",\"language_code\":\"ar\",\"is_premium\":true}',NULL,'2023-09-30 11:57:13','2023-09-30 11:57:13'),(95,NULL,5753414868,'es',0,0,0,0,0,0,'EL MEDIO METRO(OFICIAL)',NULL,'{\"id\":5753414868,\"is_bot\":false,\"first_name\":\"EL MEDIO\",\"last_name\":\"METRO(OFICIAL)\",\"username\":\"AUGUSTO6123\",\"language_code\":\"es\"}',NULL,'2023-10-01 04:18:48','2023-12-26 09:48:08'),(96,NULL,331494892,'en',0,0,0,0,0,0,'Almzory',NULL,'{\"id\":331494892,\"is_bot\":false,\"first_name\":\"Almzory\",\"username\":\"h4m0d1\",\"language_code\":\"ar\"}',NULL,'2023-10-02 12:53:41','2023-10-02 12:53:41'),(97,NULL,5801602103,'es',0,0,0,0,0,0,'il pm',NULL,'{\"id\":5801602103,\"is_bot\":false,\"first_name\":\"il\",\"last_name\":\"pm\",\"language_code\":\"es\"}',NULL,'2023-10-03 07:20:11','2023-12-26 09:48:08'),(98,NULL,6080087135,'en',0,0,0,0,0,0,'Solo Agha',NULL,'{\"id\":6080087135,\"is_bot\":false,\"first_name\":\"Solo\",\"last_name\":\"Agha\",\"language_code\":\"en\"}',NULL,'2023-10-03 09:58:05','2023-10-03 09:58:05'),(99,NULL,6664980646,'en',0,0,0,0,0,0,'Adnan Nas',NULL,'{\"id\":6664980646,\"is_bot\":false,\"first_name\":\"Adnan\",\"last_name\":\"Nas\",\"language_code\":\"en\"}',NULL,'2023-10-03 16:09:46','2023-10-03 16:09:46'),(100,NULL,169951720,'en',0,0,0,0,0,0,'Darknessest',NULL,'{\"id\":169951720,\"is_bot\":false,\"first_name\":\"Darknessest\",\"username\":\"Darknessest\",\"language_code\":\"en\"}',NULL,'2023-10-03 22:55:06','2023-10-03 22:55:06'),(101,NULL,5991092546,'en',0,0,0,0,0,0,'A Lauren',NULL,'{\"id\":5991092546,\"is_bot\":false,\"first_name\":\"A\",\"last_name\":\"Lauren\",\"language_code\":\"en\"}',NULL,'2023-10-04 03:36:00','2023-10-04 03:36:00'),(102,NULL,6175643510,'en',0,0,0,0,0,0,'SG',NULL,'{\"id\":6175643510,\"is_bot\":false,\"first_name\":\"SG\",\"language_code\":\"en\"}',NULL,'2023-10-04 06:07:27','2023-10-04 06:07:27'),(103,NULL,5036130778,'ru',0,0,1,0,0,0,'Elena🌐',NULL,'{\"id\":5036130778,\"is_bot\":false,\"first_name\":\"Elena\\ud83c\\udf10\",\"username\":\"LenaGreen\",\"language_code\":\"ru\",\"is_premium\":true}',NULL,'2023-10-05 08:33:27','2023-12-26 09:48:08'),(104,NULL,5794792675,'en',0,0,0,0,0,0,'مُقتدئ | 1̸4̸2̸5̸ هـ🤎 |',NULL,'{\"id\":5794792675,\"is_bot\":false,\"first_name\":\"\\u0645\\u064f\\u0642\\u062a\\u062f\\u0626 | 1\\u03384\\u03382\\u03385\\u0338 \\u0647\\u0640\\ud83e\\udd0e |\",\"username\":\"MU_312\",\"language_code\":\"ar\",\"is_premium\":true}',NULL,'2023-10-05 12:00:09','2023-10-05 12:00:09'),(105,NULL,5871232324,'en',0,0,0,0,0,0,'XK STORY',NULL,'{\"id\":5871232324,\"is_bot\":false,\"first_name\":\"XK\",\"last_name\":\"STORY\",\"language_code\":\"en\"}',NULL,'2023-10-05 15:18:56','2023-10-05 15:18:56'),(106,NULL,5590686198,'en',0,0,0,0,0,0,'Guri Guri',NULL,'{\"id\":5590686198,\"is_bot\":false,\"first_name\":\"Guri\",\"last_name\":\"Guri\",\"language_code\":\"en\"}',NULL,'2023-10-05 17:16:04','2023-10-05 17:16:04'),(107,NULL,6503277179,'en',0,0,0,0,0,0,'Atta M',NULL,'{\"id\":6503277179,\"is_bot\":false,\"first_name\":\"Atta\",\"last_name\":\"M\",\"language_code\":\"en\"}',NULL,'2023-10-05 18:22:25','2023-10-05 18:22:25'),(108,NULL,6182568030,'en',0,0,0,0,0,0,'Boheem World4$',NULL,'{\"id\":6182568030,\"is_bot\":false,\"first_name\":\"Boheem\",\"last_name\":\"World4$\",\"language_code\":\"en\"}',NULL,'2023-10-05 18:45:29','2023-10-05 18:45:29'),(109,NULL,922342171,'en',0,0,0,0,0,0,'Mr.X',NULL,'{\"id\":922342171,\"is_bot\":false,\"first_name\":\"Mr.X\",\"username\":\"mrxisheree\",\"language_code\":\"en\"}',NULL,'2023-10-05 19:57:43','2023-10-05 19:57:43'),(110,NULL,5689420533,'en',0,0,0,0,0,0,'ali A',NULL,'{\"id\":5689420533,\"is_bot\":false,\"first_name\":\"ali\",\"last_name\":\"A\",\"language_code\":\"en\"}',NULL,'2023-10-06 00:21:07','2023-10-06 00:21:07'),(111,NULL,5178944720,'ru',0,0,1,0,0,0,'Katya',NULL,'{\"id\":5178944720,\"is_bot\":false,\"first_name\":\"Katya\",\"username\":\"manager_visawithkate\",\"language_code\":\"ru\"}',NULL,'2023-10-06 11:04:06','2023-12-26 09:48:08'),(112,NULL,1486645461,'en',0,0,0,0,0,0,'🫶🏽',NULL,'{\"id\":1486645461,\"is_bot\":false,\"first_name\":\"\\ud83e\\udef6\\ud83c\\udffd\",\"language_code\":\"en\"}',NULL,'2023-10-06 14:33:59','2023-10-06 14:33:59'),(113,NULL,1562959223,'es',0,0,0,0,0,0,'Julian',NULL,'{\"id\":1562959223,\"is_bot\":false,\"first_name\":\"Julian\",\"username\":\"JulianR04\",\"language_code\":\"es\"}',NULL,'2023-10-08 02:45:53','2023-12-26 09:48:08'),(114,NULL,6336206768,'en',0,0,0,0,0,0,'🕋🕌🕌🕋',NULL,'{\"id\":6336206768,\"is_bot\":false,\"first_name\":\"\\ud83d\\udd4b\\ud83d\\udd4c\\ud83d\\udd4c\\ud83d\\udd4b\",\"username\":\"Behruzbek2007_08_09\",\"language_code\":\"uz\"}',NULL,'2023-10-08 06:17:07','2023-10-08 06:17:07'),(115,NULL,237887119,'en',0,0,0,0,0,0,'ravi kumar',NULL,'{\"id\":237887119,\"is_bot\":false,\"first_name\":\"ravi\",\"last_name\":\"kumar\",\"username\":\"ravikumar205\",\"language_code\":\"en\"}',NULL,'2023-10-08 06:56:54','2023-10-08 06:56:54'),(116,NULL,1580963292,'en',0,0,0,0,0,0,'Masud Rana',NULL,'{\"id\":1580963292,\"is_bot\":false,\"first_name\":\"Masud\",\"last_name\":\"Rana\",\"username\":\"mrana0709\",\"language_code\":\"en\"}',NULL,'2023-10-09 02:28:33','2023-10-09 02:28:33'),(117,NULL,6438140042,'en',0,0,0,0,0,0,'Abdla',NULL,'{\"id\":6438140042,\"is_bot\":false,\"first_name\":\"Abdla\",\"username\":\"abdla18\",\"language_code\":\"ar\"}',NULL,'2023-10-09 10:44:43','2023-10-09 10:44:43'),(118,NULL,6465061811,'en',0,0,0,0,0,0,'Nicholas Mehrer',NULL,'{\"id\":6465061811,\"is_bot\":false,\"first_name\":\"Nicholas\",\"last_name\":\"Mehrer\",\"language_code\":\"en\"}',NULL,'2023-10-09 15:30:50','2023-10-09 15:30:50'),(119,NULL,6284233229,'en',0,0,0,0,0,0,'Sokal Bhuiyan',NULL,'{\"id\":6284233229,\"is_bot\":false,\"first_name\":\"Sokal\",\"last_name\":\"Bhuiyan\",\"language_code\":\"en\"}',NULL,'2023-10-09 16:49:34','2023-10-09 16:49:34'),(120,NULL,5206421865,'en',0,0,0,0,0,0,'Abdul Mateen',NULL,'{\"id\":5206421865,\"is_bot\":false,\"first_name\":\"Abdul\",\"last_name\":\"Mateen\",\"username\":\"Abdulmateench\",\"language_code\":\"en\"}',NULL,'2023-10-09 19:18:55','2023-10-09 19:18:55'),(121,NULL,930021894,'en',0,0,0,0,0,0,'Vahik Mr',NULL,'{\"id\":930021894,\"is_bot\":false,\"first_name\":\"Vahik\",\"last_name\":\"Mr\",\"username\":\"mrgold7664\",\"language_code\":\"en\"}',NULL,'2023-10-09 20:47:19','2023-10-09 20:47:19'),(122,NULL,6494141840,'en',0,0,0,0,0,0,'MD EMON KONDAKER FARHAT',NULL,'{\"id\":6494141840,\"is_bot\":false,\"first_name\":\"MD EMON KONDAKER\",\"last_name\":\"FARHAT\",\"language_code\":\"en\"}',NULL,'2023-10-10 12:40:46','2023-10-10 12:40:46'),(123,NULL,6196304227,'en',0,0,0,0,0,0,'Noor',NULL,'{\"id\":6196304227,\"is_bot\":false,\"first_name\":\"Noor\",\"language_code\":\"en\"}',NULL,'2023-10-10 14:46:40','2023-10-10 14:46:40'),(124,NULL,6281276924,'en',0,0,0,0,0,0,'Armin.A.S.T',NULL,'{\"id\":6281276924,\"is_bot\":false,\"first_name\":\"Armin.A.S.T\",\"username\":\"Arminnoor\",\"language_code\":\"fa\"}',NULL,'2023-10-10 15:24:48','2023-10-10 15:24:48'),(125,NULL,1664014214,'en',0,0,0,0,0,0,'SH@ON',NULL,'{\"id\":1664014214,\"is_bot\":false,\"first_name\":\"SH@ON\",\"language_code\":\"en\"}',NULL,'2023-10-10 21:05:27','2023-10-10 21:05:27'),(126,NULL,399317340,'ru',0,0,1,0,0,0,'Knigina Elena','visausabyknigina','{\"id\":399317340,\"is_bot\":false,\"first_name\":\"Knigina\",\"last_name\":\"Elena\",\"username\":\"ElenaVisaUSA\",\"language_code\":\"ru\"}',NULL,'2023-10-11 03:33:26','2023-12-26 09:48:08'),(127,NULL,1743901766,'en',0,0,0,0,0,0,'Krishna Chaitanya',NULL,'{\"id\":1743901766,\"is_bot\":false,\"first_name\":\"Krishna Chaitanya\",\"language_code\":\"en\"}',NULL,'2023-10-11 07:23:06','2023-10-11 07:23:06'),(128,NULL,876718717,'en',0,0,0,0,0,0,'Ruzik Vardanyan',NULL,'{\"id\":876718717,\"is_bot\":false,\"first_name\":\"Ruzik\",\"last_name\":\"Vardanyan\",\"language_code\":\"en\"}',NULL,'2023-10-11 10:02:25','2023-10-11 10:02:25'),(129,NULL,6544990273,'en',0,0,0,0,0,0,'Nobody',NULL,'{\"id\":6544990273,\"is_bot\":false,\"first_name\":\"Nobody\",\"language_code\":\"en\"}',NULL,'2023-10-11 19:46:05','2023-10-11 19:46:05'),(130,NULL,6148635196,'en',0,0,0,0,0,0,'Sheikh Jahid',NULL,'{\"id\":6148635196,\"is_bot\":false,\"first_name\":\"Sheikh\",\"last_name\":\"Jahid\",\"language_code\":\"en\"}',NULL,'2023-10-12 00:16:52','2023-10-12 00:16:52'),(131,NULL,2058620057,'en',0,0,0,0,0,0,'Naim Riad',NULL,'{\"id\":2058620057,\"is_bot\":false,\"first_name\":\"Naim\",\"last_name\":\"Riad\",\"username\":\"NMriad\",\"language_code\":\"en\"}',NULL,'2023-10-12 02:22:57','2023-10-12 02:22:57'),(132,NULL,1780714948,'en',0,0,0,0,0,0,'Hafiz Abdul Qadeer',NULL,'{\"id\":1780714948,\"is_bot\":false,\"first_name\":\"Hafiz Abdul\",\"last_name\":\"Qadeer\",\"username\":\"Qadeer2010\",\"language_code\":\"en\"}',NULL,'2023-10-12 02:49:34','2023-10-12 02:49:34'),(133,NULL,5574220693,'en',0,0,0,0,0,0,'S K',NULL,'{\"id\":5574220693,\"is_bot\":false,\"first_name\":\"S\",\"last_name\":\"K\",\"language_code\":\"en\"}',NULL,'2023-10-12 12:11:34','2023-10-12 12:11:34'),(134,NULL,5286218127,'en',0,0,0,0,0,0,'Bàlt@zar',NULL,'{\"id\":5286218127,\"is_bot\":false,\"first_name\":\"B\\u00e0lt@zar\",\"language_code\":\"fr\"}',NULL,'2023-10-12 12:29:51','2023-10-12 12:29:51'),(135,NULL,6208273731,'en',0,0,0,0,0,0,'Ankita',NULL,'{\"id\":6208273731,\"is_bot\":false,\"first_name\":\"Ankita\",\"language_code\":\"en\"}',NULL,'2023-10-12 21:52:23','2023-10-12 21:52:23'),(136,NULL,1634133955,'en',0,0,0,0,0,0,'MD Rafayed',NULL,'{\"id\":1634133955,\"is_bot\":false,\"first_name\":\"MD\",\"last_name\":\"Rafayed\",\"username\":\"mdrafayed\",\"language_code\":\"en\"}',NULL,'2023-10-12 21:56:52','2023-10-12 21:56:52'),(137,NULL,6553018481,'en',0,0,0,0,0,0,'Rahul Ruhil',NULL,'{\"id\":6553018481,\"is_bot\":false,\"first_name\":\"Rahul\",\"last_name\":\"Ruhil\",\"language_code\":\"en\"}',NULL,'2023-10-13 01:10:21','2023-10-13 01:10:21'),(138,NULL,811106426,'en',0,0,0,0,0,0,'TM',NULL,'{\"id\":811106426,\"is_bot\":false,\"first_name\":\"TM\",\"username\":\"tatevman\",\"language_code\":\"en\"}',NULL,'2023-10-13 10:53:08','2023-10-13 10:53:08'),(139,NULL,1959980036,'en',0,0,0,0,0,0,'Ravinder Singh',NULL,'{\"id\":1959980036,\"is_bot\":false,\"first_name\":\"Ravinder\",\"last_name\":\"Singh\",\"language_code\":\"en\"}',NULL,'2023-10-13 12:10:30','2023-10-13 12:10:30'),(140,NULL,6024251957,'en',0,0,1,0,0,0,'Визовый Эксперт','LEVVISA1','{\"id\":6024251957,\"is_bot\":false,\"first_name\":\"\\u0412\\u0438\\u0437\\u043e\\u0432\\u044b\\u0439\",\"last_name\":\"\\u042d\\u043a\\u0441\\u043f\\u0435\\u0440\\u0442\",\"username\":\"levvisa2\",\"language_code\":\"en\"}',NULL,'2023-10-14 20:42:52','2023-11-12 17:31:30'),(141,NULL,6237165079,'en',0,0,1,0,0,0,'Юлия ✈️ твой визовый агент','travelfreestyle','{\"id\":6237165079,\"is_bot\":false,\"first_name\":\"\\u042e\\u043b\\u0438\\u044f\",\"last_name\":\"\\u2708\\ufe0f \\u0442\\u0432\\u043e\\u0439 \\u0432\\u0438\\u0437\\u043e\\u0432\\u044b\\u0439 \\u0430\\u0433\\u0435\\u043d\\u0442\",\"username\":\"visa_julia\",\"language_code\":\"en\"}',NULL,'2023-10-14 20:45:21','2023-10-15 04:26:18'),(142,NULL,6371627228,'en',0,0,0,0,0,0,'Greg Slack',NULL,'{\"id\":6371627228,\"is_bot\":false,\"first_name\":\"Greg\",\"last_name\":\"Slack\",\"language_code\":\"en\"}',NULL,'2023-10-15 10:35:24','2023-10-15 10:35:24'),(143,NULL,5322538162,'en',0,0,0,0,0,0,'Nandeesh',NULL,'{\"id\":5322538162,\"is_bot\":false,\"first_name\":\"Nandeesh\",\"language_code\":\"en\"}',NULL,'2023-10-15 20:49:09','2023-10-15 20:49:09'),(144,NULL,1690376734,'en',0,0,0,0,0,0,'浩财（招主播招挂靠） 黄',NULL,'{\"id\":1690376734,\"is_bot\":false,\"first_name\":\"\\u6d69\\u8d22\\uff08\\u62db\\u4e3b\\u64ad\\u62db\\u6302\\u9760\\uff09\",\"last_name\":\"\\u9ec4\",\"language_code\":\"en\"}',NULL,'2023-10-16 01:24:13','2023-10-16 01:24:13'),(145,NULL,316039567,'en',0,0,0,0,0,0,'Anastasiia',NULL,'{\"id\":316039567,\"is_bot\":false,\"first_name\":\"Anastasiia\",\"username\":\"anastasiia_vsk\",\"language_code\":\"en\"}',NULL,'2023-10-16 07:53:40','2023-10-16 07:53:40'),(146,NULL,289417965,'ru',0,0,1,0,0,0,'1',NULL,'{\"id\":289417965,\"is_bot\":false,\"first_name\":\"1\",\"username\":\"inTradeWeTrust\",\"language_code\":\"ru\",\"is_premium\":true}',NULL,'2023-10-16 08:04:48','2023-12-26 09:48:08'),(147,NULL,189198994,'ru',0,0,0,0,0,0,'A.K.',NULL,'{\"id\":189198994,\"is_bot\":false,\"first_name\":\"A.K.\",\"username\":\"AndrewUser\",\"language_code\":\"ru\",\"is_premium\":true}',NULL,'2023-10-16 08:33:12','2023-12-26 09:48:08'),(148,NULL,6656764449,'en',0,0,0,0,0,0,'ali',NULL,'{\"id\":6656764449,\"is_bot\":false,\"first_name\":\"ali\",\"username\":\"aaj_001\",\"language_code\":\"ar\"}',NULL,'2023-10-16 20:28:47','2023-10-16 20:28:47'),(149,NULL,1963735703,'en',0,0,0,0,0,0,'Mike Sanchez',NULL,'{\"id\":1963735703,\"is_bot\":false,\"first_name\":\"Mike\",\"last_name\":\"Sanchez\",\"language_code\":\"en\"}',NULL,'2023-10-16 20:55:52','2023-10-16 20:55:52'),(150,NULL,381239096,'ru',0,0,1,0,0,0,'Филипп | Самурай по визам','supravisa','{\"id\":381239096,\"is_bot\":false,\"first_name\":\"\\u0424\\u0438\\u043b\\u0438\\u043f\\u043f\",\"last_name\":\"| \\u0421\\u0430\\u043c\\u0443\\u0440\\u0430\\u0439 \\u043f\\u043e \\u0432\\u0438\\u0437\\u0430\\u043c\",\"username\":\"philippn666\",\"language_code\":\"ru\",\"is_premium\":true}',NULL,'2023-10-17 14:19:13','2023-12-26 09:48:08'),(151,NULL,189252313,'en',0,0,0,0,0,0,'. .',NULL,'{\"id\":189252313,\"is_bot\":false,\"first_name\":\".\",\"last_name\":\".\",\"language_code\":\"en\"}',NULL,'2023-10-17 18:06:42','2023-10-17 18:06:42'),(152,NULL,6469058465,'en',0,0,0,0,0,0,'Dhriya Popat',NULL,'{\"id\":6469058465,\"is_bot\":false,\"first_name\":\"Dhriya\",\"last_name\":\"Popat\",\"language_code\":\"en\"}',NULL,'2023-10-18 08:19:53','2023-10-18 08:19:53'),(153,NULL,1371768784,'en',0,0,0,0,0,0,'Azka',NULL,'{\"id\":1371768784,\"is_bot\":false,\"first_name\":\"Azka\",\"username\":\"azee142\",\"language_code\":\"en\"}',NULL,'2023-10-18 20:10:21','2023-10-18 20:10:21'),(154,NULL,5725373557,'es',0,0,0,0,0,0,'GESTORÍA MG',NULL,'{\"id\":5725373557,\"is_bot\":false,\"first_name\":\"GESTOR\\u00cdA MG\",\"language_code\":\"es\"}',NULL,'2023-10-18 21:06:49','2023-12-26 09:48:08'),(155,NULL,994618750,'en',0,0,0,0,0,0,'Mrfd',NULL,'{\"id\":994618750,\"is_bot\":false,\"first_name\":\"Mrfd\",\"username\":\"officialmrfd\",\"language_code\":\"en\",\"is_premium\":true}',NULL,'2023-10-18 23:13:35','2023-10-18 23:13:35'),(156,NULL,6084710523,'ru',0,0,1,0,0,0,'Anna Dmitrieva',NULL,'{\"id\":6084710523,\"is_bot\":false,\"first_name\":\"Anna\",\"last_name\":\"Dmitrieva\",\"username\":\"adm966l\",\"language_code\":\"ru\"}',NULL,'2023-10-19 09:16:49','2023-12-26 09:48:08'),(157,NULL,687856078,'ru',0,0,0,0,0,0,'Виолетта',NULL,'{\"id\":687856078,\"is_bot\":false,\"first_name\":\"\\u0412\\u0438\\u043e\\u043b\\u0435\\u0442\\u0442\\u0430\",\"username\":\"violettayanovitch\",\"language_code\":\"ru\"}',NULL,'2023-10-19 15:22:07','2023-12-26 09:48:08'),(158,NULL,5980400407,'en',0,0,0,0,0,0,'الٌ عبدالله',NULL,'{\"id\":5980400407,\"is_bot\":false,\"first_name\":\"\\u0627\\u0644\\u064c \\u0639\\u0628\\u062f\\u0627\\u0644\\u0644\\u0647\",\"username\":\"Bomexr\",\"language_code\":\"en\"}',NULL,'2023-10-19 21:55:10','2023-10-19 21:55:10'),(159,NULL,245865611,'en',0,0,1,0,0,0,'Anna Dmitrieva','Ottuda tuda','{\"id\":245865611,\"is_bot\":false,\"first_name\":\"Anna\",\"last_name\":\"Dmitrieva\",\"username\":\"annavladi_j\",\"language_code\":\"en\"}',NULL,'2023-10-20 04:11:14','2023-10-20 04:14:01'),(160,NULL,585800171,'en',0,0,0,0,0,0,'Nithin',NULL,'{\"id\":585800171,\"is_bot\":false,\"first_name\":\"Nithin\",\"username\":\"Nitviz\",\"language_code\":\"en\"}',NULL,'2023-10-21 22:25:33','2023-10-21 22:25:33'),(161,NULL,5295934998,'en',0,0,0,0,0,0,'Will 7',NULL,'{\"id\":5295934998,\"is_bot\":false,\"first_name\":\"Will\",\"last_name\":\"7\",\"language_code\":\"en\"}',NULL,'2023-10-23 17:49:46','2023-10-23 17:49:46'),(162,NULL,6687590622,'en',0,0,0,0,0,0,'hahu',NULL,'{\"id\":6687590622,\"is_bot\":false,\"first_name\":\"hahu\",\"username\":\"okey99099\",\"language_code\":\"en\"}',NULL,'2023-10-24 05:02:33','2023-10-24 05:02:33'),(163,NULL,1627843419,'en',0,0,0,0,0,0,'𝐇𝐮𝐬𝐬𝐞𝐢𝐧 𝐀𝐡𝐦𝐞𝐝┋حسين احمد',NULL,'{\"id\":1627843419,\"is_bot\":false,\"first_name\":\"\\ud835\\udc07\\ud835\\udc2e\\ud835\\udc2c\\ud835\\udc2c\\ud835\\udc1e\\ud835\\udc22\\ud835\\udc27 \\ud835\\udc00\\ud835\\udc21\\ud835\\udc26\\ud835\\udc1e\\ud835\\udc1d\\u250b\\u062d\\u0633\\u064a\\u0646 \\u0627\\u062d\\u0645\\u062f\",\"username\":\"Fza_zaz\",\"language_code\":\"ar\"}',NULL,'2023-10-24 22:11:41','2023-10-24 22:11:41'),(164,NULL,6408343323,'en',0,0,0,0,0,0,'Saloni',NULL,'{\"id\":6408343323,\"is_bot\":false,\"first_name\":\"Saloni\",\"language_code\":\"en\"}',NULL,'2023-10-24 23:23:42','2023-10-24 23:23:42'),(165,NULL,1401367367,'en',0,0,0,0,0,0,'☠️ محمد ☠️',NULL,'{\"id\":1401367367,\"is_bot\":false,\"first_name\":\"\\u2620\\ufe0f \\u0645\\u062d\\u0645\\u062f\",\"last_name\":\"\\u2620\\ufe0f\",\"language_code\":\"ar\"}',NULL,'2023-10-25 07:54:19','2023-10-25 07:54:19'),(166,NULL,641171123,'en',0,0,0,0,0,0,'Dmytro',NULL,'{\"id\":641171123,\"is_bot\":false,\"first_name\":\"Dmytro\",\"username\":\"dimaxj1\",\"language_code\":\"en\",\"is_premium\":true}',NULL,'2023-10-25 09:52:53','2023-10-25 09:52:53'),(167,NULL,1125541198,'en',0,0,0,0,0,0,'Toy',NULL,'{\"id\":1125541198,\"is_bot\":false,\"first_name\":\"Toy\",\"language_code\":\"en\"}',NULL,'2023-10-25 22:19:59','2023-10-25 22:19:59'),(168,NULL,1491097589,'es',0,0,0,0,0,0,'Jaque Hc',NULL,'{\"id\":1491097589,\"is_bot\":false,\"first_name\":\"Jaque\",\"last_name\":\"Hc\",\"language_code\":\"es\"}',NULL,'2023-10-26 01:49:56','2023-12-26 09:48:08'),(169,NULL,545064675,'ru',0,0,1,0,0,0,'Kulikova Ekaterina',NULL,'{\"id\":545064675,\"is_bot\":false,\"first_name\":\"Kulikova\",\"last_name\":\"Ekaterina\",\"language_code\":\"ru\"}',NULL,'2023-10-26 11:51:08','2023-12-26 14:19:02'),(170,NULL,1932306545,'en',0,0,0,0,0,0,'7aMm ___',NULL,'{\"id\":1932306545,\"is_bot\":false,\"first_name\":\"7aMm\",\"last_name\":\"___\",\"username\":\"not_7ama\",\"language_code\":\"en\"}',NULL,'2023-10-26 19:02:19','2023-10-26 19:02:19'),(171,NULL,6396943402,'en',0,0,0,0,0,0,'A M',NULL,'{\"id\":6396943402,\"is_bot\":false,\"first_name\":\"A\",\"last_name\":\"M\",\"username\":\"NLDamericavisas2023\",\"language_code\":\"en\"}',NULL,'2023-10-27 01:28:23','2023-10-27 01:28:23'),(172,NULL,5985491258,'en',0,0,0,0,0,0,'𓆩𝗠𝗚ঔৣ͜͡➳𝗺𝗮𝗵𝗱𝗶۩𓆪',NULL,'{\"id\":5985491258,\"is_bot\":false,\"first_name\":\"\\ud80c\\udda9\\ud835\\udde0\\ud835\\uddda\\u0994\\u09e3\\u035c\\u0361\\u27b3\\ud835\\uddfa\\ud835\\uddee\\ud835\\uddf5\\ud835\\uddf1\\ud835\\uddf6\\u06e9\\ud80c\\uddaa\",\"username\":\"IlIIlIlIllll\",\"language_code\":\"ar\",\"is_premium\":true}',NULL,'2023-10-28 04:38:29','2023-10-28 04:38:29'),(173,NULL,1272839579,'en',0,0,0,0,0,0,'Nipun Rana',NULL,'{\"id\":1272839579,\"is_bot\":false,\"first_name\":\"Nipun\",\"last_name\":\"Rana\",\"username\":\"haramBAE3\",\"language_code\":\"en\"}',NULL,'2023-10-28 21:47:46','2023-10-28 21:47:46'),(174,NULL,920859018,'es',0,0,0,0,0,0,'Sus',NULL,'{\"id\":920859018,\"is_bot\":false,\"first_name\":\"Sus\",\"username\":\"susanappp\",\"language_code\":\"es\"}',NULL,'2023-10-29 05:59:54','2023-12-26 09:48:08'),(175,NULL,5088203609,'es',0,0,0,0,0,0,'AG',NULL,'{\"id\":5088203609,\"is_bot\":false,\"first_name\":\"AG\",\"language_code\":\"es\"}',NULL,'2023-10-30 00:59:20','2023-12-26 09:48:08'),(176,NULL,5228873917,'en',0,0,0,0,0,0,'Mohammad Ashraful',NULL,'{\"id\":5228873917,\"is_bot\":false,\"first_name\":\"Mohammad\",\"last_name\":\"Ashraful\",\"language_code\":\"en\"}',NULL,'2023-10-30 11:10:16','2023-10-30 11:10:16'),(177,NULL,608259122,'ru',0,0,1,0,0,0,'Светлана | Путеводители & визы',NULL,'{\"id\":608259122,\"is_bot\":false,\"first_name\":\"\\u0421\\u0432\\u0435\\u0442\\u043b\\u0430\\u043d\\u0430 | \\u041f\\u0443\\u0442\\u0435\\u0432\\u043e\\u0434\\u0438\\u0442\\u0435\\u043b\\u0438 & \\u0432\\u0438\\u0437\\u044b\",\"username\":\"levshinaa\",\"language_code\":\"ru\",\"is_premium\":true}',NULL,'2023-10-30 17:05:51','2023-12-26 09:48:08'),(178,NULL,6471805746,'en',0,0,0,0,0,0,'Get Rich',NULL,'{\"id\":6471805746,\"is_bot\":false,\"first_name\":\"Get\",\"last_name\":\"Rich\",\"username\":\"Treasurydirectservices\",\"language_code\":\"en\"}',NULL,'2023-10-30 18:37:03','2023-10-30 18:37:03'),(179,NULL,6628510237,'en',0,0,0,0,0,0,'Riswana',NULL,'{\"id\":6628510237,\"is_bot\":false,\"first_name\":\"Riswana\",\"language_code\":\"en\"}',NULL,'2023-10-30 20:32:52','2023-10-30 20:32:52'),(180,NULL,543188344,'en',0,0,0,0,0,0,'Ghost Dog',NULL,'{\"id\":543188344,\"is_bot\":false,\"first_name\":\"Ghost\",\"last_name\":\"Dog\",\"username\":\"TheRealGhostDog\",\"language_code\":\"en\"}',NULL,'2023-10-31 08:49:24','2023-10-31 08:49:24'),(181,NULL,297129646,'ru',0,0,0,0,0,0,'Ruslan',NULL,'{\"id\":297129646,\"is_bot\":false,\"first_name\":\"Ruslan\",\"username\":\"ruslan_oz\",\"language_code\":\"ru\"}',NULL,'2023-10-31 09:44:30','2023-12-26 09:48:08'),(182,NULL,934480379,'en',0,0,0,0,0,0,'7xmood_Alz13',NULL,'{\"id\":934480379,\"is_bot\":false,\"first_name\":\"7xmood_Alz13\",\"username\":\"myalzaabi\",\"language_code\":\"en\"}',NULL,'2023-10-31 15:44:15','2023-10-31 15:44:15'),(183,NULL,6930539895,'en',0,0,0,0,0,0,'Jawad Rafi',NULL,'{\"id\":6930539895,\"is_bot\":false,\"first_name\":\"Jawad\",\"last_name\":\"Rafi\",\"language_code\":\"en\"}',NULL,'2023-10-31 23:11:14','2023-10-31 23:11:14'),(184,NULL,6469448252,'en',0,0,0,0,0,0,'Ninad Jagam',NULL,'{\"id\":6469448252,\"is_bot\":false,\"first_name\":\"Ninad\",\"last_name\":\"Jagam\",\"language_code\":\"en\"}',NULL,'2023-11-01 10:50:35','2023-11-01 10:50:35'),(185,NULL,1178433713,'ru',0,0,1,0,0,0,'Поволжский Визовый Центр','Antonvisashengen','{\"id\":1178433713,\"is_bot\":false,\"first_name\":\"\\u041f\\u043e\\u0432\\u043e\\u043b\\u0436\\u0441\\u043a\\u0438\\u0439\",\"last_name\":\"\\u0412\\u0438\\u0437\\u043e\\u0432\\u044b\\u0439 \\u0426\\u0435\\u043d\\u0442\\u0440\",\"username\":\"pov_viza\",\"language_code\":\"ru\"}',NULL,'2023-11-01 16:10:10','2023-12-26 09:48:08'),(186,NULL,335528652,'ru',0,0,1,0,0,0,'Daria','GOOD VISA USA','{\"id\":335528652,\"is_bot\":false,\"first_name\":\"Daria\",\"username\":\"danya3d\",\"language_code\":\"ru\"}',NULL,'2023-11-01 18:47:28','2023-12-26 09:48:08'),(187,NULL,5694441026,'en',0,0,0,0,0,0,'Martha',NULL,'{\"id\":5694441026,\"is_bot\":false,\"first_name\":\"Martha\",\"language_code\":\"en\"}',NULL,'2023-11-02 00:59:51','2023-11-02 00:59:51'),(188,NULL,1509348333,'es',0,0,0,0,0,0,'Karen Vargas',NULL,'{\"id\":1509348333,\"is_bot\":false,\"first_name\":\"Karen\",\"last_name\":\"Vargas\",\"username\":\"KarenVarHer\",\"language_code\":\"es\"}',NULL,'2023-11-02 05:03:43','2023-12-26 09:48:08'),(189,NULL,1177810816,'es',0,0,0,0,0,0,'Carla Ortíz',NULL,'{\"id\":1177810816,\"is_bot\":false,\"first_name\":\"Carla\",\"last_name\":\"Ort\\u00edz\",\"username\":\"carlasortiz\",\"language_code\":\"es\"}',NULL,'2023-11-02 05:31:22','2023-12-26 09:48:08'),(190,NULL,6626896443,'en',0,0,0,0,0,0,'Ariyan Khan',NULL,'{\"id\":6626896443,\"is_bot\":false,\"first_name\":\"Ariyan\",\"last_name\":\"Khan\",\"username\":\"Ariyankhan212\",\"language_code\":\"en\"}',NULL,'2023-11-03 04:32:32','2023-11-03 04:32:32'),(191,NULL,6592690525,'en',0,0,0,0,0,0,'Amit Dsouza',NULL,'{\"id\":6592690525,\"is_bot\":false,\"first_name\":\"Amit\",\"last_name\":\"Dsouza\",\"language_code\":\"en\"}',NULL,'2023-11-04 00:35:49','2023-11-04 00:35:49'),(192,NULL,6531160840,'es',0,0,0,0,0,0,'Melissa R',NULL,'{\"id\":6531160840,\"is_bot\":false,\"first_name\":\"Melissa\",\"last_name\":\"R\",\"username\":\"MarthaMelissa88\",\"language_code\":\"es\"}',NULL,'2023-11-04 00:59:55','2023-12-26 09:48:08'),(193,NULL,5666326347,'ru',0,0,0,0,0,0,'Iulia Kovalko',NULL,'{\"id\":5666326347,\"is_bot\":false,\"first_name\":\"Iulia\",\"last_name\":\"Kovalko\",\"username\":\"iuliiakov\",\"language_code\":\"ru\"}',NULL,'2023-11-04 04:10:43','2023-12-26 09:48:08'),(194,NULL,6850005073,'en',0,0,0,0,0,0,'A V',NULL,'{\"id\":6850005073,\"is_bot\":false,\"first_name\":\"A\",\"last_name\":\"V\",\"language_code\":\"en\"}',NULL,'2023-11-04 07:19:36','2023-11-04 07:19:36'),(195,NULL,470888281,'en',0,0,0,0,0,0,'Jalal',NULL,'{\"id\":470888281,\"is_bot\":false,\"first_name\":\"Jalal\",\"username\":\"ajalal\",\"language_code\":\"en\"}',NULL,'2023-11-04 22:14:24','2023-11-04 22:14:24'),(196,NULL,6827816019,'en',0,0,0,0,0,0,'D',NULL,'{\"id\":6827816019,\"is_bot\":false,\"first_name\":\"D\",\"language_code\":\"en\"}',NULL,'2023-11-05 13:40:57','2023-11-05 13:40:57'),(197,NULL,5248445459,'es',0,0,0,0,0,0,'JM',NULL,'{\"id\":5248445459,\"is_bot\":false,\"first_name\":\"JM\",\"language_code\":\"es\"}',NULL,'2023-11-06 23:35:21','2023-12-26 09:48:08'),(198,NULL,95208091,'en',0,0,0,0,0,0,'Bijan Aghdasi',NULL,'{\"id\":95208091,\"is_bot\":false,\"first_name\":\"Bijan\",\"last_name\":\"Aghdasi\",\"username\":\"BijanAghdasi\",\"language_code\":\"en\"}',NULL,'2023-11-06 23:38:43','2023-11-06 23:38:43'),(199,NULL,463432935,'ru',0,0,1,0,0,0,'Катарина212426',NULL,'{\"id\":463432935,\"is_bot\":false,\"first_name\":\"\\u041a\\u0430\\u0442\\u0430\\u0440\\u0438\\u043d\\u0430212426\",\"username\":\"Katarina212426\",\"language_code\":\"ru\"}',NULL,'2023-11-07 06:59:35','2023-12-26 09:48:08'),(200,NULL,326451293,'ru',0,0,1,0,0,0,'Arina','usafox','{\"id\":326451293,\"is_bot\":false,\"first_name\":\"Arina\",\"username\":\"vitushkina\",\"language_code\":\"ru\",\"is_premium\":true}',NULL,'2023-11-07 07:04:03','2023-12-26 09:48:08'),(201,NULL,6863300801,'en',0,0,0,0,0,0,'Hemanth Suresh',NULL,'{\"id\":6863300801,\"is_bot\":false,\"first_name\":\"Hemanth\",\"last_name\":\"Suresh\",\"language_code\":\"en\"}',NULL,'2023-11-07 10:23:38','2023-11-07 10:23:38'),(202,NULL,6862457257,'en',0,0,0,0,0,0,'John Daron',NULL,'{\"id\":6862457257,\"is_bot\":false,\"first_name\":\"John\",\"last_name\":\"Daron\",\"username\":\"Johhdaron\",\"language_code\":\"en\"}',NULL,'2023-11-08 01:20:41','2023-11-08 01:20:41'),(203,NULL,5604950971,'es',0,0,0,0,0,0,'... ...',NULL,'{\"id\":5604950971,\"is_bot\":false,\"first_name\":\"...\",\"last_name\":\"...\",\"language_code\":\"es\"}',NULL,'2023-11-08 06:32:32','2023-12-26 09:48:08'),(204,NULL,76406629,'en',0,0,0,0,0,0,'Mahfam Bahri',NULL,'{\"id\":76406629,\"is_bot\":false,\"first_name\":\"Mahfam\",\"last_name\":\"Bahri\",\"username\":\"lunefam\",\"language_code\":\"en\"}',NULL,'2023-11-08 09:19:06','2023-11-08 09:19:06'),(205,NULL,5000928011,'en',0,0,0,0,0,0,'Sara Garcia',NULL,'{\"id\":5000928011,\"is_bot\":false,\"first_name\":\"Sara Garcia\",\"username\":\"gdleifhv9808\",\"language_code\":\"zh-hans\"}',NULL,'2023-11-08 10:23:27','2023-11-08 10:23:27'),(206,NULL,6592714490,'es',0,0,0,0,0,0,'Angel',NULL,'{\"id\":6592714490,\"is_bot\":false,\"first_name\":\"Angel\",\"language_code\":\"es\"}',NULL,'2023-11-08 12:12:53','2023-12-26 09:48:08'),(207,NULL,6455634270,'es',0,0,0,0,0,0,'Marlene',NULL,'{\"id\":6455634270,\"is_bot\":false,\"first_name\":\"Marlene\",\"language_code\":\"es\"}',NULL,'2023-11-08 23:18:30','2023-12-26 09:48:08'),(208,NULL,6931705648,'en',0,0,0,0,0,0,'Sehaj Arneja',NULL,'{\"id\":6931705648,\"is_bot\":false,\"first_name\":\"Sehaj\",\"last_name\":\"Arneja\",\"language_code\":\"en\"}',NULL,'2023-11-09 19:22:22','2023-11-09 19:22:22'),(209,NULL,5451311961,'en',0,0,0,0,0,0,'Mohamed ..',NULL,'{\"id\":5451311961,\"is_bot\":false,\"first_name\":\"Mohamed\",\"last_name\":\"..\",\"username\":\"Moe_xii\",\"language_code\":\"en\"}',NULL,'2023-11-09 22:33:51','2023-11-09 22:33:51'),(210,NULL,6122075051,'en',0,0,0,0,0,0,'Syko K',NULL,'{\"id\":6122075051,\"is_bot\":false,\"first_name\":\"Syko\",\"last_name\":\"K\",\"username\":\"Sykokraven13\",\"language_code\":\"en\"}',NULL,'2023-11-10 04:01:36','2023-11-10 04:01:36'),(211,NULL,5960882051,'en',0,0,0,0,0,0,'Md Harun',NULL,'{\"id\":5960882051,\"is_bot\":false,\"first_name\":\"Md\",\"last_name\":\"Harun\",\"username\":\"jifan321\",\"language_code\":\"en\"}',NULL,'2023-11-10 13:18:17','2023-11-10 13:18:17'),(212,NULL,6649934460,'en',0,0,0,0,0,0,'Anny Nie',NULL,'{\"id\":6649934460,\"is_bot\":false,\"first_name\":\"Anny\",\"last_name\":\"Nie\",\"username\":\"Anniecga\",\"language_code\":\"en\"}',NULL,'2023-11-10 17:40:08','2023-11-10 17:40:08'),(213,NULL,1393367187,'en',0,0,0,0,0,0,'@okutefui',NULL,'{\"id\":1393367187,\"is_bot\":false,\"first_name\":\"@okutefui\",\"language_code\":\"en\"}',NULL,'2023-11-10 23:16:59','2023-11-10 23:16:59'),(214,NULL,5505321940,'en',0,0,0,0,0,0,'Uday',NULL,'{\"id\":5505321940,\"is_bot\":false,\"first_name\":\"Uday\",\"language_code\":\"en\"}',NULL,'2023-11-11 00:56:59','2023-11-11 00:56:59'),(215,NULL,6231236884,'en',0,0,0,0,0,0,'Dr. Tayyab Rana',NULL,'{\"id\":6231236884,\"is_bot\":false,\"first_name\":\"Dr. Tayyab\",\"last_name\":\"Rana\",\"language_code\":\"en\"}',NULL,'2023-11-11 23:24:04','2023-11-11 23:24:04'),(216,NULL,5046346127,'en',0,0,0,0,0,0,'BHARATH',NULL,'{\"id\":5046346127,\"is_bot\":false,\"first_name\":\"BHARATH\",\"username\":\"UsernameFebruary\",\"language_code\":\"en\"}',NULL,'2023-11-12 02:33:17','2023-11-12 02:33:17'),(217,NULL,5601582513,'en',0,0,0,0,0,0,'kedar Jhadav',NULL,'{\"id\":5601582513,\"is_bot\":false,\"first_name\":\"kedar\",\"last_name\":\"Jhadav\",\"username\":\"Bharath0816\",\"language_code\":\"en\"}',NULL,'2023-11-12 04:19:03','2023-11-12 04:19:03'),(218,NULL,5750324292,'en',0,0,0,0,0,0,'Rajat Dhiman',NULL,'{\"id\":5750324292,\"is_bot\":false,\"first_name\":\"Rajat\",\"last_name\":\"Dhiman\",\"language_code\":\"en\"}',NULL,'2023-11-12 08:36:28','2023-11-12 08:36:28'),(219,NULL,5018159410,'en',0,0,0,0,0,0,'Kazi Bijoy',NULL,'{\"id\":5018159410,\"is_bot\":false,\"first_name\":\"Kazi\",\"last_name\":\"Bijoy\",\"username\":\"Kisloo99\",\"language_code\":\"en\"}',NULL,'2023-11-12 15:41:54','2023-11-12 15:41:54'),(220,NULL,5283746677,'en',0,0,0,0,0,0,'Abrar',NULL,'{\"id\":5283746677,\"is_bot\":false,\"first_name\":\"Abrar\",\"language_code\":\"en\"}',NULL,'2023-11-12 16:07:46','2023-11-12 16:07:46'),(221,NULL,5642050782,'en',0,0,0,0,0,0,'Muskaan Musani',NULL,'{\"id\":5642050782,\"is_bot\":false,\"first_name\":\"Muskaan\",\"last_name\":\"Musani\",\"language_code\":\"en\"}',NULL,'2023-11-12 22:38:08','2023-11-12 22:38:08'),(222,NULL,1575293410,'en',0,0,0,0,0,0,'𝐀𝐑𝐋ᶠᶸᶜᵏᵧₒᵤ𝐔𝐍𝐃 ➺⃤⃤💤',NULL,'{\"id\":1575293410,\"is_bot\":false,\"first_name\":\"\\ud835\\udc00\\ud835\\udc11\\ud835\\udc0b\\u1da0\\u1db8\\u1d9c\\u1d4f\\u1d67\\u2092\\u1d64\\ud835\\udc14\\ud835\\udc0d\\ud835\\udc03 \\u27ba\\u20e4\\u20e4\\ud83d\\udca4\",\"username\":\"rlund\",\"language_code\":\"en\"}',NULL,'2023-11-13 06:31:09','2023-11-13 06:31:09'),(223,NULL,391205685,'en',0,0,0,0,0,0,'e g',NULL,'{\"id\":391205685,\"is_bot\":false,\"first_name\":\"e\",\"last_name\":\"g\",\"language_code\":\"en\"}',NULL,'2023-11-13 16:56:09','2023-11-13 16:56:09'),(224,NULL,1142675002,'en',0,0,0,0,0,0,'DamaN',NULL,'{\"id\":1142675002,\"is_bot\":false,\"first_name\":\"DamaN\",\"username\":\"damansj\",\"language_code\":\"en\"}',NULL,'2023-11-14 12:16:56','2023-11-14 12:16:56'),(225,NULL,6358741825,'en',0,0,0,0,0,0,'Leeza',NULL,'{\"id\":6358741825,\"is_bot\":false,\"first_name\":\"Leeza\",\"language_code\":\"en\"}',NULL,'2023-11-14 22:13:45','2023-11-14 22:13:45'),(226,NULL,5658084071,'en',0,0,0,0,0,0,'Mani',NULL,'{\"id\":5658084071,\"is_bot\":false,\"first_name\":\"Mani\",\"language_code\":\"en\"}',NULL,'2023-11-14 23:15:22','2023-11-14 23:15:22'),(227,NULL,1796811168,'en',0,0,0,0,0,0,'Singh Singh',NULL,'{\"id\":1796811168,\"is_bot\":false,\"first_name\":\"Singh\",\"last_name\":\"Singh\",\"language_code\":\"en\"}',NULL,'2023-11-14 23:50:10','2023-11-14 23:50:10'),(228,NULL,694048599,'en',0,0,0,0,0,0,'NM',NULL,'{\"id\":694048599,\"is_bot\":false,\"first_name\":\"NM\",\"language_code\":\"en\"}',NULL,'2023-11-15 15:56:41','2023-11-15 15:56:41'),(229,NULL,1679426724,'en',0,0,0,0,0,0,'HuNTeR',NULL,'{\"id\":1679426724,\"is_bot\":false,\"first_name\":\"HuNTeR\",\"language_code\":\"en\"}',NULL,'2023-11-16 13:36:56','2023-11-16 13:36:56'),(230,NULL,5059313472,'en',0,0,0,0,0,0,'Sky',NULL,'{\"id\":5059313472,\"is_bot\":false,\"first_name\":\"Sky\",\"username\":\"noviceSky\",\"language_code\":\"en\"}',NULL,'2023-11-17 17:14:19','2023-11-17 17:14:19'),(231,NULL,6141495499,'en',0,0,0,0,0,0,'Mak Sharma',NULL,'{\"id\":6141495499,\"is_bot\":false,\"first_name\":\"Mak\",\"last_name\":\"Sharma\",\"language_code\":\"en\"}',NULL,'2023-11-18 02:02:41','2023-11-18 02:02:41'),(232,NULL,6390294662,'en',0,0,0,0,0,0,'Sukhwinder Singh',NULL,'{\"id\":6390294662,\"is_bot\":false,\"first_name\":\"Sukhwinder\",\"last_name\":\"Singh\",\"language_code\":\"en\"}',NULL,'2023-11-18 06:12:09','2023-11-18 06:12:09'),(233,NULL,5853429567,'en',0,0,0,0,0,0,'zo ey',NULL,'{\"id\":5853429567,\"is_bot\":false,\"first_name\":\"zo\",\"last_name\":\"ey\",\"language_code\":\"zh-hans\"}',NULL,'2023-11-18 10:12:23','2023-11-18 10:12:23'),(234,NULL,608389006,'en',0,0,0,0,0,0,'Ahmed Ragab',NULL,'{\"id\":608389006,\"is_bot\":false,\"first_name\":\"Ahmed\",\"last_name\":\"Ragab\",\"username\":\"shadow20201\",\"language_code\":\"en\"}',NULL,'2023-11-18 15:53:19','2023-11-18 15:53:19'),(235,NULL,451298769,'ru',0,0,1,0,0,0,'Марина Черникова',NULL,'{\"id\":451298769,\"is_bot\":false,\"first_name\":\"\\u041c\\u0430\\u0440\\u0438\\u043d\\u0430\",\"last_name\":\"\\u0427\\u0435\\u0440\\u043d\\u0438\\u043a\\u043e\\u0432\\u0430\",\"username\":\"mskindzoku\",\"language_code\":\"ru\"}',NULL,'2023-11-18 17:24:17','2023-12-26 09:48:08'),(236,NULL,5290946277,'ru',0,0,1,0,0,0,'Supra Visa | Москва | 24x7','Supra Visa','{\"id\":5290946277,\"is_bot\":false,\"first_name\":\"Supra\",\"last_name\":\"Visa | \\u041c\\u043e\\u0441\\u043a\\u0432\\u0430 | 24x7\",\"username\":\"supra_visa\",\"language_code\":\"ru\",\"is_premium\":true}',NULL,'2023-11-19 15:07:26','2023-12-26 09:48:08'),(237,NULL,5515526096,'en',0,0,0,0,0,0,'Snehal Patel',NULL,'{\"id\":5515526096,\"is_bot\":false,\"first_name\":\"Snehal\",\"last_name\":\"Patel\",\"language_code\":\"en\"}',NULL,'2023-11-20 04:15:13','2023-11-20 04:15:13'),(238,NULL,6009379189,'es',0,0,0,0,0,0,'Marco Aragón',NULL,'{\"id\":6009379189,\"is_bot\":false,\"first_name\":\"Marco\",\"last_name\":\"Arag\\u00f3n\",\"language_code\":\"es\"}',NULL,'2023-11-20 07:37:40','2023-12-26 09:48:08'),(239,NULL,5521858308,'en',0,0,0,0,0,0,'Sayyidahrafa',NULL,'{\"id\":5521858308,\"is_bot\":false,\"first_name\":\"Sayyidahrafa\",\"language_code\":\"en\"}',NULL,'2023-11-20 21:25:47','2023-11-20 21:25:47'),(240,NULL,5263518431,'en',0,0,0,0,0,0,'Harsh',NULL,'{\"id\":5263518431,\"is_bot\":false,\"first_name\":\"Harsh\",\"username\":\"Harsh_052\",\"language_code\":\"en\"}',NULL,'2023-11-21 03:40:34','2023-11-21 03:40:34'),(241,NULL,1966637650,'en',0,0,0,0,0,0,'Lovepreet Sekhon',NULL,'{\"id\":1966637650,\"is_bot\":false,\"first_name\":\"Lovepreet\",\"last_name\":\"Sekhon\",\"username\":\"love01sekhon\",\"language_code\":\"en\"}',NULL,'2023-11-21 20:00:34','2023-11-21 20:00:34'),(242,NULL,6311129297,'en',0,0,0,0,0,0,'Abril Montaño',NULL,'{\"id\":6311129297,\"is_bot\":false,\"first_name\":\"Abril\",\"last_name\":\"Monta\\u00f1o\",\"language_code\":\"en\"}',NULL,'2023-11-22 04:49:36','2023-11-22 04:49:36'),(243,NULL,1804313088,'en',0,0,0,0,0,0,'Dhyan',NULL,'{\"id\":1804313088,\"is_bot\":false,\"first_name\":\"Dhyan\",\"language_code\":\"en\"}',NULL,'2023-11-22 22:03:20','2023-11-22 22:03:20'),(244,NULL,840943091,'en',0,0,0,0,0,0,'Bill Clinton',NULL,'{\"id\":840943091,\"is_bot\":false,\"first_name\":\"Bill\",\"last_name\":\"Clinton\",\"username\":\"CillBlinton\",\"language_code\":\"en\"}',NULL,'2023-11-23 00:33:27','2023-11-23 00:33:27'),(245,NULL,6723176001,'en',0,0,0,0,0,0,'V@ND@N',NULL,'{\"id\":6723176001,\"is_bot\":false,\"first_name\":\"V@ND@N\",\"language_code\":\"en\"}',NULL,'2023-11-23 03:54:12','2023-11-23 03:54:12'),(246,NULL,6669452948,'en',0,0,0,0,0,0,'Rohit Jayakar',NULL,'{\"id\":6669452948,\"is_bot\":false,\"first_name\":\"Rohit\",\"last_name\":\"Jayakar\",\"language_code\":\"en\"}',NULL,'2023-11-23 10:52:13','2023-11-23 10:52:13'),(247,NULL,5929974307,'en',0,0,0,0,0,0,'Genes Pius',NULL,'{\"id\":5929974307,\"is_bot\":false,\"first_name\":\"Genes\",\"last_name\":\"Pius\",\"language_code\":\"en\"}',NULL,'2023-11-23 13:12:21','2023-11-23 13:12:21'),(248,NULL,1174997354,'en',0,0,0,0,0,0,'Ravindran Shankar',NULL,'{\"id\":1174997354,\"is_bot\":false,\"first_name\":\"Ravindran\",\"last_name\":\"Shankar\",\"language_code\":\"en\"}',NULL,'2023-11-23 19:16:53','2023-11-23 19:16:53'),(249,NULL,1594918935,'en',0,0,0,0,0,0,'JAAt🇬🇧',NULL,'{\"id\":1594918935,\"is_bot\":false,\"first_name\":\"JAAt\\ud83c\\uddec\\ud83c\\udde7\",\"language_code\":\"en\"}',NULL,'2023-11-25 00:01:51','2023-11-25 00:01:51'),(250,NULL,2061307614,'es',0,0,0,0,0,0,'Erika',NULL,'{\"id\":2061307614,\"is_bot\":false,\"first_name\":\"Erika\",\"username\":\"Tramita2visa\",\"language_code\":\"es\"}',NULL,'2023-11-25 03:07:30','2023-12-26 09:48:08'),(251,NULL,6467869579,'en',0,0,0,0,0,0,'Mohammed Arshad Mohiuddin',NULL,'{\"id\":6467869579,\"is_bot\":false,\"first_name\":\"Mohammed Arshad\",\"last_name\":\"Mohiuddin\",\"language_code\":\"en\"}',NULL,'2023-11-25 06:45:39','2023-11-25 06:45:39'),(252,NULL,6064657662,'en',0,0,0,0,0,0,'Danish YT',NULL,'{\"id\":6064657662,\"is_bot\":false,\"first_name\":\"Danish YT\",\"language_code\":\"en\"}',NULL,'2023-11-25 13:24:35','2023-11-25 13:24:35'),(253,NULL,5585538345,'en',0,0,0,0,0,0,'Baljeet Jangral',NULL,'{\"id\":5585538345,\"is_bot\":false,\"first_name\":\"Baljeet\",\"last_name\":\"Jangral\",\"language_code\":\"en\"}',NULL,'2023-11-25 14:08:35','2023-11-25 14:08:35'),(254,NULL,6937575870,'en',0,0,0,0,0,0,'Owais',NULL,'{\"id\":6937575870,\"is_bot\":false,\"first_name\":\"Owais\",\"language_code\":\"en\"}',NULL,'2023-11-25 20:04:55','2023-11-25 20:04:55'),(255,NULL,2025352311,'en',0,0,0,0,0,0,'Rifat Hosen',NULL,'{\"id\":2025352311,\"is_bot\":false,\"first_name\":\"Rifat\",\"last_name\":\"Hosen\",\"username\":\"rifathosen1\",\"language_code\":\"en\"}',NULL,'2023-11-26 09:47:27','2023-11-26 09:47:27'),(256,NULL,5467290964,'ru',0,0,0,0,0,0,'Антон | визовый эксперт',NULL,'{\"id\":5467290964,\"is_bot\":false,\"first_name\":\"\\u0410\\u043d\\u0442\\u043e\\u043d | \\u0432\\u0438\\u0437\\u043e\\u0432\\u044b\\u0439 \\u044d\\u043a\\u0441\\u043f\\u0435\\u0440\\u0442\",\"username\":\"Anton_visa_shengen\",\"language_code\":\"ru\",\"is_premium\":true}',NULL,'2023-11-27 08:18:31','2023-12-26 09:48:08'),(257,NULL,6367988893,'ru',0,0,1,0,0,0,'lavilama (evc)','Lavilama','{\"id\":6367988893,\"is_bot\":false,\"first_name\":\"lavilama (evc)\",\"username\":\"lavilama\",\"language_code\":\"ru\"}',NULL,'2023-11-27 14:27:53','2023-12-26 09:48:08'),(258,NULL,1804492959,'es',0,0,0,0,0,0,'Alicia',NULL,'{\"id\":1804492959,\"is_bot\":false,\"first_name\":\"Alicia\",\"language_code\":\"es\"}',NULL,'2023-11-28 01:21:08','2023-12-26 09:48:08'),(259,NULL,1587016531,'en',0,0,0,0,0,0,'M',NULL,'{\"id\":1587016531,\"is_bot\":false,\"first_name\":\"M\",\"language_code\":\"en\"}',NULL,'2023-11-28 01:23:08','2023-11-28 01:23:08'),(260,NULL,6338097422,'es',0,0,0,0,0,0,'Endy',NULL,'{\"id\":6338097422,\"is_bot\":false,\"first_name\":\"Endy\",\"language_code\":\"es\"}',NULL,'2023-11-28 01:24:15','2023-12-26 09:48:08'),(261,NULL,6187975916,'es',0,0,0,0,0,0,'Lalo Landa',NULL,'{\"id\":6187975916,\"is_bot\":false,\"first_name\":\"Lalo\",\"last_name\":\"Landa\",\"language_code\":\"es\"}',NULL,'2023-11-28 01:27:31','2023-12-26 09:48:08'),(262,NULL,6271221348,'es',0,0,0,0,0,0,'Alejandra Osuna',NULL,'{\"id\":6271221348,\"is_bot\":false,\"first_name\":\"Alejandra\",\"last_name\":\"Osuna\",\"username\":\"Osunamich\",\"language_code\":\"es\"}',NULL,'2023-11-28 02:18:24','2023-12-26 09:48:08'),(263,NULL,5789545404,'en',0,0,0,0,0,0,'Sean',NULL,'{\"id\":5789545404,\"is_bot\":false,\"first_name\":\"Sean\",\"language_code\":\"en\"}',NULL,'2023-11-28 03:47:48','2023-11-28 03:47:48'),(264,NULL,6168798423,'es',0,0,0,0,0,0,'Gabriela Contreras',NULL,'{\"id\":6168798423,\"is_bot\":false,\"first_name\":\"Gabriela\",\"last_name\":\"Contreras\",\"username\":\"gabyc_a\",\"language_code\":\"es\"}',NULL,'2023-11-28 06:51:44','2023-12-26 09:48:08'),(265,NULL,1015982606,'en',0,0,0,0,0,0,'Thejas K',NULL,'{\"id\":1015982606,\"is_bot\":false,\"first_name\":\"Thejas\",\"last_name\":\"K\",\"language_code\":\"en\"}',NULL,'2023-11-28 17:00:58','2023-11-28 17:00:58'),(266,NULL,5880388341,'en',0,0,0,0,0,0,'A L',NULL,'{\"id\":5880388341,\"is_bot\":false,\"first_name\":\"A\",\"last_name\":\"L\",\"language_code\":\"en\"}',NULL,'2023-11-28 17:50:03','2023-11-28 17:50:03'),(267,NULL,1659185151,'es',0,0,0,0,0,0,'Vas',NULL,'{\"id\":1659185151,\"is_bot\":false,\"first_name\":\"Vas\",\"username\":\"ib00vza\",\"language_code\":\"es\",\"is_premium\":true}',NULL,'2023-11-29 00:59:06','2023-12-26 09:48:08'),(268,NULL,5602247948,'en',0,0,0,0,0,0,'Antariksh Chauhan',NULL,'{\"id\":5602247948,\"is_bot\":false,\"first_name\":\"Antariksh\",\"last_name\":\"Chauhan\",\"language_code\":\"en\"}',NULL,'2023-11-29 01:14:30','2023-11-29 01:14:30'),(269,NULL,6318292230,'en',0,0,0,0,0,0,'Jeon Jungkook',NULL,'{\"id\":6318292230,\"is_bot\":false,\"first_name\":\"Jeon\",\"last_name\":\"Jungkook\",\"username\":\"Jeonjungkookofficialbts\",\"language_code\":\"en\"}',NULL,'2023-11-29 04:01:47','2023-11-29 04:01:47'),(270,NULL,6606737080,'en',0,0,0,0,0,0,'Jaspal Singh',NULL,'{\"id\":6606737080,\"is_bot\":false,\"first_name\":\"Jaspal\",\"last_name\":\"Singh\",\"language_code\":\"en\"}',NULL,'2023-11-29 07:45:54','2023-11-29 07:45:54'),(271,NULL,466628205,'en',0,0,0,0,0,0,'Andrés Licea',NULL,'{\"id\":466628205,\"is_bot\":false,\"first_name\":\"Andr\\u00e9s\",\"last_name\":\"Licea\",\"username\":\"licea111\",\"language_code\":\"en\"}',NULL,'2023-11-29 09:49:00','2023-11-29 09:49:00'),(272,NULL,569064956,'en',0,0,0,0,0,0,'Arun Suresh',NULL,'{\"id\":569064956,\"is_bot\":false,\"first_name\":\"Arun\",\"last_name\":\"Suresh\",\"language_code\":\"en\"}',NULL,'2023-11-29 20:01:39','2023-11-29 20:01:39'),(273,NULL,5533480720,'en',0,0,0,0,0,0,'R Z',NULL,'{\"id\":5533480720,\"is_bot\":false,\"first_name\":\"R\",\"last_name\":\"Z\",\"username\":\"k0rela\",\"language_code\":\"en\"}',NULL,'2023-11-30 03:37:52','2023-11-30 03:37:52'),(274,NULL,5429026024,'es',0,0,0,0,0,0,'A N',NULL,'{\"id\":5429026024,\"is_bot\":false,\"first_name\":\"A\",\"last_name\":\"N\",\"username\":\"blackcat956\",\"language_code\":\"es\"}',NULL,'2023-11-30 04:17:02','2023-12-26 09:48:08'),(275,NULL,5652934262,'es',0,0,0,0,0,0,'Manu',NULL,'{\"id\":5652934262,\"is_bot\":false,\"first_name\":\"Manu\",\"language_code\":\"es\"}',NULL,'2023-11-30 06:07:26','2023-12-26 09:48:08'),(276,NULL,6480721288,'es',0,0,0,0,0,0,'Seis',NULL,'{\"id\":6480721288,\"is_bot\":false,\"first_name\":\"Seis\",\"language_code\":\"es\"}',NULL,'2023-11-30 08:11:50','2023-12-26 09:48:08'),(277,NULL,6060856998,'es',0,0,0,0,0,0,'Ivan Maldonado',NULL,'{\"id\":6060856998,\"is_bot\":false,\"first_name\":\"Ivan\",\"last_name\":\"Maldonado\",\"language_code\":\"es\"}',NULL,'2023-11-30 11:17:11','2023-12-26 09:48:08'),(278,NULL,1056453068,'en',0,0,0,0,0,0,'Amaankhan Pathan',NULL,'{\"id\":1056453068,\"is_bot\":false,\"first_name\":\"Amaankhan\",\"last_name\":\"Pathan\",\"language_code\":\"en\"}',NULL,'2023-11-30 11:20:43','2023-11-30 11:20:43'),(279,NULL,5193422433,'es',0,0,0,0,0,0,'MAIE OLGA ZAMUDIO',NULL,'{\"id\":5193422433,\"is_bot\":false,\"first_name\":\"MAIE OLGA\",\"last_name\":\"ZAMUDIO\",\"username\":\"Smveracruz\",\"language_code\":\"es\"}',NULL,'2023-11-30 16:39:29','2023-12-26 09:48:08'),(280,NULL,1038608578,'es',0,0,0,0,0,0,'Y H',NULL,'{\"id\":1038608578,\"is_bot\":false,\"first_name\":\"Y H\",\"username\":\"YHYH03\",\"language_code\":\"es\"}',NULL,'2023-11-30 16:39:46','2023-12-26 09:48:08'),(281,NULL,5918129359,'es',0,0,0,0,0,0,'TABLET',NULL,'{\"id\":5918129359,\"is_bot\":false,\"first_name\":\"TABLET\",\"language_code\":\"es\"}',NULL,'2023-11-30 16:40:22','2023-12-26 09:48:08'),(282,NULL,5835078339,'es',0,0,0,0,0,0,'ADELANTO VISAS',NULL,'{\"id\":5835078339,\"is_bot\":false,\"first_name\":\"ADELANTO VISAS\",\"language_code\":\"es\"}',NULL,'2023-11-30 18:13:44','2023-12-26 09:48:08'),(283,NULL,6094332061,'en',0,0,0,0,0,0,'Kayyo CL',NULL,'{\"id\":6094332061,\"is_bot\":false,\"first_name\":\"Kayyo\",\"last_name\":\"CL\",\"username\":\"KayyoMKK14\",\"language_code\":\"en\"}',NULL,'2023-11-30 20:25:57','2023-11-30 20:25:57'),(284,NULL,6348833437,'en',0,0,0,0,0,0,'Supreme',NULL,'{\"id\":6348833437,\"is_bot\":false,\"first_name\":\"Supreme\",\"language_code\":\"en\"}',NULL,'2023-12-02 03:20:12','2023-12-02 03:20:12'),(285,NULL,839768134,'en',0,0,0,0,0,0,'Priya Lal',NULL,'{\"id\":839768134,\"is_bot\":false,\"first_name\":\"Priya\",\"last_name\":\"Lal\",\"language_code\":\"en\"}',NULL,'2023-12-02 19:29:42','2023-12-02 19:29:42'),(286,NULL,548740521,'en',0,0,0,0,0,0,'Julia Orel',NULL,'{\"id\":548740521,\"is_bot\":false,\"first_name\":\"Julia\",\"last_name\":\"Orel\",\"username\":\"julia_orel\",\"language_code\":\"uk\"}',NULL,'2023-12-04 19:33:47','2023-12-04 19:33:47'),(287,NULL,5850009303,'en',0,0,0,0,0,0,'Arjun',NULL,'{\"id\":5850009303,\"is_bot\":false,\"first_name\":\"Arjun\",\"language_code\":\"en\"}',NULL,'2023-12-04 20:54:42','2023-12-04 20:54:42'),(288,NULL,6159664541,'en',0,0,0,0,0,0,'Alma Barragan',NULL,'{\"id\":6159664541,\"is_bot\":false,\"first_name\":\"Alma\",\"last_name\":\"Barragan\",\"language_code\":\"en\"}',NULL,'2023-12-05 00:21:16','2023-12-05 00:21:16'),(289,NULL,5015165716,'en',0,0,0,0,0,0,'Andy 6',NULL,'{\"id\":5015165716,\"is_bot\":false,\"first_name\":\"Andy\",\"last_name\":\"6\",\"language_code\":\"en\"}',NULL,'2023-12-05 15:54:54','2023-12-05 15:54:54'),(290,NULL,360750300,'ru',0,0,0,0,0,0,'Olga Panasyeva',NULL,'{\"id\":360750300,\"is_bot\":false,\"first_name\":\"Olga\",\"last_name\":\"Panasyeva\",\"username\":\"kroshmatresh\",\"language_code\":\"ru\",\"is_premium\":true}',NULL,'2023-12-06 13:09:27','2023-12-26 09:48:08'),(291,NULL,6056543024,'en',0,0,0,0,0,0,'R S',NULL,'{\"id\":6056543024,\"is_bot\":false,\"first_name\":\"R\",\"last_name\":\"S\",\"language_code\":\"en\"}',NULL,'2023-12-06 16:13:11','2023-12-06 16:13:11'),(292,NULL,6334802420,'en',0,0,0,0,0,0,'Arh',NULL,'{\"id\":6334802420,\"is_bot\":false,\"first_name\":\"Arh\",\"username\":\"ujwa70\",\"language_code\":\"en\"}',NULL,'2023-12-07 07:02:51','2023-12-07 07:02:51'),(293,NULL,6633067281,'en',0,0,0,0,0,0,'Abdi B.',NULL,'{\"id\":6633067281,\"is_bot\":false,\"first_name\":\"Abdi\",\"last_name\":\"B.\",\"username\":\"Thinkers7\",\"language_code\":\"en\"}',NULL,'2023-12-07 18:38:37','2023-12-07 18:38:37'),(294,NULL,6325271473,'en',0,0,0,0,0,0,'Ruwan Ruwan',NULL,'{\"id\":6325271473,\"is_bot\":false,\"first_name\":\"Ruwan\",\"last_name\":\"Ruwan\",\"language_code\":\"en\"}',NULL,'2023-12-07 19:22:15','2023-12-07 19:22:15'),(295,NULL,5484452148,'en',0,0,0,0,0,0,'搬运工代发 @LLE3690',NULL,'{\"id\":5484452148,\"is_bot\":false,\"first_name\":\"\\u642c\\u8fd0\\u5de5\\u4ee3\\u53d1\",\"last_name\":\"@LLE3690\",\"language_code\":\"en\"}',NULL,'2023-12-07 20:15:13','2023-12-07 20:15:13'),(296,NULL,1105076464,'es',0,0,0,0,0,0,'Valeria',NULL,'{\"id\":1105076464,\"is_bot\":false,\"first_name\":\"Valeria\",\"username\":\"valeriajmoreno\",\"language_code\":\"es\"}',NULL,'2023-12-08 09:42:52','2023-12-26 09:48:08'),(297,NULL,954827182,'en',0,0,0,0,0,0,'ຸ',NULL,'{\"id\":954827182,\"is_bot\":false,\"first_name\":\"\\u0eb8\",\"username\":\"OutlawRebellion\",\"language_code\":\"en\"}',NULL,'2023-12-08 21:12:17','2023-12-08 21:12:17'),(298,NULL,5888205241,'en',0,0,0,0,0,0,'Ravi Vashi',NULL,'{\"id\":5888205241,\"is_bot\":false,\"first_name\":\"Ravi\",\"last_name\":\"Vashi\",\"language_code\":\"en\"}',NULL,'2023-12-08 21:49:41','2023-12-08 21:49:41'),(299,NULL,6450654048,'en',0,0,0,0,0,0,'Sheikh',NULL,'{\"id\":6450654048,\"is_bot\":false,\"first_name\":\"Sheikh\",\"username\":\"Tiger_0070\",\"language_code\":\"en\"}',NULL,'2023-12-08 23:34:55','2023-12-08 23:34:55'),(300,NULL,6574712525,'en',0,0,0,0,0,0,'Jeroen Benny',NULL,'{\"id\":6574712525,\"is_bot\":false,\"first_name\":\"Jeroen\",\"last_name\":\"Benny\",\"language_code\":\"en\"}',NULL,'2023-12-09 04:19:33','2023-12-09 04:19:33'),(301,NULL,5807775864,'en',0,0,0,0,0,0,'Chowdhury',NULL,'{\"id\":5807775864,\"is_bot\":false,\"first_name\":\"Chowdhury\",\"language_code\":\"en\"}',NULL,'2023-12-10 00:19:03','2023-12-10 00:19:03'),(302,NULL,6681907104,'en',0,0,0,0,0,0,'Kamatham Akhilender Naidu',NULL,'{\"id\":6681907104,\"is_bot\":false,\"first_name\":\"Kamatham\",\"last_name\":\"Akhilender Naidu\",\"language_code\":\"en\"}',NULL,'2023-12-10 04:44:10','2023-12-10 04:44:10'),(303,NULL,6705044673,'en',0,0,0,0,0,0,'Yash',NULL,'{\"id\":6705044673,\"is_bot\":false,\"first_name\":\"Yash\",\"language_code\":\"en\"}',NULL,'2023-12-10 19:21:34','2023-12-10 19:21:34'),(304,NULL,6524832391,'en',0,0,0,0,0,0,'Arpan Patel',NULL,'{\"id\":6524832391,\"is_bot\":false,\"first_name\":\"Arpan\",\"last_name\":\"Patel\",\"language_code\":\"en\"}',NULL,'2023-12-11 05:30:15','2023-12-11 05:30:15'),(305,NULL,6910566566,'en',0,0,0,0,0,0,'Upendo Furaha',NULL,'{\"id\":6910566566,\"is_bot\":false,\"first_name\":\"Upendo\",\"last_name\":\"Furaha\",\"language_code\":\"en\"}',NULL,'2023-12-11 13:16:17','2023-12-11 13:16:17'),(306,NULL,926202912,'en',0,0,0,0,0,0,'Parth',NULL,'{\"id\":926202912,\"is_bot\":false,\"first_name\":\"Parth\",\"language_code\":\"en\"}',NULL,'2023-12-12 01:49:07','2023-12-12 01:49:07'),(307,NULL,5509743176,'en',0,0,0,0,0,0,'Harpreet Jaggi',NULL,'{\"id\":5509743176,\"is_bot\":false,\"first_name\":\"Harpreet\",\"last_name\":\"Jaggi\",\"language_code\":\"en\"}',NULL,'2023-12-12 04:38:10','2023-12-12 04:38:10'),(308,NULL,6443509652,'en',0,0,0,0,0,0,'Suhanjana Sharma',NULL,'{\"id\":6443509652,\"is_bot\":false,\"first_name\":\"Suhanjana\",\"last_name\":\"Sharma\",\"language_code\":\"en\"}',NULL,'2023-12-12 17:40:50','2023-12-12 17:40:50'),(309,NULL,6534305130,'en',0,0,0,0,0,0,'Timz',NULL,'{\"id\":6534305130,\"is_bot\":false,\"first_name\":\"Timz\",\"language_code\":\"en\"}',NULL,'2023-12-13 12:02:03','2023-12-13 12:02:03'),(310,NULL,6406149621,'en',0,0,0,0,0,0,'Ish Bhatia',NULL,'{\"id\":6406149621,\"is_bot\":false,\"first_name\":\"Ish\",\"last_name\":\"Bhatia\",\"language_code\":\"en\"}',NULL,'2023-12-13 20:19:00','2023-12-13 20:19:00'),(311,NULL,5796541166,'en',0,0,0,0,0,0,'Sanket',NULL,'{\"id\":5796541166,\"is_bot\":false,\"first_name\":\"Sanket\",\"language_code\":\"en\"}',NULL,'2023-12-13 22:33:03','2023-12-13 22:33:03'),(312,NULL,6294313511,'en',0,0,0,0,0,0,'Jabia Arora',NULL,'{\"id\":6294313511,\"is_bot\":false,\"first_name\":\"Jabia\",\"last_name\":\"Arora\",\"language_code\":\"en\"}',NULL,'2023-12-14 20:15:56','2023-12-14 20:15:56'),(313,NULL,6330321898,'en',0,0,0,0,0,0,'Jerry Nation',NULL,'{\"id\":6330321898,\"is_bot\":false,\"first_name\":\"Jerry\",\"last_name\":\"Nation\",\"language_code\":\"en\"}',NULL,'2023-12-14 20:43:21','2023-12-14 20:43:21'),(314,NULL,6909580392,'en',0,0,0,0,0,0,'Ankita Patil',NULL,'{\"id\":6909580392,\"is_bot\":false,\"first_name\":\"Ankita\",\"last_name\":\"Patil\",\"language_code\":\"en\"}',NULL,'2023-12-14 23:31:09','2023-12-14 23:31:09'),(315,NULL,717257762,'en',0,0,0,0,0,0,'Akash',NULL,'{\"id\":717257762,\"is_bot\":false,\"first_name\":\"Akash\",\"language_code\":\"en\"}',NULL,'2023-12-15 08:22:28','2023-12-15 08:22:28'),(316,NULL,688986117,'en',0,0,0,0,0,0,'Darshan patel',NULL,'{\"id\":688986117,\"is_bot\":false,\"first_name\":\"Darshan patel\",\"username\":\"dmp203\",\"language_code\":\"en\"}',NULL,'2023-12-15 14:40:56','2023-12-15 14:40:56'),(317,NULL,6050613854,'ru',0,0,1,0,0,0,'USA Visa México',NULL,'{\"id\":6050613854,\"is_bot\":false,\"first_name\":\"USA Visa\",\"last_name\":\"M\\u00e9xico\",\"username\":\"UsaVisaMexico\",\"language_code\":\"ru\"}',NULL,'2023-12-15 21:56:14','2023-12-26 09:48:08'),(318,NULL,1260979186,'en',0,0,0,0,0,0,'Amith',NULL,'{\"id\":1260979186,\"is_bot\":false,\"first_name\":\"Amith\",\"language_code\":\"en\"}',NULL,'2023-12-16 19:04:05','2023-12-16 19:04:05'),(319,NULL,5948734852,'en',0,0,0,0,0,0,'Osama Noor',NULL,'{\"id\":5948734852,\"is_bot\":false,\"first_name\":\"Osama\",\"last_name\":\"Noor\",\"language_code\":\"en\"}',NULL,'2023-12-17 01:21:05','2023-12-17 01:21:05'),(320,NULL,6354043874,'en',0,0,0,0,0,0,'Harnoor Sahota',NULL,'{\"id\":6354043874,\"is_bot\":false,\"first_name\":\"Harnoor\",\"last_name\":\"Sahota\",\"language_code\":\"en\"}',NULL,'2023-12-17 21:41:40','2023-12-17 21:41:40'),(321,NULL,2013854602,'en',0,0,0,0,0,0,'Christine Johnson',NULL,'{\"id\":2013854602,\"is_bot\":false,\"first_name\":\"Christine\",\"last_name\":\"Johnson\",\"language_code\":\"en\"}',NULL,'2023-12-18 00:46:21','2023-12-18 00:46:21'),(322,NULL,1880711319,'en',0,0,0,0,0,0,'Rimple Singh',NULL,'{\"id\":1880711319,\"is_bot\":false,\"first_name\":\"Rimple\",\"last_name\":\"Singh\",\"language_code\":\"en\"}',NULL,'2023-12-18 00:50:42','2023-12-18 00:50:42'),(323,NULL,6224208430,'en',0,0,0,0,0,0,'𝐁𝐚𝐝𝐫🇫🇷 𓏺 𝟬𝟴:𝟱𝟬',NULL,'{\"id\":6224208430,\"is_bot\":false,\"first_name\":\"\\ud835\\udc01\\ud835\\udc1a\\ud835\\udc1d\\ud835\\udc2b\\ud83c\\uddeb\\ud83c\\uddf7\",\"last_name\":\"\\ud80c\\udffa \\ud835\\udfec\\ud835\\udff4:\\ud835\\udff1\\ud835\\udfec\",\"username\":\"o_7ei\",\"language_code\":\"en\"}',NULL,'2023-12-18 05:51:42','2023-12-18 05:51:42'),(324,NULL,6479226045,'en',0,0,0,0,0,0,'Harsh Jaat',NULL,'{\"id\":6479226045,\"is_bot\":false,\"first_name\":\"Harsh\",\"last_name\":\"Jaat\",\"language_code\":\"en\"}',NULL,'2023-12-20 04:05:10','2023-12-20 04:05:10'),(325,NULL,2029254962,'en',0,0,0,0,0,0,'Jashandeep Singh',NULL,'{\"id\":2029254962,\"is_bot\":false,\"first_name\":\"Jashandeep\",\"last_name\":\"Singh\",\"language_code\":\"en\"}',NULL,'2023-12-20 05:33:12','2023-12-20 05:33:12'),(326,NULL,6898226429,'en',0,0,0,0,0,0,'Gauravi Linjara',NULL,'{\"id\":6898226429,\"is_bot\":false,\"first_name\":\"Gauravi\",\"last_name\":\"Linjara\",\"language_code\":\"en\"}',NULL,'2023-12-20 06:49:03','2023-12-20 06:49:03'),(327,NULL,2026839971,'en',0,0,0,0,0,0,'Melissa Torres',NULL,'{\"id\":2026839971,\"is_bot\":false,\"first_name\":\"Melissa\",\"last_name\":\"Torres\",\"language_code\":\"en\"}',NULL,'2023-12-20 12:10:05','2023-12-20 12:10:05'),(328,NULL,6808524667,'en',0,0,0,0,0,0,'What is in the name',NULL,'{\"id\":6808524667,\"is_bot\":false,\"first_name\":\"What is in the name\",\"language_code\":\"en\"}',NULL,'2023-12-21 07:39:16','2023-12-21 07:39:16'),(329,NULL,6596464137,'en',0,0,0,0,0,0,'Ashima Singhal',NULL,'{\"id\":6596464137,\"is_bot\":false,\"first_name\":\"Ashima\",\"last_name\":\"Singhal\",\"language_code\":\"en\"}',NULL,'2023-12-21 17:51:46','2023-12-21 17:51:46'),(330,NULL,6416580725,'en',0,0,0,0,0,0,'Parth Chapla',NULL,'{\"id\":6416580725,\"is_bot\":false,\"first_name\":\"Parth\",\"last_name\":\"Chapla\",\"language_code\":\"en\"}',NULL,'2023-12-21 22:56:55','2023-12-21 22:56:55'),(331,NULL,6395339466,'es',0,0,0,0,0,0,'RVG GEXTO',NULL,'{\"id\":6395339466,\"is_bot\":false,\"first_name\":\"RVG\",\"last_name\":\"GEXTO\",\"language_code\":\"es\"}',NULL,'2023-12-22 21:54:11','2023-12-26 09:48:08'),(332,NULL,2022172057,'en',0,0,0,0,0,0,'Anish Nair',NULL,'{\"id\":2022172057,\"is_bot\":false,\"first_name\":\"Anish\",\"last_name\":\"Nair\",\"language_code\":\"en\"}',NULL,'2023-12-23 16:38:12','2023-12-23 16:38:12'),(333,NULL,1247064304,'en',0,0,0,0,0,0,'Ab',NULL,'{\"id\":1247064304,\"is_bot\":false,\"first_name\":\"Ab\",\"username\":\"sarvaiyaa\",\"language_code\":\"en\"}',NULL,'2023-12-24 03:16:56','2023-12-24 03:16:56'),(334,NULL,6432246021,'en',0,0,0,0,0,0,'America SD Consultoría',NULL,'{\"id\":6432246021,\"is_bot\":false,\"first_name\":\"America SD\",\"last_name\":\"Consultor\\u00eda\",\"language_code\":\"en\"}',NULL,'2023-12-25 02:11:36','2023-12-25 02:11:36'),(335,NULL,2009487316,'es',0,0,0,0,0,0,'.',NULL,'{\"id\":2009487316,\"is_bot\":false,\"first_name\":\".\",\"username\":\"eqselo\",\"language_code\":\"es\"}',NULL,'2023-12-25 21:39:17','2023-12-26 09:48:08'),(336,NULL,5840969439,'en',0,0,0,0,0,0,'Tejas Gavhane',NULL,'{\"id\":5840969439,\"is_bot\":false,\"first_name\":\"Tejas\",\"last_name\":\"Gavhane\",\"language_code\":\"en\"}',NULL,'2023-12-26 02:55:30','2023-12-26 02:55:30'),(337,NULL,6134605043,'es',0,0,0,0,0,0,'Laura',NULL,'{\"id\":6134605043,\"is_bot\":false,\"first_name\":\"Laura\",\"language_code\":\"es\"}',NULL,'2023-12-26 15:01:14','2023-12-26 15:01:14'),(338,NULL,140038908,'ru',0,0,0,0,0,0,'Ekaterina',NULL,'{\"id\":140038908,\"is_bot\":false,\"first_name\":\"Ekaterina\",\"username\":\"lakozinka\",\"language_code\":\"ru\",\"is_premium\":true}',NULL,'2023-12-26 15:50:00','2023-12-26 15:50:00'),(339,NULL,6055909129,'en',0,0,0,0,0,0,'Aashish Jamra',NULL,'{\"id\":6055909129,\"is_bot\":false,\"first_name\":\"Aashish\",\"last_name\":\"Jamra\",\"username\":\"aashishjamra16\",\"language_code\":\"en\"}',NULL,'2023-12-26 17:04:47','2023-12-26 17:04:47'),(340,NULL,5796257882,'en',0,0,0,0,0,0,'Mujahid Ur Rahman',NULL,'{\"id\":5796257882,\"is_bot\":false,\"first_name\":\"Mujahid\",\"last_name\":\"Ur Rahman\",\"language_code\":\"en\"}',NULL,'2023-12-26 20:09:42','2023-12-26 20:09:42'),(341,NULL,1889139279,'es',0,0,0,0,0,0,'Gustavo',NULL,'{\"id\":1889139279,\"is_bot\":false,\"first_name\":\"Gustavo\",\"username\":\"luisgosmx\",\"language_code\":\"es\"}',NULL,'2023-12-27 04:16:22','2023-12-27 04:16:22'),(342,NULL,5568245212,'es',0,0,0,0,0,0,'Gemma Saya',NULL,'{\"id\":5568245212,\"is_bot\":false,\"first_name\":\"Gemma\",\"last_name\":\"Saya\",\"language_code\":\"es\"}',NULL,'2023-12-27 04:16:22','2023-12-27 04:16:22'),(343,NULL,273405954,'es',0,0,0,0,0,0,'Jesus',NULL,'{\"id\":273405954,\"is_bot\":false,\"first_name\":\"Jesus\",\"username\":\"Jeeshuu\",\"language_code\":\"es\"}',NULL,'2023-12-27 04:16:23','2023-12-27 04:16:23'),(344,NULL,5082702343,'es',0,0,0,0,0,0,'Dani',NULL,'{\"id\":5082702343,\"is_bot\":false,\"first_name\":\"Dani\",\"language_code\":\"es\"}',NULL,'2023-12-27 04:16:31','2023-12-27 04:16:31'),(345,NULL,6079902568,'es',0,0,0,0,0,0,'dannka',NULL,'{\"id\":6079902568,\"is_bot\":false,\"first_name\":\"dannka\",\"language_code\":\"es\"}',NULL,'2023-12-27 04:16:32','2023-12-27 04:16:32'),(346,NULL,6082059081,'es',0,0,0,0,0,0,'Jan',NULL,'{\"id\":6082059081,\"is_bot\":false,\"first_name\":\"Jan\",\"language_code\":\"es\"}',NULL,'2023-12-27 04:16:35','2023-12-27 04:16:35'),(347,NULL,6986567347,'es',0,0,0,0,0,0,'Angelica Carreon',NULL,'{\"id\":6986567347,\"is_bot\":false,\"first_name\":\"Angelica\",\"last_name\":\"Carreon\",\"language_code\":\"es\"}',NULL,'2023-12-27 04:16:58','2023-12-27 04:16:58'),(348,NULL,5069923928,'es',0,0,0,0,0,0,'Yessenia Zaragoza',NULL,'{\"id\":5069923928,\"is_bot\":false,\"first_name\":\"Yessenia\",\"last_name\":\"Zaragoza\",\"language_code\":\"es\"}',NULL,'2023-12-27 04:17:23','2023-12-27 04:17:23'),(349,NULL,1092309551,'es',0,0,0,0,0,0,'Lucia Davila',NULL,'{\"id\":1092309551,\"is_bot\":false,\"first_name\":\"Lucia\",\"last_name\":\"Davila\",\"language_code\":\"es\"}',NULL,'2023-12-27 04:17:52','2023-12-27 04:17:52'),(350,NULL,6500109275,'es',0,0,0,0,0,0,'L B',NULL,'{\"id\":6500109275,\"is_bot\":false,\"first_name\":\"L\",\"last_name\":\"B\",\"language_code\":\"es\"}',NULL,'2023-12-27 04:18:11','2023-12-27 04:18:11'),(351,NULL,5750649476,'es',0,0,0,0,0,0,'Lucia Gayosso',NULL,'{\"id\":5750649476,\"is_bot\":false,\"first_name\":\"Lucia\",\"last_name\":\"Gayosso\",\"language_code\":\"es\"}',NULL,'2023-12-27 04:18:44','2023-12-27 04:18:44'),(352,NULL,6295041308,'es',0,0,0,0,0,0,'Angie',NULL,'{\"id\":6295041308,\"is_bot\":false,\"first_name\":\"Angie\",\"language_code\":\"es\"}',NULL,'2023-12-27 04:19:41','2023-12-27 04:19:41'),(353,NULL,6706725039,'es',0,0,0,0,0,0,'Gestores Vip',NULL,'{\"id\":6706725039,\"is_bot\":false,\"first_name\":\"Gestores Vip\",\"language_code\":\"es\"}',NULL,'2023-12-27 04:19:46','2023-12-27 04:19:46'),(354,NULL,6241008082,'es',0,0,0,0,0,0,'Charly',NULL,'{\"id\":6241008082,\"is_bot\":false,\"first_name\":\"Charly\",\"username\":\"Charlyboy1821\",\"language_code\":\"es\"}',NULL,'2023-12-27 04:20:05','2023-12-27 04:20:05'),(355,NULL,2094643441,'es',0,0,0,0,0,0,'Abby',NULL,'{\"id\":2094643441,\"is_bot\":false,\"first_name\":\"Abby\",\"language_code\":\"es\"}',NULL,'2023-12-27 04:20:15','2023-12-27 04:20:15'),(356,NULL,1776357548,'es',0,0,0,0,0,0,'Myra Martz 🇲🇽',NULL,'{\"id\":1776357548,\"is_bot\":false,\"first_name\":\"Myra Martz \\ud83c\\uddf2\\ud83c\\uddfd\",\"username\":\"MyraMartz\",\"language_code\":\"es\"}',NULL,'2023-12-27 04:21:57','2023-12-27 04:21:57'),(357,NULL,6646313866,'en',0,0,0,0,0,0,'Salvador Camacho',NULL,'{\"id\":6646313866,\"is_bot\":false,\"first_name\":\"Salvador\",\"last_name\":\"Camacho\",\"language_code\":\"en\"}',NULL,'2023-12-27 04:26:23','2023-12-27 04:26:23'),(358,NULL,6179045565,'es',0,0,0,0,0,0,'Unidad',NULL,'{\"id\":6179045565,\"is_bot\":false,\"first_name\":\"Unidad\",\"language_code\":\"es\"}',NULL,'2023-12-27 04:28:14','2023-12-27 04:28:14'),(359,NULL,5085012273,'en',0,0,0,0,0,0,'Ben',NULL,'{\"id\":5085012273,\"is_bot\":false,\"first_name\":\"Ben\",\"language_code\":\"en\"}',NULL,'2023-12-27 04:32:45','2023-12-27 04:32:45'),(360,NULL,6904937006,'es',0,0,0,0,0,0,'Paola Ramírez',NULL,'{\"id\":6904937006,\"is_bot\":false,\"first_name\":\"Paola\",\"last_name\":\"Ram\\u00edrez\",\"language_code\":\"es\"}',NULL,'2023-12-27 04:33:43','2023-12-27 04:33:43'),(361,NULL,1581729657,'es',0,0,0,0,0,0,'Beto',NULL,'{\"id\":1581729657,\"is_bot\":false,\"first_name\":\"Beto\",\"language_code\":\"es\"}',NULL,'2023-12-27 04:35:16','2023-12-27 04:35:16'),(362,NULL,5629206316,'es',0,0,0,0,0,0,'Josue Ruiz',NULL,'{\"id\":5629206316,\"is_bot\":false,\"first_name\":\"Josue\",\"last_name\":\"Ruiz\",\"language_code\":\"es\"}',NULL,'2023-12-27 04:55:57','2023-12-27 04:55:57'),(363,NULL,5651422510,'es',0,0,0,0,0,0,'Porfirio Hernanadez',NULL,'{\"id\":5651422510,\"is_bot\":false,\"first_name\":\"Porfirio\",\"last_name\":\"Hernanadez\",\"language_code\":\"es\"}',NULL,'2023-12-27 05:00:23','2023-12-27 05:00:23'),(364,NULL,6357365740,'es',0,0,0,0,0,0,'Ar',NULL,'{\"id\":6357365740,\"is_bot\":false,\"first_name\":\"Ar\",\"language_code\":\"es\"}',NULL,'2023-12-27 05:09:20','2023-12-27 05:09:20'),(365,NULL,1127258960,'es',0,0,0,0,0,0,'o t',NULL,'{\"id\":1127258960,\"is_bot\":false,\"first_name\":\"o\",\"last_name\":\"t\",\"language_code\":\"es\"}',NULL,'2023-12-27 05:34:11','2023-12-27 05:34:11'),(366,NULL,6974818529,'es',0,0,0,0,0,0,'Lizbeth Sanchez',NULL,'{\"id\":6974818529,\"is_bot\":false,\"first_name\":\"Lizbeth\",\"last_name\":\"Sanchez\",\"language_code\":\"es\"}',NULL,'2023-12-27 05:46:37','2023-12-27 05:46:37'),(367,NULL,1556219772,'es',0,0,0,0,0,0,'Ivette',NULL,'{\"id\":1556219772,\"is_bot\":false,\"first_name\":\"Ivette\",\"language_code\":\"es\"}',NULL,'2023-12-27 06:00:12','2023-12-27 06:00:12'),(368,NULL,1520330719,'en',0,0,0,0,0,0,'Akshay Vijay',NULL,'{\"id\":1520330719,\"is_bot\":false,\"first_name\":\"Akshay\",\"last_name\":\"Vijay\",\"username\":\"akshayvijay22\",\"language_code\":\"en\"}',NULL,'2023-12-27 09:33:57','2023-12-27 09:33:57'),(369,NULL,1384554852,'en',0,0,0,0,0,0,'Abhi',NULL,'{\"id\":1384554852,\"is_bot\":false,\"first_name\":\"Abhi\",\"username\":\"abhimsound\",\"language_code\":\"en\"}',NULL,'2023-12-27 12:31:09','2023-12-27 12:31:09'),(370,NULL,5156611015,'en',0,0,0,0,0,0,'Abul Asad',NULL,'{\"id\":5156611015,\"is_bot\":false,\"first_name\":\"Abul\",\"last_name\":\"Asad\",\"language_code\":\"en\"}',NULL,'2023-12-27 13:40:13','2023-12-27 13:40:13'),(371,NULL,6275246536,'es',0,0,0,0,0,0,'Vega Olga',NULL,'{\"id\":6275246536,\"is_bot\":false,\"first_name\":\"Vega\",\"last_name\":\"Olga\",\"language_code\":\"es\"}',NULL,'2023-12-28 02:17:03','2023-12-28 02:17:03'),(372,NULL,5959444872,'en',0,0,0,0,0,0,'Rudresh Panchal',NULL,'{\"id\":5959444872,\"is_bot\":false,\"first_name\":\"Rudresh\",\"last_name\":\"Panchal\",\"username\":\"Rudreshp69\",\"language_code\":\"en\"}',NULL,'2023-12-28 02:55:44','2023-12-28 02:55:44'),(373,NULL,6037922276,'es',0,0,0,0,0,0,'M P',NULL,'{\"id\":6037922276,\"is_bot\":false,\"first_name\":\"M\",\"last_name\":\"P\",\"language_code\":\"es\"}',NULL,'2023-12-28 04:47:58','2023-12-28 04:47:58'),(374,NULL,6356038425,'en',0,0,0,0,0,0,'Sumit Travels',NULL,'{\"id\":6356038425,\"is_bot\":false,\"first_name\":\"Sumit\",\"last_name\":\"Travels\",\"language_code\":\"en\"}',NULL,'2023-12-28 06:58:53','2023-12-28 06:58:53'),(375,NULL,5001145722,'en',0,0,0,0,0,0,'Heisenberg',NULL,'{\"id\":5001145722,\"is_bot\":false,\"first_name\":\"Heisenberg\",\"username\":\"dummyman98\",\"language_code\":\"en\"}',NULL,'2023-12-28 18:25:21','2023-12-28 18:25:21'),(376,NULL,6395723590,'es',0,0,0,0,0,0,'Trámite De Visa Americana EL',NULL,'{\"id\":6395723590,\"is_bot\":false,\"first_name\":\"Tr\\u00e1mite De Visa Americana\",\"last_name\":\"EL\",\"language_code\":\"es\"}',NULL,'2023-12-28 18:45:20','2023-12-28 18:45:20'),(377,NULL,807149490,'en',0,0,0,0,0,0,'AS',NULL,'{\"id\":807149490,\"is_bot\":false,\"first_name\":\"AS\",\"language_code\":\"ar\"}',NULL,'2023-12-29 03:38:26','2023-12-29 03:38:26'),(378,NULL,149279077,'en',0,0,0,0,0,0,'ddyr',NULL,'{\"id\":149279077,\"is_bot\":false,\"first_name\":\"ddyr\",\"username\":\"ddyrhgh\",\"language_code\":\"en\"}',NULL,'2023-12-29 05:24:20','2023-12-29 05:24:20'),(379,NULL,1298617378,'en',0,0,0,0,0,0,'Raj Patel',NULL,'{\"id\":1298617378,\"is_bot\":false,\"first_name\":\"Raj\",\"last_name\":\"Patel\",\"username\":\"Raj_Patel33\",\"language_code\":\"en\"}',NULL,'2023-12-29 08:30:13','2023-12-29 08:30:13'),(380,NULL,1557497789,'en',0,0,0,0,0,0,'Mayur Bhanushali',NULL,'{\"id\":1557497789,\"is_bot\":false,\"first_name\":\"Mayur\",\"last_name\":\"Bhanushali\",\"username\":\"Mayurb96\",\"language_code\":\"en\"}',NULL,'2023-12-29 10:28:15','2023-12-29 10:28:15'),(381,NULL,1461299841,'en',0,0,0,0,0,0,'Rohan Jariwala',NULL,'{\"id\":1461299841,\"is_bot\":false,\"first_name\":\"Rohan\",\"last_name\":\"Jariwala\",\"language_code\":\"en\"}',NULL,'2023-12-30 08:03:43','2023-12-30 08:03:43'),(382,NULL,5822041545,'es',0,0,0,0,0,0,'Rgm',NULL,'{\"id\":5822041545,\"is_bot\":false,\"first_name\":\"Rgm\",\"username\":\"rgzam\",\"language_code\":\"es\"}',NULL,'2023-12-30 16:45:21','2023-12-30 16:45:21'),(383,NULL,6535884456,'en',0,0,0,0,0,0,'Md Anto Shafi',NULL,'{\"id\":6535884456,\"is_bot\":false,\"first_name\":\"Md Anto\",\"last_name\":\"Shafi\",\"language_code\":\"en\"}',NULL,'2023-12-30 20:08:50','2023-12-30 20:08:50');

--
-- Table structure for table `visa_types`
--

CREATE TABLE `visa_types` (
  `id` bigint(20) unsigned NOT NULL AUTO_INCREMENT,
  `code` varchar(191) DEFAULT NULL,
  `db_code` varchar(191) DEFAULT NULL,
  `short_name` varchar(191) DEFAULT NULL,
  `name` varchar(191) DEFAULT NULL,
  PRIMARY KEY (`id`)
) ENGINE=InnoDB AUTO_INCREMENT=4 DEFAULT CHARSET=utf8mb4 COLLATE=utf8mb4_unicode_ci;

--
-- Dumping data for table `visa_types`
--

INSERT INTO `visa_types` VALUES (1,'2','b1b2','B1/B2','B1/B2 Business & Tourism (Temporary visitor)'),(3,'11','f1','F1','F1 Student');

--
-- Table structure for table `xdates`
--

CREATE TABLE `xdates` (
  `id` bigint(20) unsigned NOT NULL AUTO_INCREMENT,
  `xl_id` bigint(20) unsigned DEFAULT NULL,
  `office_id` bigint(20) unsigned DEFAULT NULL,
  `city_id` bigint(20) unsigned DEFAULT NULL,
  `country_id` bigint(20) unsigned DEFAULT NULL,
  `visa_type_id` bigint(20) unsigned DEFAULT NULL,
  `is_resident` tinyint(1) NOT NULL DEFAULT 0,
  `group_size` int(11) NOT NULL DEFAULT 1,
  `count_fakes` int(11) NOT NULL DEFAULT 0,
  `count_real` int(11) NOT NULL DEFAULT 0,
  `first_available` date DEFAULT NULL,
  `fd_last_parsing` int(11) DEFAULT NULL,
  `fd_last_updated` int(11) DEFAULT NULL,
  `available_dates` text DEFAULT NULL,
  `all_last_parsing` int(11) DEFAULT NULL,
  `all_last_updated` int(11) DEFAULT NULL,
  `all_last_new` int(11) DEFAULT NULL,
  `is_parsing_fd` tinyint(1) NOT NULL DEFAULT 1,
  PRIMARY KEY (`id`),
  UNIQUE KEY `xdates_office_id_visa_type_id_is_resident_group_size_unique` (`office_id`,`visa_type_id`,`is_resident`,`group_size`),
  KEY `xdates_city_id_foreign` (`city_id`),
  KEY `xdates_country_id_foreign` (`country_id`),
  KEY `xdates_visa_type_id_foreign` (`visa_type_id`),
  KEY `xdates_country_id_visa_type_id_is_resident_group_size_index` (`country_id`,`visa_type_id`,`is_resident`,`group_size`),
  KEY `xdates_xl_id_foreign` (`xl_id`),
  CONSTRAINT `xdates_city_id_foreign` FOREIGN KEY (`city_id`) REFERENCES `cities` (`id`) ON DELETE CASCADE,
  CONSTRAINT `xdates_country_id_foreign` FOREIGN KEY (`country_id`) REFERENCES `countries` (`id`) ON DELETE CASCADE,
  CONSTRAINT `xdates_office_id_foreign` FOREIGN KEY (`office_id`) REFERENCES `offices` (`id`) ON DELETE CASCADE,
  CONSTRAINT `xdates_visa_type_id_foreign` FOREIGN KEY (`visa_type_id`) REFERENCES `visa_types` (`id`) ON DELETE CASCADE,
  CONSTRAINT `xdates_xl_id_foreign` FOREIGN KEY (`xl_id`) REFERENCES `xlinks` (`id`) ON DELETE SET NULL
) ENGINE=InnoDB AUTO_INCREMENT=255 DEFAULT CHARSET=utf8mb4 COLLATE=utf8mb4_unicode_ci;

--
-- Dumping data for table `xdates`
--

INSERT INTO `xdates` VALUES (1,1,17,16,1,1,0,1,100,0,NULL,1697859359,1697746669,NULL,NULL,NULL,NULL,0),(2,2,29,27,2,1,0,1,0,0,NULL,NULL,NULL,NULL,NULL,NULL,NULL,1),(3,3,28,26,3,1,0,1,0,0,NULL,NULL,NULL,NULL,NULL,NULL,NULL,1),(4,4,75,60,4,1,0,1,0,0,NULL,NULL,NULL,NULL,NULL,NULL,NULL,1),(5,5,31,29,5,1,0,1,100,0,'2023-10-24',1697859364,1697858437,'[\"2023-10-24\"]',NULL,NULL,NULL,0),(6,5,32,30,5,1,0,1,100,0,'2024-02-23',1697859364,1697859322,'[\"2024-02-23\"]',NULL,NULL,NULL,0),(7,5,33,31,5,1,0,1,100,0,'2023-10-23',1697859364,1697807974,'[\"2023-10-23\"]',NULL,NULL,NULL,0),(8,5,34,32,5,1,0,1,100,0,'2023-10-25',1697859364,1697857260,'[\"2023-10-25\"]',NULL,NULL,NULL,0),(9,5,102,33,5,1,0,1,100,0,'2024-03-27',1697859364,1697858926,'[\"2024-03-27\"]',NULL,NULL,NULL,0),(10,6,84,69,6,1,0,1,0,0,NULL,NULL,NULL,NULL,NULL,NULL,NULL,1),(11,7,66,51,7,1,0,1,2448,4,NULL,1704012056,1704011036,NULL,NULL,NULL,NULL,1),(12,7,67,52,7,1,0,1,2448,4,NULL,1704012056,1703765387,NULL,NULL,NULL,NULL,1),(13,7,68,53,7,1,0,1,2448,4,NULL,1704012056,NULL,NULL,NULL,NULL,NULL,1),(14,7,69,54,7,1,0,1,2448,4,NULL,1704012056,1704011172,NULL,NULL,NULL,NULL,1),(15,7,70,55,7,1,0,1,2448,4,NULL,1704012056,1702308103,NULL,NULL,NULL,NULL,1),(16,7,71,56,7,1,0,1,2448,4,'2026-03-10',1704012056,1704011531,'[\"2026-03-10\"]',NULL,NULL,NULL,1),(17,7,72,57,7,1,0,1,2448,4,'2026-02-10',1704012056,1704011745,'[\"2026-02-10\"]',NULL,NULL,NULL,1),(18,8,66,51,7,1,1,1,700,0,'2025-01-29',1697856972,1703086859,'[\"2025-01-29\"]',NULL,NULL,NULL,0),(19,8,67,52,7,1,1,1,700,0,NULL,1697856972,1702988369,NULL,NULL,NULL,NULL,0),(20,8,68,53,7,1,1,1,700,0,NULL,1697856972,NULL,NULL,NULL,NULL,NULL,0),(21,8,69,54,7,1,1,1,700,0,'2025-02-18',1697856972,1703087729,'[\"2025-02-18\"]',NULL,NULL,NULL,0),(22,8,70,55,7,1,1,1,700,0,NULL,1697856972,1702308326,NULL,NULL,NULL,NULL,0),(23,8,71,56,7,1,1,1,700,0,'2025-04-23',1697856972,1703088025,'[\"2025-04-23\"]',NULL,NULL,NULL,0),(24,8,72,57,7,1,1,1,700,0,'2024-12-10',1697856972,1703088129,'[\"2024-12-10\"]',NULL,NULL,NULL,0),(25,9,66,51,7,1,1,2,1125,0,'2025-03-03',1695824083,1703079831,'[\"2025-03-03\"]',NULL,NULL,NULL,0),(26,9,67,52,7,1,1,2,1125,0,NULL,1695824083,1702988430,NULL,NULL,NULL,NULL,0),(27,9,68,53,7,1,1,2,1125,0,NULL,1695824083,NULL,NULL,NULL,NULL,NULL,0),(28,9,69,54,7,1,1,2,1125,0,'2026-01-09',1695824083,1703079831,'[\"2026-01-09\"]',NULL,NULL,NULL,0),(29,9,70,55,7,1,1,2,1125,0,NULL,1695824083,1702308153,NULL,NULL,NULL,NULL,0),(30,9,71,56,7,1,1,2,1125,0,'2025-11-10',1695824083,1703079831,'[\"2025-11-10\"]',NULL,NULL,NULL,0),(31,9,72,57,7,1,1,2,1125,0,'2024-12-10',1695824083,1703079831,'[\"2024-12-10\"]',NULL,NULL,NULL,0),(32,10,88,73,8,1,0,1,530,0,'2024-06-03',1697388109,1698793827,'[\"2024-06-03\"]',NULL,NULL,NULL,0),(33,11,14,14,9,1,0,1,0,0,NULL,NULL,NULL,NULL,NULL,NULL,NULL,1),(34,12,85,70,10,1,0,1,1,0,NULL,1695743229,NULL,NULL,NULL,NULL,NULL,0),(35,12,86,71,10,1,0,1,1,0,NULL,1695743229,NULL,NULL,NULL,NULL,NULL,0),(36,13,76,61,11,1,0,1,0,0,NULL,NULL,NULL,NULL,NULL,NULL,NULL,1),(37,14,30,28,12,1,0,1,0,0,NULL,NULL,NULL,NULL,NULL,NULL,NULL,1),(38,15,42,35,13,1,0,1,1001,0,'2026-03-18',1702519870,1702519305,'[\"2026-03-18\"]',NULL,NULL,NULL,0),(39,15,43,36,13,1,0,1,1001,0,'2026-03-23',1702519870,1702519689,'[\"2026-03-23\"]',NULL,NULL,NULL,0),(40,15,44,37,13,1,0,1,1001,0,NULL,1702519870,1702518053,NULL,NULL,NULL,NULL,0),(41,15,45,38,13,1,0,1,1001,0,'2025-10-08',1702519870,1702519106,'[\"2025-10-08\"]',NULL,NULL,NULL,0),(42,15,50,38,13,1,0,1,1001,0,'2025-10-14',1702519870,1702518376,'[\"2025-10-14\"]',NULL,NULL,NULL,0),(43,15,46,39,13,1,0,1,1001,0,'2025-09-10',1702519870,1702519832,'[\"2025-09-10\"]',NULL,NULL,NULL,0),(44,15,47,40,13,1,0,1,1001,0,'2026-04-15',1702519870,1702519667,'[\"2026-04-15\"]',NULL,NULL,NULL,0),(45,15,49,42,13,1,0,1,1001,0,'2026-01-12',1702519870,1702515996,'[\"2026-01-12\"]',NULL,NULL,NULL,0),(46,15,51,43,13,1,0,1,1001,0,'2026-01-22',1702519870,1702519832,'[\"2026-01-22\"]',NULL,NULL,NULL,0),(47,16,87,72,14,1,0,1,0,0,NULL,NULL,NULL,NULL,NULL,NULL,NULL,1),(48,17,90,75,15,1,0,1,0,0,NULL,NULL,NULL,NULL,NULL,NULL,NULL,1),(49,18,77,62,16,1,0,1,0,0,NULL,NULL,NULL,NULL,NULL,NULL,NULL,1),(50,19,89,74,17,1,0,1,0,0,NULL,NULL,NULL,NULL,NULL,NULL,NULL,1),(51,20,100,84,18,1,0,1,0,0,NULL,NULL,NULL,NULL,NULL,NULL,NULL,1),(52,21,96,80,19,1,0,1,1801,9,NULL,1702207304,1704006219,NULL,NULL,NULL,NULL,1),(53,22,96,80,19,1,0,2,1782,4,NULL,1702207303,1704006219,NULL,NULL,NULL,NULL,1),(54,24,96,80,19,1,1,1,1304,0,'2024-08-07',1701291722,1703784649,'[\"2024-08-07\"]',NULL,NULL,NULL,0),(55,28,101,85,20,1,0,1,821,0,'2023-11-02',1697371171,1698760855,'[\"2023-11-02\"]',NULL,NULL,NULL,0),(56,29,19,17,21,1,0,1,1081,1,'2024-09-23',1704012054,1704008062,'[\"2024-09-23\"]',NULL,NULL,NULL,1),(57,31,95,79,22,1,0,1,0,0,NULL,NULL,NULL,NULL,NULL,NULL,NULL,1),(58,32,94,78,23,1,0,1,0,0,'2023-11-02',1695344573,1695683910,'[\"2023-11-02\"]',NULL,NULL,NULL,1),(59,33,94,78,23,1,0,3,1100,0,'2023-11-02',1695747702,1695242962,'[\"2023-11-02\"]',NULL,NULL,NULL,0),(60,34,91,76,24,1,0,1,100,0,'2026-02-03',1697365795,1697182584,'[\"2026-02-03\"]',NULL,NULL,NULL,0),(61,35,21,19,25,1,0,1,890,1,NULL,1704012053,1703810763,NULL,NULL,NULL,NULL,1),(62,38,93,77,26,1,0,1,100,0,'2024-06-03',1697365773,1698234878,'[\"2024-06-03\"]',NULL,NULL,NULL,0),(63,39,4,4,27,1,0,1,990,1,NULL,1704012052,1698122125,NULL,NULL,NULL,NULL,1),(64,39,5,5,27,1,0,1,990,1,NULL,1704012052,1703986690,NULL,NULL,NULL,NULL,1),(65,39,6,6,27,1,0,1,990,1,NULL,1704012052,1702601732,NULL,NULL,NULL,NULL,1),(66,39,7,7,27,1,0,1,990,1,NULL,1704012052,1703855504,NULL,NULL,NULL,NULL,1),(67,44,8,8,28,1,0,1,100,0,'2023-11-07',1697365780,1697322615,'[\"2023-11-07\"]',NULL,NULL,NULL,0),(68,45,104,87,29,1,0,1,0,0,NULL,NULL,NULL,NULL,NULL,NULL,NULL,1),(69,46,13,13,30,1,0,1,0,0,NULL,NULL,NULL,NULL,NULL,NULL,NULL,1),(70,47,20,18,31,1,0,1,100,0,'2023-11-01',1697365797,1697720639,'[\"2023-11-01\"]',NULL,NULL,NULL,0),(71,48,2,2,32,1,0,1,100,0,'2023-11-16',1697365805,1699850726,'[\"2023-11-16\"]',NULL,NULL,NULL,0),(72,49,97,81,33,1,0,1,1845,2,'2024-05-13',1704012055,1703925129,'[\"2024-05-13\"]',NULL,NULL,NULL,1),(73,51,3,3,34,1,0,1,1138,1,'2025-08-28',1704012053,1703946328,'[\"2025-08-28\"]',NULL,NULL,NULL,1),(74,52,3,3,34,1,0,2,1290,0,'2025-05-09',1695373893,1695964311,'[\"2025-05-09\"]',NULL,NULL,NULL,0),(75,53,3,3,34,1,1,1,1201,0,'2025-04-04',1702511306,1703076758,'[\"2025-04-04\"]',NULL,NULL,NULL,0),(76,57,98,82,35,1,0,1,1500,0,'2024-01-29',1698330534,1703020287,'[\"2024-01-29\"]',NULL,NULL,NULL,0),(77,57,99,83,35,1,0,1,1500,0,'2024-04-15',1698330534,1702894208,'[\"2024-04-15\"]',NULL,NULL,NULL,0),(78,58,98,82,35,1,0,2,650,0,'2024-01-16',1695373911,1700521543,'[\"2024-01-16\"]',NULL,NULL,NULL,0),(79,58,99,83,35,1,0,2,650,0,'2024-02-06',1695373911,1700547669,'[\"2024-02-06\"]',NULL,NULL,NULL,0),(80,59,98,82,35,1,1,1,0,0,'2024-08-07',1691024149,1702894082,'[\"2024-08-07\"]',NULL,NULL,NULL,1),(81,59,99,83,35,1,1,1,0,0,'2024-07-29',1691024149,1702894082,'[\"2024-07-29\"]',NULL,NULL,NULL,1),(82,60,98,82,35,1,1,2,716,0,'2024-08-29',1695373894,1695445900,'[\"2024-08-29\"]',NULL,NULL,NULL,0),(83,60,99,83,35,1,1,2,716,0,'2024-11-01',1695373894,1695445529,'[\"2024-11-01\"]',NULL,NULL,NULL,0),(84,61,9,9,36,1,0,1,1000,0,NULL,1697859374,1698663433,NULL,NULL,NULL,NULL,0),(85,61,10,10,36,1,0,1,1000,0,'2024-03-25',1697859374,1699468069,'[\"2024-03-25\"]',NULL,NULL,NULL,0),(86,64,73,58,37,1,0,1,600,0,'2023-11-06',1697365775,1698688529,'[\"2023-11-06\"]',NULL,NULL,NULL,0),(87,64,74,59,37,1,0,1,600,0,NULL,1697365775,1696344355,NULL,NULL,NULL,NULL,0),(88,65,73,58,37,1,0,2,515,0,'2024-05-21',1697365782,1697357010,'[\"2024-05-21\"]',NULL,NULL,NULL,0),(89,65,74,59,37,1,0,2,515,0,NULL,1697365782,1696344342,NULL,NULL,NULL,NULL,0),(90,69,26,24,38,1,0,1,1668,7,'2025-01-15',1702207304,1704010117,'[\"2025-01-15\"]',NULL,NULL,NULL,1),(91,69,27,25,38,1,0,1,1668,7,'2025-01-22',1702207304,1704002613,'[\"2025-01-22\"]',NULL,NULL,NULL,1),(92,74,12,12,40,1,0,1,0,0,NULL,NULL,NULL,NULL,NULL,NULL,NULL,1),(93,75,22,20,41,1,0,1,0,0,NULL,NULL,NULL,NULL,NULL,NULL,NULL,1),(94,76,1,1,42,1,0,1,0,0,NULL,NULL,NULL,NULL,NULL,NULL,NULL,1),(95,77,24,22,43,1,0,1,0,0,NULL,NULL,NULL,NULL,NULL,NULL,NULL,1),(96,78,11,11,44,1,0,1,0,0,NULL,NULL,NULL,NULL,NULL,NULL,NULL,1),(97,79,81,66,45,1,0,1,0,0,NULL,NULL,NULL,NULL,NULL,NULL,NULL,1),(98,80,23,21,46,1,0,1,0,0,NULL,NULL,NULL,NULL,NULL,NULL,NULL,1),(99,81,25,23,47,1,0,1,0,0,NULL,NULL,NULL,NULL,NULL,NULL,NULL,1),(100,82,82,67,48,1,0,1,0,0,NULL,NULL,NULL,NULL,NULL,NULL,NULL,1),(101,83,78,63,49,1,0,1,0,0,NULL,NULL,NULL,NULL,NULL,NULL,NULL,1),(102,83,79,64,49,1,0,1,0,0,NULL,NULL,NULL,NULL,NULL,NULL,NULL,1),(103,83,80,65,49,1,0,1,0,0,NULL,NULL,NULL,NULL,NULL,NULL,NULL,1),(104,84,83,68,50,1,0,1,0,0,NULL,NULL,NULL,NULL,NULL,NULL,NULL,1),(105,85,103,86,51,1,0,1,0,0,NULL,NULL,NULL,NULL,NULL,NULL,NULL,1),(106,50,97,81,33,1,0,2,1000,0,NULL,1700744237,1696344350,NULL,NULL,NULL,NULL,0),(107,40,7,7,27,1,0,2,401,0,'2024-05-15',1697856973,1702984407,'[\"2024-05-15\"]',NULL,NULL,NULL,0),(108,40,4,4,27,1,0,2,401,0,NULL,1697856973,1697798749,NULL,NULL,NULL,NULL,0),(109,40,5,5,27,1,0,2,401,0,NULL,1697856973,1702971276,NULL,NULL,NULL,NULL,0),(110,40,6,6,27,1,0,2,401,0,NULL,1697856973,1692893489,NULL,NULL,NULL,NULL,0),(111,25,96,80,19,1,1,2,700,0,'2024-08-07',1697365731,1703083549,'[\"2024-08-07\"]',NULL,NULL,NULL,0),(112,70,26,24,38,1,0,2,1720,1,'2025-02-10',1698939510,1704011729,'[\"2025-02-10\"]',NULL,NULL,NULL,0),(113,70,27,25,38,1,0,2,1720,1,'2025-01-22',1698939510,1704011729,'[\"2025-01-22\"]',NULL,NULL,NULL,0),(114,73,26,24,38,1,1,2,603,0,'2023-11-13',1695373890,1698822594,'[\"2023-11-13\"]',NULL,NULL,NULL,0),(115,73,27,25,38,1,1,2,603,0,'2023-11-09',1695373890,1698833138,'[\"2023-11-09\"]',NULL,NULL,NULL,0),(116,23,96,80,19,1,0,3,1700,0,'2024-12-13',1702207304,1703315986,'[\"2024-12-13\"]',NULL,NULL,NULL,1),(117,26,96,80,19,1,1,3,700,0,'2024-06-14',1695373889,1700460695,'[\"2024-06-14\"]',NULL,NULL,NULL,0),(118,56,3,3,34,3,0,1,1533,1,'2025-08-28',1704012056,1704010775,'[\"2025-08-28\"]',NULL,NULL,NULL,1),(119,63,10,10,36,1,1,1,1031,0,'2024-02-22',1701482983,1702416195,'[\"2024-02-22\"]',NULL,NULL,NULL,0),(120,66,73,58,37,1,1,1,0,0,'2023-12-05',1695372226,1695993807,'[\"2023-12-05\"]',NULL,NULL,NULL,1),(121,66,74,59,37,1,1,1,0,0,'2024-03-28',1695372226,1695989005,'[\"2024-03-28\"]',NULL,NULL,NULL,1),(122,54,3,3,34,1,1,2,1225,0,'2025-04-03',1699025664,1702975742,'[\"2025-04-03\"]',NULL,NULL,NULL,0),(123,71,26,24,38,1,0,3,0,0,'2024-12-10',1695363861,1703087140,'[\"2024-12-10\"]',NULL,NULL,NULL,1),(124,71,27,25,38,1,0,3,0,0,'2024-10-16',1695363861,1703086231,'[\"2024-10-16\"]',NULL,NULL,NULL,1),(125,43,5,5,27,1,1,1,0,0,'2024-02-22',1695372493,1702499806,'[\"2024-02-22\"]',NULL,NULL,NULL,1),(126,43,7,7,27,1,1,1,0,0,'2024-01-05',1695372493,1702497635,'[\"2024-01-05\"]',NULL,NULL,NULL,1),(127,72,26,24,38,1,0,4,0,0,'2025-01-22',1695363822,1703045490,'[\"2025-01-22\"]',NULL,NULL,NULL,1),(128,72,27,25,38,1,0,4,0,0,'2024-12-31',1695363822,1703076288,'[\"2024-12-31\"]',NULL,NULL,NULL,1),(129,67,73,58,37,1,1,2,0,0,'2023-11-30',1695372435,1695443509,'[\"2023-11-30\"]',NULL,NULL,NULL,1),(130,67,74,59,37,1,1,2,0,0,'2024-02-14',1695372435,1695438147,'[\"2024-02-14\"]',NULL,NULL,NULL,1),(131,62,10,10,36,1,0,3,0,0,'2024-03-05',1695369887,1696430734,'[\"2024-03-05\"]',NULL,NULL,NULL,1),(132,37,21,19,25,3,0,1,901,0,NULL,1703460331,1703452522,NULL,NULL,NULL,NULL,0),(133,30,19,17,21,3,0,1,0,0,'2023-11-30',1695285103,1698835520,'[\"2023-11-30\"]',NULL,NULL,NULL,1),(134,68,73,58,37,1,1,3,0,0,'2023-11-30',1695368897,1695376400,'[\"2023-11-30\"]',NULL,NULL,NULL,1),(135,68,74,59,37,1,1,3,0,0,'2024-02-27',1695368897,1695427322,'[\"2024-02-27\"]',NULL,NULL,NULL,1),(136,55,3,3,34,1,1,3,0,0,'2024-12-02',1695328699,1695980226,'[\"2024-12-02\"]',NULL,NULL,NULL,1),(137,42,5,5,27,1,0,5,0,0,'2024-06-18',1695316960,1695389129,'[\"2024-06-18\"]',NULL,NULL,NULL,1),(138,43,4,4,27,1,1,1,0,0,'2024-01-25',1695274137,1702494647,'[\"2024-01-25\"]',NULL,NULL,NULL,1),(139,63,9,9,36,1,1,1,1031,0,NULL,1701482983,1702401319,NULL,NULL,NULL,NULL,0),(140,36,21,19,25,1,0,2,801,1,NULL,1704012055,1703077758,NULL,NULL,NULL,NULL,1),(141,41,5,5,27,1,0,3,801,0,NULL,1702425759,1701957082,NULL,NULL,NULL,NULL,0),(142,27,96,80,19,1,1,4,0,0,'2024-05-10',1695239145,1695239145,'[\"2024-05-10\"]',NULL,NULL,NULL,1),(143,43,6,6,27,1,1,1,0,0,NULL,1695327452,1702405262,NULL,NULL,NULL,NULL,1),(144,86,19,17,21,1,0,2,0,0,'2023-10-23',NULL,1695965013,'[\"2023-10-23\"]',NULL,NULL,NULL,1),(145,87,3,3,34,3,0,2,1793,0,NULL,1697365796,1697146118,NULL,NULL,NULL,NULL,0),(146,88,26,24,38,1,1,1,73,0,'2023-11-24',1700142462,1700141861,'[\"2023-11-24\"]',NULL,NULL,NULL,0),(147,88,27,25,38,1,1,1,73,0,'2023-11-21',1700142462,1700141861,'[\"2023-11-21\"]',NULL,NULL,NULL,0),(148,89,19,17,21,3,0,4,0,0,'2023-12-05',NULL,1698833843,'[\"2023-12-05\"]',NULL,NULL,NULL,1),(149,90,97,81,33,3,0,1,0,0,'2023-11-06',NULL,1698926451,'[\"2023-11-06\"]',NULL,NULL,NULL,1),(150,91,66,51,7,3,0,1,0,0,'2023-11-28',NULL,1698767374,'[\"2023-11-28\"]',NULL,NULL,NULL,1),(151,91,67,52,7,3,0,1,0,0,'2023-11-21',NULL,1699776402,'[\"2023-11-21\"]',NULL,NULL,NULL,1),(152,91,69,54,7,3,0,1,0,0,'2023-12-08',NULL,1699930065,'[\"2023-12-08\"]',NULL,NULL,NULL,1),(153,91,70,55,7,3,0,1,0,0,'2023-12-19',NULL,1699925263,'[\"2023-12-19\"]',NULL,NULL,NULL,1),(154,91,71,56,7,3,0,1,0,0,'2024-09-13',NULL,1699920461,'[\"2024-09-13\"]',NULL,NULL,NULL,1),(155,91,72,57,7,3,0,1,0,0,'2023-11-30',NULL,1699939668,'[\"2023-11-30\"]',NULL,NULL,NULL,1),(156,91,68,53,7,3,0,1,0,0,NULL,NULL,NULL,NULL,NULL,NULL,NULL,1),(157,92,19,17,21,1,0,4,0,0,'2023-12-05',NULL,1698834211,'[\"2023-12-05\"]',NULL,NULL,NULL,1),(158,62,9,9,36,1,0,3,0,0,NULL,NULL,1696423526,NULL,NULL,NULL,NULL,1),(159,93,21,19,25,1,1,1,601,0,NULL,1701713067,1701713028,NULL,NULL,NULL,NULL,0),(160,94,66,51,7,1,0,2,1001,0,NULL,1701059496,1701036804,NULL,NULL,NULL,NULL,0),(161,94,69,54,7,1,0,2,1001,0,NULL,1701059496,1700988057,NULL,NULL,NULL,NULL,0),(162,94,71,56,7,1,0,2,1001,0,'2026-01-16',1701059496,1701058383,'[\"2026-01-16\"]',NULL,NULL,NULL,0),(163,94,72,57,7,1,0,2,1001,0,'2025-12-09',1701059496,1701041179,'[\"2025-12-09\"]',NULL,NULL,NULL,0),(164,94,67,52,7,1,0,2,1001,0,NULL,1701059496,1699563221,NULL,NULL,NULL,NULL,0),(165,94,68,53,7,1,0,2,1001,0,NULL,1701059496,NULL,NULL,NULL,NULL,NULL,0),(166,94,70,55,7,1,0,2,1001,0,NULL,1701059496,1700665242,NULL,NULL,NULL,NULL,0),(167,95,42,35,13,1,1,1,1615,1,'2026-04-06',1704012054,1704007776,'[\"2026-04-06\"]',NULL,NULL,NULL,1),(168,95,43,36,13,1,1,1,1615,1,'2026-02-06',1704012054,1704011771,'[\"2026-02-06\"]',NULL,NULL,NULL,1),(169,95,44,37,13,1,1,1,1615,1,'2025-12-09',1704012054,1704008604,'[\"2025-12-09\"]',NULL,NULL,NULL,1),(170,95,45,38,13,1,1,1,1615,1,'2025-08-26',1704012054,1704011771,'[\"2025-08-26\"]',NULL,NULL,NULL,1),(171,95,50,38,13,1,1,1,1615,1,'2025-09-09',1704012054,1704011896,'[\"2025-09-09\"]',NULL,NULL,NULL,1),(172,95,46,39,13,1,1,1,1615,1,'2026-02-09',1704012054,1704009926,'[\"2026-02-09\"]',NULL,NULL,NULL,1),(173,95,47,40,13,1,1,1,1615,1,'2025-04-16',1704012054,1704012026,'[\"2025-04-16\"]',NULL,NULL,NULL,1),(174,95,49,42,13,1,1,1,1615,1,'2025-12-11',1704012054,1703997317,'[\"2025-12-11\"]',NULL,NULL,NULL,1),(175,95,51,43,13,1,1,1,1615,1,'2026-03-09',1704012054,1704010245,'[\"2026-03-09\"]',NULL,NULL,NULL,1),(176,96,43,36,13,1,1,3,1000,1,'2026-04-06',1704012050,1703976177,'[\"2026-04-06\"]',NULL,NULL,NULL,1),(177,96,44,37,13,1,1,3,1000,1,'2026-01-05',1704012050,1704006510,'[\"2026-01-05\"]',NULL,NULL,NULL,1),(178,96,45,38,13,1,1,3,1000,1,'2025-10-20',1704012050,1704006481,'[\"2025-10-20\"]',NULL,NULL,NULL,1),(179,96,50,38,13,1,1,3,1000,1,'2025-10-29',1704012050,1704011467,'[\"2025-10-29\"]',NULL,NULL,NULL,1),(180,96,46,39,13,1,1,3,1000,1,'2026-02-18',1704012050,1704006481,'[\"2026-02-18\"]',NULL,NULL,NULL,1),(181,96,47,40,13,1,1,3,1000,1,'2026-04-16',1704012050,1704011487,'[\"2026-04-16\"]',NULL,NULL,NULL,1),(182,96,49,42,13,1,1,3,1000,1,'2026-02-17',1704012050,1704006481,'[\"2026-02-17\"]',NULL,NULL,NULL,1),(183,96,51,43,13,1,1,3,1000,1,'2026-03-12',1704012050,1703999169,'[\"2026-03-12\"]',NULL,NULL,NULL,1),(184,96,42,35,13,1,1,3,1000,1,'2026-04-06',1704012050,1703927004,'[\"2026-04-06\"]',NULL,NULL,NULL,1),(185,97,43,36,13,1,0,3,0,0,'2026-01-21',NULL,1697204278,'[\"2026-01-21\"]',NULL,NULL,NULL,1),(186,97,44,37,13,1,0,3,0,0,'2025-09-22',NULL,1697204278,'[\"2025-09-22\"]',NULL,NULL,NULL,1),(187,97,45,38,13,1,0,3,0,0,'2025-05-06',NULL,1697204278,'[\"2025-05-06\"]',NULL,NULL,NULL,1),(188,97,50,38,13,1,0,3,0,0,'2025-05-06',NULL,1697204278,'[\"2025-05-06\"]',NULL,NULL,NULL,1),(189,97,46,39,13,1,0,3,0,0,'2025-10-22',NULL,1697204278,'[\"2025-10-22\"]',NULL,NULL,NULL,1),(190,97,47,40,13,1,0,3,0,0,'2026-02-03',NULL,1697204278,'[\"2026-02-03\"]',NULL,NULL,NULL,1),(191,97,49,42,13,1,0,3,0,0,'2025-10-09',NULL,1697204278,'[\"2025-10-09\"]',NULL,NULL,NULL,1),(192,97,51,43,13,1,0,3,0,0,'2025-11-18',NULL,1697204278,'[\"2025-11-18\"]',NULL,NULL,NULL,1),(193,97,42,35,13,1,0,3,0,0,NULL,NULL,NULL,NULL,NULL,NULL,NULL,1),(194,98,21,19,25,3,0,2,701,1,NULL,1704012055,1703460382,NULL,NULL,NULL,NULL,1),(195,99,26,24,38,1,0,5,0,0,'2025-02-12',NULL,1703075258,'[\"2025-02-12\"]',NULL,NULL,NULL,1),(196,99,27,25,38,1,0,5,0,0,'2024-12-31',NULL,1703075231,'[\"2024-12-31\"]',NULL,NULL,NULL,1),(197,100,14,14,9,1,1,3,1602,0,'2025-11-28',1698253482,1698252814,'[\"2025-11-28\"]',NULL,NULL,NULL,0),(198,101,26,24,38,3,0,1,0,0,'2024-01-09',NULL,1700636977,'[\"2024-01-09\"]',NULL,NULL,NULL,1),(199,101,27,25,38,3,0,1,0,0,'2024-01-19',NULL,1700636089,'[\"2024-01-19\"]',NULL,NULL,NULL,1),(200,102,4,4,27,3,0,1,1001,0,NULL,1699270706,NULL,NULL,NULL,NULL,NULL,0),(201,102,5,5,27,3,0,1,1001,0,'2024-09-24',1699270706,1699270523,'[\"2024-09-24\"]',NULL,NULL,NULL,0),(202,102,6,6,27,3,0,1,1001,0,NULL,1699270706,1698783504,NULL,NULL,NULL,NULL,0),(203,102,7,7,27,3,0,1,1001,0,'2023-12-13',1699270706,1699268895,'[\"2023-12-13\"]',NULL,NULL,NULL,0),(204,96,48,48,13,1,1,3,1000,1,'2026-02-09',1704012050,1704008557,'[\"2026-02-09\"]',NULL,NULL,NULL,1),(205,103,101,85,20,1,0,2,301,0,'2023-11-02',1698842019,1698836903,'[\"2023-11-02\"]',NULL,NULL,NULL,0),(206,104,2,2,32,1,1,1,0,0,'2024-03-04',NULL,1699082397,'[\"2024-03-04\"]',NULL,NULL,NULL,1),(207,105,17,16,1,1,1,1,0,0,'2023-11-13',NULL,1699446235,'[\"2023-11-13\"]',NULL,NULL,NULL,1),(208,41,7,7,27,1,0,3,801,0,NULL,1702425759,1699387536,NULL,NULL,NULL,NULL,0),(209,41,4,4,27,1,0,3,801,0,NULL,1702425759,NULL,NULL,NULL,NULL,NULL,0),(210,41,6,6,27,1,0,3,801,0,NULL,1702425759,NULL,NULL,NULL,NULL,NULL,0),(211,106,3,3,34,3,1,1,0,0,'2024-01-05',NULL,1702208722,'[\"2024-01-05\"]',NULL,NULL,NULL,1),(212,107,66,51,7,3,1,1,0,0,'2023-11-28',NULL,1699622014,'[\"2023-11-28\"]',NULL,NULL,NULL,1),(213,107,67,52,7,3,1,1,0,0,'2023-11-21',NULL,1699775671,'[\"2023-11-21\"]',NULL,NULL,NULL,1),(214,107,69,54,7,3,1,1,0,0,'2023-12-08',NULL,1699929352,'[\"2023-12-08\"]',NULL,NULL,NULL,1),(215,107,70,55,7,3,1,1,0,0,'2023-12-19',NULL,1699924547,'[\"2023-12-19\"]',NULL,NULL,NULL,1),(216,107,71,56,7,3,1,1,0,0,'2024-09-13',NULL,1699919737,'[\"2024-09-13\"]',NULL,NULL,NULL,1),(217,107,72,57,7,3,1,1,0,0,'2023-11-30',NULL,1699938959,'[\"2023-11-30\"]',NULL,NULL,NULL,1),(218,107,68,53,7,3,1,1,0,0,NULL,NULL,NULL,NULL,NULL,NULL,NULL,1),(219,95,48,48,13,1,1,1,1615,1,'2025-05-06',1704012054,1704012026,'[\"2025-05-06\"]',NULL,NULL,NULL,1),(220,108,96,80,19,1,0,4,1346,0,'2024-12-20',1702207301,1703278663,'[\"2024-12-20\"]',NULL,NULL,NULL,1),(221,15,48,48,13,1,0,1,1001,0,'2026-01-21',1702519870,1702519866,'[\"2026-01-21\"]',NULL,NULL,NULL,0),(222,109,31,29,5,1,0,2,1001,0,'2024-04-29',1701747878,1701747696,'[\"2024-04-29\"]',NULL,NULL,NULL,0),(223,109,32,30,5,1,0,2,1001,0,'2024-07-11',1701747878,1701746476,'[\"2024-07-11\"]',NULL,NULL,NULL,0),(224,109,33,31,5,1,0,2,1001,0,'2023-12-06',1701747878,1701743143,'[\"2023-12-06\"]',NULL,NULL,NULL,0),(225,109,34,32,5,1,0,2,1001,0,'2024-07-25',1701747878,1701744353,'[\"2024-07-25\"]',NULL,NULL,NULL,0),(226,109,102,33,5,1,0,2,1001,0,'2024-08-01',1701747878,1701747846,'[\"2024-08-01\"]',NULL,NULL,NULL,0),(227,110,66,51,7,1,1,3,0,0,'2025-03-03',NULL,1703076646,'[\"2025-03-03\"]',NULL,NULL,NULL,1),(228,110,69,54,7,1,1,3,0,0,NULL,NULL,1703064026,NULL,NULL,NULL,NULL,1),(229,110,71,56,7,1,1,3,0,0,'2026-02-05',NULL,1703070322,'[\"2026-02-05\"]',NULL,NULL,NULL,1),(230,110,72,57,7,1,1,3,0,0,'2024-12-17',NULL,1703079623,'[\"2024-12-17\"]',NULL,NULL,NULL,1),(231,110,67,52,7,1,1,3,0,0,NULL,NULL,1702644321,NULL,NULL,NULL,NULL,1),(232,110,68,53,7,1,1,3,0,0,NULL,NULL,NULL,NULL,NULL,NULL,NULL,1),(233,110,70,55,7,1,1,3,0,0,NULL,NULL,1702310274,NULL,NULL,NULL,NULL,1),(234,111,21,19,25,3,0,4,990,0,NULL,1703334055,1703064774,NULL,NULL,NULL,NULL,0),(235,112,42,35,13,1,1,2,1201,1,'2026-04-06',1704012053,1703986835,'[\"2026-04-06\"]',NULL,NULL,NULL,1),(236,112,43,36,13,1,1,2,1201,1,'2026-03-25',1704012053,1704007824,'[\"2026-03-25\"]',NULL,NULL,NULL,1),(237,112,44,37,13,1,1,2,1201,1,'2026-01-05',1704012053,1704007771,'[\"2026-01-05\"]',NULL,NULL,NULL,1),(238,112,45,38,13,1,1,2,1201,1,'2025-10-14',1704012053,1704011195,'[\"2025-10-14\"]',NULL,NULL,NULL,1),(239,112,46,39,13,1,1,2,1201,1,'2026-02-10',1704012053,1704009924,'[\"2026-02-10\"]',NULL,NULL,NULL,1),(240,112,47,40,13,1,1,2,1201,1,'2026-04-14',1704012053,1704011860,'[\"2026-04-14\"]',NULL,NULL,NULL,1),(241,112,49,42,13,1,1,2,1201,1,'2026-01-15',1704012053,1704009021,'[\"2026-01-15\"]',NULL,NULL,NULL,1),(242,112,51,43,13,1,1,2,1201,1,'2026-03-12',1704012053,1703999175,'[\"2026-03-12\"]',NULL,NULL,NULL,1),(243,112,48,48,13,1,1,2,1201,1,'2026-02-09',1704012053,1704008553,'[\"2026-02-09\"]',NULL,NULL,NULL,1),(244,112,50,50,13,1,1,2,1201,1,'2025-10-14',1704012053,1704006817,'[\"2025-10-14\"]',NULL,NULL,NULL,1),(245,113,42,35,13,1,1,4,1200,1,'2026-04-06',1704012056,1703926968,'[\"2026-04-06\"]',NULL,NULL,NULL,1),(246,113,43,36,13,1,1,4,1200,1,'2026-04-06',1704012056,1703976176,'[\"2026-04-06\"]',NULL,NULL,NULL,1),(247,113,44,37,13,1,1,4,1200,1,'2026-01-05',1704012056,1703984754,'[\"2026-01-05\"]',NULL,NULL,NULL,1),(248,113,45,38,13,1,1,4,1200,1,'2025-10-20',1704012056,1704000277,'[\"2025-10-20\"]',NULL,NULL,NULL,1),(249,113,46,39,13,1,1,4,1200,1,'2026-02-19',1704012056,1703976167,'[\"2026-02-19\"]',NULL,NULL,NULL,1),(250,113,47,40,13,1,1,4,1200,1,'2026-05-04',1704012056,1704011147,'[\"2026-05-04\"]',NULL,NULL,NULL,1),(251,113,49,42,13,1,1,4,1200,1,'2026-02-17',1704012056,1704004534,'[\"2026-02-17\"]',NULL,NULL,NULL,1),(252,113,51,43,13,1,1,4,1200,1,'2026-03-12',1704012056,1703941798,'[\"2026-03-12\"]',NULL,NULL,NULL,1),(253,113,48,48,13,1,1,4,1200,1,'2026-02-09',1704012056,1703984262,'[\"2026-02-09\"]',NULL,NULL,NULL,1),(254,113,50,50,13,1,1,4,1200,1,'2025-10-29',1704012056,1704011467,'[\"2025-10-29\"]',NULL,NULL,NULL,1);

--
-- Table structure for table `xlinks`
--

CREATE TABLE `xlinks` (
  `id` bigint(20) unsigned NOT NULL AUTO_INCREMENT,
  `country_id` bigint(20) unsigned DEFAULT NULL,
  `visa_type_id` bigint(20) unsigned DEFAULT NULL,
  `is_resident` tinyint(1) NOT NULL DEFAULT 0,
  `group_size` int(11) NOT NULL DEFAULT 1,
  PRIMARY KEY (`id`),
  KEY `xlinks_country_id_foreign` (`country_id`),
  KEY `xlinks_visa_type_id_foreign` (`visa_type_id`),
  CONSTRAINT `xlinks_country_id_foreign` FOREIGN KEY (`country_id`) REFERENCES `countries` (`id`) ON DELETE SET NULL,
  CONSTRAINT `xlinks_visa_type_id_foreign` FOREIGN KEY (`visa_type_id`) REFERENCES `visa_types` (`id`) ON DELETE SET NULL
) ENGINE=InnoDB AUTO_INCREMENT=114 DEFAULT CHARSET=utf8mb4 COLLATE=utf8mb4_unicode_ci;

--
-- Dumping data for table `xlinks`
--

INSERT INTO `xlinks` VALUES (1,1,1,0,1),(2,2,1,0,1),(3,3,1,0,1),(4,4,1,0,1),(5,5,1,0,1),(6,6,1,0,1),(7,7,1,0,1),(8,7,1,1,1),(9,7,1,1,2),(10,8,1,0,1),(11,9,1,0,1),(12,10,1,0,1),(13,11,1,0,1),(14,12,1,0,1),(15,13,1,0,1),(16,14,1,0,1),(17,15,1,0,1),(18,16,1,0,1),(19,17,1,0,1),(20,18,1,0,1),(21,19,1,0,1),(22,19,1,0,2),(23,19,1,0,3),(24,19,1,1,1),(25,19,1,1,2),(26,19,1,1,3),(27,19,1,1,4),(28,20,1,0,1),(29,21,1,0,1),(30,21,3,0,1),(31,22,1,0,1),(32,23,1,0,1),(33,23,1,0,3),(34,24,1,0,1),(35,25,1,0,1),(36,25,1,0,2),(37,25,3,0,1),(38,26,1,0,1),(39,27,1,0,1),(40,27,1,0,2),(41,27,1,0,3),(42,27,1,0,5),(43,27,1,1,1),(44,28,1,0,1),(45,29,1,0,1),(46,30,1,0,1),(47,31,1,0,1),(48,32,1,0,1),(49,33,1,0,1),(50,33,1,0,2),(51,34,1,0,1),(52,34,1,0,2),(53,34,1,1,1),(54,34,1,1,2),(55,34,1,1,3),(56,34,3,0,1),(57,35,1,0,1),(58,35,1,0,2),(59,35,1,1,1),(60,35,1,1,2),(61,36,1,0,1),(62,36,1,0,3),(63,36,1,1,1),(64,37,1,0,1),(65,37,1,0,2),(66,37,1,1,1),(67,37,1,1,2),(68,37,1,1,3),(69,38,1,0,1),(70,38,1,0,2),(71,38,1,0,3),(72,38,1,0,4),(73,38,1,1,2),(74,40,1,0,1),(75,41,1,0,1),(76,42,1,0,1),(77,43,1,0,1),(78,44,1,0,1),(79,45,1,0,1),(80,46,1,0,1),(81,47,1,0,1),(82,48,1,0,1),(83,49,1,0,1),(84,50,1,0,1),(85,51,1,0,1),(86,21,1,0,2),(87,34,3,0,2),(88,38,1,1,1),(89,21,3,0,4),(90,33,3,0,1),(91,7,3,0,1),(92,21,1,0,4),(93,25,1,1,1),(94,7,1,0,2),(95,13,1,1,1),(96,13,1,1,3),(97,13,1,0,3),(98,25,3,0,2),(99,38,1,0,5),(100,9,1,1,3),(101,38,3,0,1),(102,27,3,0,1),(103,20,1,0,2),(104,32,1,1,1),(105,1,1,1,1),(106,34,3,1,1),(107,7,3,1,1),(108,19,1,0,4),(109,5,1,0,2),(110,7,1,1,3),(111,25,3,0,4),(112,13,1,1,2),(113,13,1,1,4);


